{"id":405,"date":"2017-05-16T09:21:10","date_gmt":"2017-05-16T12:21:10","guid":{"rendered":"https:\/\/wp.ufpel.edu.br\/fruticultura\/"},"modified":"2017-08-16T22:31:42","modified_gmt":"2017-08-17T01:31:42","slug":"alunos","status":"publish","type":"page","link":"https:\/\/wp.ufpel.edu.br\/fruticultura\/alunos\/","title":{"rendered":"Alunos"},"content":{"rendered":"<p style=\"text-align: center\"><strong>DOUTORANDOS:<\/strong><\/p>\n<table class=\" aligncenter\" style=\"height: 757px\" border=\"0\" width=\"499\" align=\"center\">\n<tbody>\n<tr>\n<td style=\"text-align: center\"><strong>Nome<\/strong><\/td>\n<td style=\"text-align: center\"><strong>Orientador<\/strong><\/td>\n<\/tr>\n<tr>\n<td style=\"text-align: left\">Everton Sozo de Abreu<\/td>\n<td style=\"text-align: center\">Fl\u00e1vio Gilberto Herter<\/td>\n<\/tr>\n<tr>\n<td style=\"text-align: left\">Su\u00e9len Braga de Andrade<\/td>\n<td style=\"text-align: center\">Fl\u00e1vio Gilberto Herter<\/td>\n<\/tr>\n<tr>\n<td style=\"text-align: left\">Rudinei de Marco<\/td>\n<td style=\"text-align: center\">Fl\u00e1vio Gilberto Herter<\/td>\n<\/tr>\n<tr>\n<td style=\"text-align: left\">Andrio Spiller Coppatti<\/td>\n<td style=\"text-align: center\">M\u00e1rcia Wullf Schuch<\/td>\n<\/tr>\n<tr>\n<td style=\"text-align: left\">Danielle Nascimento<\/td>\n<td style=\"text-align: center\">M\u00e1rcia Wullf Schuch<\/td>\n<\/tr>\n<tr>\n<td style=\"text-align: left\">Fl\u00e1via Saraiva Loy<\/td>\n<td style=\"text-align: center\">M\u00e1rcia Wullf Schuch<\/td>\n<\/tr>\n<tr>\n<td style=\"text-align: left\">Juliana Padilha da Silva<\/td>\n<td style=\"text-align: center\">M\u00e1rcia Wullf Schuch<\/td>\n<\/tr>\n<tr>\n<td style=\"text-align: left\">Laura Reisd\u00f6rfer Sommer<\/td>\n<td style=\"text-align: center\">M\u00e1rcia Wullf Schuch<\/td>\n<\/tr>\n<tr>\n<td style=\"text-align: left\">Mariana Larrondo Bicca<\/td>\n<td style=\"text-align: center\">M\u00e1rcia Wullf Schuch<\/td>\n<\/tr>\n<tr>\n<td style=\"text-align: left\">Roseane Maidana Moreira<\/td>\n<td style=\"text-align: center\">M\u00e1rcia Wullf Schuch<\/td>\n<\/tr>\n<tr>\n<td style=\"text-align: left\">Ang\u00e9lica Bender<\/td>\n<td style=\"text-align: center\">Marcelo Barbosa Malgarim<\/td>\n<\/tr>\n<tr>\n<td style=\"text-align: left\">Maria Inez Lopes Fernandes de Barros<\/td>\n<td style=\"text-align: center\">Marcelo Barbosa Malgarim<\/td>\n<\/tr>\n<tr>\n<td style=\"text-align: left\">Priscila da Silva L\u00facio<\/td>\n<td style=\"text-align: center\">Marcelo Barbosa Malgarim<\/td>\n<\/tr>\n<tr>\n<td style=\"text-align: left\">Maur\u00edcio Gon\u00e7alves Bilharva<\/td>\n<td style=\"text-align: center\">Marcelo Barbosa Malgarim<\/td>\n<\/tr>\n<tr>\n<td style=\"text-align: left\">Stefania Mendes Maciel<\/td>\n<td style=\"text-align: center\">Marcelo Barbosa Malgarim<\/td>\n<\/tr>\n<tr>\n<td style=\"text-align: left\">Carolina Goulart<\/td>\n<td style=\"text-align: center\">Paulo Celso de Mello Farias<\/td>\n<\/tr>\n<tr>\n<td style=\"text-align: left\">Marcos Ant\u00f4nio Giovanaz<\/td>\n<td style=\"text-align: center\">Paulo Celso de Mello Farias<\/td>\n<\/tr>\n<tr>\n<td style=\"text-align: left\">Bruno Carra<\/td>\n<td style=\"text-align: center\">Paulo Celso de Mello Farias<\/td>\n<\/tr>\n<tr>\n<td style=\"text-align: left\">Roseli de Mello Farias<\/td>\n<td style=\"text-align: center\">Paulo Celso de Mello Farias<\/td>\n<\/tr>\n<tr>\n<td style=\"text-align: left\">Caroline Farias Barreto<\/td>\n<td style=\"text-align: center\">Luis Eduardo Correa Antunes<\/td>\n<\/tr>\n<tr>\n<td style=\"text-align: left\">Savana Irribarem Costa<\/td>\n<td style=\"text-align: center\">Luis Eduardo Correa Antunes<\/td>\n<\/tr>\n<tr>\n<td style=\"text-align: left\">Tais Barbosa Becker<\/td>\n<td style=\"text-align: center\">Luis Eduardo Correa Antunes<\/td>\n<\/tr>\n<tr>\n<td style=\"text-align: left\"><\/td>\n<td style=\"text-align: center\"><\/td>\n<\/tr>\n<tr>\n<td style=\"text-align: left\"><\/td>\n<td style=\"text-align: center\"><\/td>\n<\/tr>\n<\/tbody>\n<\/table>\n<p style=\"text-align: center\"><strong>MESTRANDOS:<\/strong><\/p>\n<table class=\" aligncenter\" style=\"height: 815px\" border=\"0\" width=\"503\" align=\"center\">\n<tbody>\n<tr>\n<td style=\"text-align: center\"><strong>Nome<\/strong><\/td>\n<td style=\"text-align: center\"><strong>Orientador<\/strong><\/td>\n<\/tr>\n<tr>\n<td style=\"text-align: left\">Jorge Atilio Benati<\/td>\n<td style=\"text-align: center\">Fl\u00e1vio Gilberto Herter<\/td>\n<\/tr>\n<tr>\n<td style=\"text-align: left\">Camila Schwartz Dias<\/td>\n<td style=\"text-align: center\">M\u00e1rcia Wullf Schuch<\/td>\n<\/tr>\n<tr>\n<td style=\"text-align: left\">J\u00e9ssica Gonsalez Cruz<\/td>\n<td style=\"text-align: center\">M\u00e1rcia Wullf Schuch<\/td>\n<\/tr>\n<tr>\n<td style=\"text-align: left\">Patr\u00edcia Graosque Ulguim Z\u00fcge<\/td>\n<td style=\"text-align: center\">M\u00e1rcia Wullf Schuch<\/td>\n<\/tr>\n<tr>\n<td style=\"text-align: left\">Patricia Maciejewski<\/td>\n<td style=\"text-align: center\">M\u00e1rcia Wullf Schuch<\/td>\n<\/tr>\n<tr>\n<td style=\"text-align: left\">Cibele Medeiros dos Santos<\/td>\n<td style=\"text-align: center\">Marcelo Barbosa Malgarim<\/td>\n<\/tr>\n<tr>\n<td style=\"text-align: left\">H\u00e9lio Lange J\u00fanior<\/td>\n<td style=\"text-align: center\">Marcelo Barbosa Malgarim<\/td>\n<\/tr>\n<tr>\n<td style=\"text-align: left\">Horacy Fagundes da Rosa J\u00fanior<\/td>\n<td style=\"text-align: center\">Marcelo Barbosa Malgarim<\/td>\n<\/tr>\n<tr>\n<td style=\"text-align: left\">Rafaela Schmidt de Souza<\/td>\n<td style=\"text-align: center\">Marcelo Barbosa Malgarim<\/td>\n<\/tr>\n<tr>\n<td style=\"text-align: left\">Renan Navroski<\/td>\n<td style=\"text-align: center\">Marcelo Barbosa Malgarim<\/td>\n<\/tr>\n<tr>\n<td style=\"text-align: left\">R\u00f4mulo Canary Perez<\/td>\n<td style=\"text-align: center\">Marcelo Barbosa Malgarim<\/td>\n<\/tr>\n<tr>\n<td style=\"text-align: left\">\u00cdcaro Pedroso de Oliveira<\/td>\n<td style=\"text-align: center\">Paulo Celso de Mello Farias<\/td>\n<\/tr>\n<tr>\n<td style=\"text-align: left\">Izabel Camacho Nardello<\/td>\n<td style=\"text-align: center\">Paulo Celso de Mello Farias<\/td>\n<\/tr>\n<tr>\n<td style=\"text-align: left\">L\u00e9o Omar Duarte Marques<\/td>\n<td style=\"text-align: center\">Paulo Celso de Mello Farias<\/td>\n<\/tr>\n<tr>\n<td style=\"text-align: left\">Rodrigo Fernandes dos Santos<\/td>\n<td style=\"text-align: center\">Paulo Celso de Mello Farias<\/td>\n<\/tr>\n<tr>\n<td style=\"text-align: left\">Cleiton Brand\u00e3o<\/td>\n<td style=\"text-align: center\">Paulo Celso de Mello Farias<\/td>\n<\/tr>\n<tr>\n<td style=\"text-align: left\">Thiago Augusto Henz<\/td>\n<td style=\"text-align: center\">Paulo Celso de Mello Farias<\/td>\n<\/tr>\n<tr>\n<td style=\"text-align: left\">T\u00e2mara Foster Acosta<\/td>\n<td style=\"text-align: center\">Paulo Celso de Mello Farias<\/td>\n<\/tr>\n<tr>\n<td style=\"text-align: left\">Gabrielle Leivas de Leivas<\/td>\n<td style=\"text-align: center\">Paulo Celso de Mello Farias<\/td>\n<\/tr>\n<tr>\n<td style=\"text-align: left\">Andressa Vighi Schiavon<\/td>\n<td style=\"text-align: center\">Luis Eduardo Correa Antunes<\/td>\n<\/tr>\n<tr>\n<td style=\"text-align: left\">Fernanda Maisa Roth<\/td>\n<td style=\"text-align: center\">Luis Eduardo Correa Antunes<\/td>\n<\/tr>\n<tr>\n<td style=\"text-align: left\">Let\u00edcia Leal de Mello<\/td>\n<td style=\"text-align: center\">Adriane Marinho de Assis<\/td>\n<\/tr>\n<tr>\n<td style=\"text-align: left\">Dianini Brum Fr\u00f6lesch<\/td>\n<td style=\"text-align: center\">Adriane Marinho de Assis<\/td>\n<\/tr>\n<tr>\n<td style=\"text-align: left\">Filipe de Oliveira Lessa<\/td>\n<td style=\"text-align: center\">Adriane Marinho de Assis<\/td>\n<\/tr>\n<tr>\n<td style=\"text-align: left\">Robson Rosa de Camargo<\/td>\n<td style=\"text-align: center\">Adriane Marinho de Assis<\/td>\n<\/tr>\n<tr>\n<td style=\"text-align: left\"><\/td>\n<td style=\"text-align: center\"><\/td>\n<\/tr>\n<\/tbody>\n<\/table>\n<p style=\"text-align: center\"><strong>INICIA\u00c7\u00c3O CIENT\u00cdFICA:<\/strong><\/p>\n<table class=\" aligncenter\" style=\"height: 421px\" border=\"0\" width=\"498\">\n<tbody>\n<tr>\n<td style=\"text-align: left\">Cristiano Hellwig<\/td>\n<\/tr>\n<tr>\n<td style=\"text-align: left\">Gabriel Seibt Fante<\/td>\n<\/tr>\n<tr>\n<td style=\"text-align: left\">Lucas Nunes Von Borowski<\/td>\n<\/tr>\n<tr>\n<td>Carolina Valeron<\/td>\n<\/tr>\n<tr>\n<td>Fabiane Rezemini<\/td>\n<\/tr>\n<tr>\n<td>Lucas Theis Helbig<\/td>\n<\/tr>\n<tr>\n<td>Valdonei Menezes<\/td>\n<\/tr>\n<tr>\n<td>William da Cunha Idiarte<\/td>\n<\/tr>\n<tr>\n<td>J\u00falio Tomaz Benatti<\/td>\n<\/tr>\n<tr>\n<td>Delivelton de Alexandre Longaray<\/td>\n<\/tr>\n<tr>\n<td style=\"text-align: left\">Jai Bezerra Massaut Segundo<\/td>\n<\/tr>\n<tr>\n<td style=\"text-align: left\">Fernando Henrique Uehara<\/td>\n<\/tr>\n<tr>\n<td style=\"text-align: left\"><\/td>\n<\/tr>\n<\/tbody>\n<\/table>\n<p>&nbsp;<\/p>\n","protected":false},"excerpt":{"rendered":"<p>DOUTORANDOS: Nome Orientador Everton Sozo de Abreu Fl\u00e1vio Gilberto Herter Su\u00e9len Braga de Andrade Fl\u00e1vio Gilberto Herter Rudinei de Marco Fl\u00e1vio Gilberto Herter Andrio Spiller Coppatti M\u00e1rcia Wullf Schuch Danielle Nascimento M\u00e1rcia Wullf Schuch Fl\u00e1via Saraiva Loy M\u00e1rcia Wullf Schuch Juliana Padilha da Silva M\u00e1rcia Wullf Schuch Laura Reisd\u00f6rfer Sommer M\u00e1rcia Wullf Schuch Mariana Larrondo [&hellip;]<\/p>\n","protected":false},"author":139,"featured_media":0,"parent":0,"menu_order":1,"comment_status":"closed","ping_status":"closed","template":"","meta":{"jetpack_post_was_ever_published":false,"footnotes":""},"class_list":["post-405","page","type-page","status-publish","hentry"],"jetpack_sharing_enabled":true,"jetpack_shortlink":"https:\/\/wp.me\/P8GOGm-6x","_links":{"self":[{"href":"https:\/\/wp.ufpel.edu.br\/fruticultura\/wp-json\/wp\/v2\/pages\/405","targetHints":{"allow":["GET"]}}],"collection":[{"href":"https:\/\/wp.ufpel.edu.br\/fruticultura\/wp-json\/wp\/v2\/pages"}],"about":[{"href":"https:\/\/wp.ufpel.edu.br\/fruticultura\/wp-json\/wp\/v2\/types\/page"}],"author":[{"embeddable":true,"href":"https:\/\/wp.ufpel.edu.br\/fruticultura\/wp-json\/wp\/v2\/users\/139"}],"replies":[{"embeddable":true,"href":"https:\/\/wp.ufpel.edu.br\/fruticultura\/wp-json\/wp\/v2\/comments?post=405"}],"version-history":[{"count":85,"href":"https:\/\/wp.ufpel.edu.br\/fruticultura\/wp-json\/wp\/v2\/pages\/405\/revisions"}],"predecessor-version":[{"id":539,"href":"https:\/\/wp.ufpel.edu.br\/fruticultura\/wp-json\/wp\/v2\/pages\/405\/revisions\/539"}],"wp:attachment":[{"href":"https:\/\/wp.ufpel.edu.br\/fruticultura\/wp-json\/wp\/v2\/media?parent=405"}],"curies":[{"name":"wp","href":"https:\/\/api.w.org\/{rel}","templated":true}]}}