{"id":57,"date":"2011-10-18T21:00:29","date_gmt":"2011-10-19T00:00:29","guid":{"rendered":"https:\/\/wp.ufpel.edu.br\/franciscovargas\/"},"modified":"2011-10-19T15:22:52","modified_gmt":"2011-10-19T18:22:52","slug":"projetos-em-andamento","status":"publish","type":"page","link":"https:\/\/wp.ufpel.edu.br\/franciscovargas\/projetos-de-pesquisa\/projetos-em-andamento\/","title":{"rendered":"Projetos em andamento"},"content":{"rendered":"<p style=\"text-align: left\">Projeto de Pesquisa de P\u00f3s-doutoramento em Sociologia, junto \u00e0 Universidade Federal do Rio Grande do Sul &#8211; UFRGS, sob a supervis\u00e3o do Prof. Dr. Ant\u00f4nio David Cattani. T\u00edtulo do projeto:\u00a0 <strong>&#8220;Sociedade, emprego e desenvolvimento: Transforma\u00e7\u00f5es do trabalho e desigualdades no sul do Brasil&#8221;. <\/strong><\/p>\n<p><strong><a href=\"https:\/\/wp.ufpel.edu.br\/franciscovargas\/files\/2011\/10\/Projeto-P\u00f3s-Doutoramento-2011.pdf\">Projeto P\u00f3s-Doutoramento 2011<\/a><\/strong><\/p>\n","protected":false},"excerpt":{"rendered":"<p>Projeto de Pesquisa de P\u00f3s-doutoramento em Sociologia, junto \u00e0 Universidade Federal do Rio Grande do Sul &#8211; UFRGS, sob a supervis\u00e3o do Prof. Dr. Ant\u00f4nio David Cattani. T\u00edtulo do projeto:\u00a0 &#8220;Sociedade, emprego e desenvolvimento: Transforma\u00e7\u00f5es do trabalho e desigualdades no sul do Brasil&#8221;. Projeto P\u00f3s-Doutoramento 2011<\/p>\n","protected":false},"author":102,"featured_media":0,"parent":8,"menu_order":1,"comment_status":"closed","ping_status":"open","template":"","meta":{"footnotes":""},"class_list":["post-57","page","type-page","status-publish","hentry"],"_links":{"self":[{"href":"https:\/\/wp.ufpel.edu.br\/franciscovargas\/wp-json\/wp\/v2\/pages\/57","targetHints":{"allow":["GET"]}}],"collection":[{"href":"https:\/\/wp.ufpel.edu.br\/franciscovargas\/wp-json\/wp\/v2\/pages"}],"about":[{"href":"https:\/\/wp.ufpel.edu.br\/franciscovargas\/wp-json\/wp\/v2\/types\/page"}],"author":[{"embeddable":true,"href":"https:\/\/wp.ufpel.edu.br\/franciscovargas\/wp-json\/wp\/v2\/users\/102"}],"replies":[{"embeddable":true,"href":"https:\/\/wp.ufpel.edu.br\/franciscovargas\/wp-json\/wp\/v2\/comments?post=57"}],"version-history":[{"count":4,"href":"https:\/\/wp.ufpel.edu.br\/franciscovargas\/wp-json\/wp\/v2\/pages\/57\/revisions"}],"predecessor-version":[{"id":90,"href":"https:\/\/wp.ufpel.edu.br\/franciscovargas\/wp-json\/wp\/v2\/pages\/57\/revisions\/90"}],"up":[{"embeddable":true,"href":"https:\/\/wp.ufpel.edu.br\/franciscovargas\/wp-json\/wp\/v2\/pages\/8"}],"wp:attachment":[{"href":"https:\/\/wp.ufpel.edu.br\/franciscovargas\/wp-json\/wp\/v2\/media?parent=57"}],"curies":[{"name":"wp","href":"https:\/\/api.w.org\/{rel}","templated":true}]}}