{"id":251,"date":"2016-06-30T18:40:58","date_gmt":"2016-06-30T21:40:58","guid":{"rendered":"https:\/\/wp.ufpel.edu.br\/franciscovargas\/?page_id=251"},"modified":"2020-03-18T16:24:59","modified_gmt":"2020-03-18T19:24:59","slug":"sociologia-i","status":"publish","type":"page","link":"https:\/\/wp.ufpel.edu.br\/franciscovargas\/ensino\/sociologia-i\/","title":{"rendered":"Sociologia I (Curso de Antropologia)"},"content":{"rendered":"<p>Abaixo, o Plano de Ensino da disciplina de Sociologia I, ministrada no Curso de Antropologia no 1\u00ba Semestre de 2020:<\/p>\n<p><a href=\"https:\/\/wp.ufpel.edu.br\/franciscovargas\/files\/2020\/03\/Plano-de-Ensino-Sociologia-I-Antropologia-2020.pdf\">Plano de Ensino Sociologia I Antropologia 2020<\/a><\/p>\n<p>&nbsp;<\/p>\n<h3>Bibliografia b\u00e1sica:<\/h3>\n<p>1) Introdu\u00e7\u00e3o: A sociologia como disciplina.<\/p>\n<p>In:\u00a0<a href=\"https:\/\/wp.ufpel.edu.br\/franciscovargas\/files\/2018\/04\/Aprendendo-a-Pensar-com-a-Socio-Zygmunt-Bauman.pdf\">Aprendendo a Pensar com a Sociologia (Bauman &amp; May)<\/a><\/p>\n<p>2) Cap\u00edtulo primeiro: O surgimento.<\/p>\n<p>In:\u00a0<a href=\"https:\/\/wp.ufpel.edu.br\/franciscovargas\/files\/2018\/04\/O_Que_e_Sociologia_Carlos_Benedito_Martins.pdf\">O Que \u00e9 Sociologia (Carlos Benedito Martins)<\/a><\/p>\n<p>3) Sociologia &#8211; Conceitos gerais e surgimento.<\/p>\n<p>In: <a href=\"https:\/\/wp.ufpel.edu.br\/franciscovargas\/files\/2018\/04\/livro-comte-capc3adtulo-1.pdf\">Comte &#8211; Sociologia (Cole\u00e7\u00e3o Grandes Cientistas Sociais)<\/a><\/p>\n<p>4) Pref\u00e1cio \u00e0 Segunda Edi\u00e7\u00e3o e Cap\u00edtulo I &#8211; O que \u00e9 um Fato Social? (As Regras do M\u00e9todo Sociol\u00f3gico)<\/p>\n<p>In: <a href=\"https:\/\/wp.ufpel.edu.br\/franciscovargas\/files\/2018\/05\/As-Regras-Do-Metodo-Sociologico-Emile-Durkheim.pdf\">As Regras do M\u00e9todo Sociol\u00f3gico (Emile Durkheim)<\/a><\/p>\n<p><span style=\"float: none;background-color: transparent;color: #333333;cursor: text;font-family: Georgia,'Times New Roman','Bitstream Charter',Times,serif;font-size: 16px;font-style: normal;font-variant: normal;font-weight: 400;letter-spacing: normal;text-align: left;text-decoration: none;text-indent: 0px;text-transform: none\">5) Da Divis\u00e3o Social do Trabalho: Livro III &#8211; Cap\u00edtulo I &#8211; A Divis\u00e3o do trabalho an\u00f4mica (p. 367-390)<\/span><\/p>\n<p>In: <a href=\"https:\/\/wp.ufpel.edu.br\/franciscovargas\/files\/2018\/05\/DURKHEIM-\u00c9mile.-Da-divis\u00e3o-social-do-trabalho.pdf\">DURKHEIM, \u00c9mile. Da divis\u00e3o social do trabalho<\/a><\/p>\n<p>6) Usos da Pobreza (Bauman)<\/p>\n<p>In:\u00a0<a href=\"https:\/\/wp.ufpel.edu.br\/franciscovargas\/files\/2019\/04\/Usos-da-Pobreza_-A-Sociedade-Individualizada_Z.-Bauman.pdf\">Usos da Pobreza_ A Sociedade Individualizada (Z. Bauman)<\/a><\/p>\n<p>7) A \u00c9tica Protestante e o Esp\u00edrito do Capitalismo (Introdu\u00e7\u00e3o, Cap\u00edtulo I, Cap\u00edtulo II e Cap\u00edtulo III):<\/p>\n<p>In:\u00a0<a href=\"https:\/\/wp.ufpel.edu.br\/franciscovargas\/files\/2018\/05\/A-\u00c9tica-Protestante-e-o-Esp\u00edrito-do-Capitalismo.-Max-Weber.pdf\">A \u00c9tica Protestante e o Esp\u00edrito do Capitalismo (Max Weber)<\/a><\/p>\n<p>8) Manifesta Comunista (Cap\u00edtulo I)<\/p>\n<p><a href=\"https:\/\/wp.ufpel.edu.br\/franciscovargas\/files\/2018\/06\/Manifesto-Comunista-Marx-Engels.pdf\">Manifesto Comunista (Marx &amp; Engels)<\/a><\/p>\n<p>9) Do Socialismo Ut\u00f3pico ao Socialismo Cient\u00edfico (Sobre o Materialismo Hist\u00f3rico e Dial\u00e9tico)<\/p>\n<p><a href=\"https:\/\/wp.ufpel.edu.br\/franciscovargas\/files\/2019\/05\/Do-Socialismo-Ut\u00f3pico-ao-Socialismo-Cient\u00edfico-F.-Engels.pdf\">Do Socialismo Ut\u00f3pico ao Socialismo Cient\u00edfico (Friedrich Engels)<\/a><\/p>\n<p>10) Texto sobre Pobreza e Vulnerabilidade Social<\/p>\n<p><a href=\"https:\/\/wp.ufpel.edu.br\/franciscovargas\/files\/2018\/07\/Sobre_a_vulnerabilidade_socioeconomica_e_civil_L\u00facio-_Kowarick_2003-.pdf\">Sobre a vulnerabilidade socioecon\u00f4mica e civil (L\u00facio Kowarick)<\/a><\/p>\n<p>&nbsp;<\/p>\n<h3>Livros de introdu\u00e7\u00e3o ao pensamento sociol\u00f3gico cl\u00e1ssico:<\/h3>\n<p><a href=\"https:\/\/wp.ufpel.edu.br\/franciscovargas\/files\/2015\/03\/Livro-Um-Toque-de-Cl\u00e1ssicos.-Durkheim-Marx-e-Weber.pdf\">T\u00e2nia Quintaneira. Um Toque de Cl\u00e1ssicos. Durkheim, Marx e Weber<\/a><\/p>\n<p><a href=\"https:\/\/wp.ufpel.edu.br\/franciscovargas\/files\/2015\/03\/ARON-Raymond.-As-Etapas-do-Pensamento-Sociolo\u0301gico.pdf\">Raymond Aron. As Etapas do Pensamento Sociolo\u0301gico.<\/a><\/p>\n<p>&nbsp;<\/p>\n<h3>Apresenta\u00e7\u00f5es em power point:<\/h3>\n<p><a href=\"https:\/\/wp.ufpel.edu.br\/franciscovargas\/files\/2019\/04\/O-que-\u00e9-a-sociologia.-A-quest\u00e3o-do-objeto.-Caracter\u00edsticas-da-A\u00e7\u00e3o-Humana.ppsx\">O que \u00e9 a sociologia: A quest\u00e3o do objeto &#8211; Caracter\u00edsticas da A\u00e7\u00e3o Humana<\/a><\/p>\n<p><a href=\"https:\/\/wp.ufpel.edu.br\/franciscovargas\/files\/2019\/04\/O-que-\u00e9-a-sociologia.-A-quest\u00e3o-do-m\u00e9todo.-A-sociologia-como-ci\u00eancia.ppsx\">O que \u00e9 a sociologia: A quest\u00e3o do m\u00e9todo &#8211; A sociologia como ci\u00eancia<\/a><\/p>\n<p><a href=\"https:\/\/wp.ufpel.edu.br\/franciscovargas\/files\/2019\/04\/O-que-\u00e9-a-sociologia.-Uma-defini\u00e7\u00e3o-inicial.ppsx\">O que \u00e9 a sociologia: Uma defini\u00e7\u00e3o inicial<\/a><\/p>\n<p><a href=\"https:\/\/wp.ufpel.edu.br\/franciscovargas\/files\/2019\/06\/\u00c9MILE-D\u00dcRKHEIM-1858-\u2013-1917-V.3.ppsx\">\u00c9MILE D\u00dcRKHEIM (1858 \u2013 1917)<\/a><\/p>\n<p><a href=\"https:\/\/wp.ufpel.edu.br\/franciscovargas\/files\/2019\/06\/MAX-WEBER-1864-\u2013-1920-\u00daltima-Vers\u00e3o.ppsx\">MAX WEBER (1864 \u2013 1920)<\/a><\/p>\n<p><a href=\"https:\/\/wp.ufpel.edu.br\/franciscovargas\/files\/2019\/06\/Trabalho-e-Sociedade-em-Marx.ppsx\">Trabalho e Sociedade em Marx<\/a><\/p>\n<p><a href=\"https:\/\/wp.ufpel.edu.br\/franciscovargas\/files\/2019\/06\/Durkheim-Weber-e-Marx-e-as-sociedades-modernas.ppsx\">Durkheim, Weber e Marx e as sociedades modernas<\/a><\/p>\n<p>&nbsp;<\/p>\n<p><strong>Atividade de An\u00e1lise Textual: &#8220;A \u00c9tica Protestante e o Esp\u00edrito do Capitalismo&#8221;<\/strong><\/p>\n<p><a href=\"https:\/\/wp.ufpel.edu.br\/franciscovargas\/files\/2018\/05\/Quest\u00f5es-sobre-A-\u00c9tica-Protestante-e-o-Esp\u00edrito-do-Capitalismo-Max-Weber.pdf\">Quest\u00f5es sobre A \u00c9tica Protestante e o Esp\u00edrito do Capitalismo Max Weber<\/a><\/p>\n<p>&nbsp;<\/p>\n<p><strong>A OBJETIVIDADE DO CONHECIMENTO NAS CI\u00caNCIAS SOCIAIS<\/strong><\/p>\n<p><a href=\"https:\/\/wp.ufpel.edu.br\/franciscovargas\/files\/2014\/03\/Ideologias-e-Ci\u00eancia-Social-M.-Lowy.pdf\">Livro: Michael L\u00f6wy. Ideologias e Ci\u00eancia Social<\/a><\/p>\n<p>&nbsp;<\/p>\n","protected":false},"excerpt":{"rendered":"<p>Abaixo, o Plano de Ensino da disciplina de Sociologia I, ministrada no Curso de Antropologia no 1\u00ba Semestre de 2020: Plano de Ensino Sociologia I Antropologia 2020 &nbsp; Bibliografia b\u00e1sica: 1) Introdu\u00e7\u00e3o: A sociologia como disciplina. In:\u00a0Aprendendo a Pensar com a Sociologia (Bauman &amp; May) 2) Cap\u00edtulo primeiro: O surgimento. In:\u00a0O Que \u00e9 Sociologia (Carlos [&hellip;]<\/p>\n","protected":false},"author":243,"featured_media":0,"parent":10,"menu_order":2,"comment_status":"closed","ping_status":"closed","template":"","meta":{"footnotes":""},"class_list":["post-251","page","type-page","status-publish","hentry"],"_links":{"self":[{"href":"https:\/\/wp.ufpel.edu.br\/franciscovargas\/wp-json\/wp\/v2\/pages\/251","targetHints":{"allow":["GET"]}}],"collection":[{"href":"https:\/\/wp.ufpel.edu.br\/franciscovargas\/wp-json\/wp\/v2\/pages"}],"about":[{"href":"https:\/\/wp.ufpel.edu.br\/franciscovargas\/wp-json\/wp\/v2\/types\/page"}],"author":[{"embeddable":true,"href":"https:\/\/wp.ufpel.edu.br\/franciscovargas\/wp-json\/wp\/v2\/users\/243"}],"replies":[{"embeddable":true,"href":"https:\/\/wp.ufpel.edu.br\/franciscovargas\/wp-json\/wp\/v2\/comments?post=251"}],"version-history":[{"count":105,"href":"https:\/\/wp.ufpel.edu.br\/franciscovargas\/wp-json\/wp\/v2\/pages\/251\/revisions"}],"predecessor-version":[{"id":1274,"href":"https:\/\/wp.ufpel.edu.br\/franciscovargas\/wp-json\/wp\/v2\/pages\/251\/revisions\/1274"}],"up":[{"embeddable":true,"href":"https:\/\/wp.ufpel.edu.br\/franciscovargas\/wp-json\/wp\/v2\/pages\/10"}],"wp:attachment":[{"href":"https:\/\/wp.ufpel.edu.br\/franciscovargas\/wp-json\/wp\/v2\/media?parent=251"}],"curies":[{"name":"wp","href":"https:\/\/api.w.org\/{rel}","templated":true}]}}