{"id":154,"date":"2018-08-15T22:01:36","date_gmt":"2018-08-16T01:01:36","guid":{"rendered":"https:\/\/wp.ufpel.edu.br\/francielefrc\/?page_id=154"},"modified":"2025-12-03T08:03:59","modified_gmt":"2025-12-03T11:03:59","slug":"atividades-no-ppgenf-ufpel","status":"publish","type":"page","link":"https:\/\/wp.ufpel.edu.br\/francielefrc\/atividades-no-ppgenf-ufpel\/","title":{"rendered":"Atividades no PPGEnf\/UFPel e Resid\u00eancia Multiprofissional em Sa\u00fade"},"content":{"rendered":"<p><span style=\"font-family: 'book antiqua', palatino, serif; font-size: 14pt;\">Professora Permanente do PPGEnf\/UFPel. Orientando no mestrado e no doutorado, vinculada \u00e0s seguintes disciplinas:<\/span><\/p>\n<p style=\"text-align: justify;\"><span style=\"font-size: 14pt; font-family: 'book antiqua', palatino, serif;\"><strong>2018\/I<\/strong><\/span><\/p>\n<ul style=\"text-align: justify;\">\n<li><span style=\"font-family: 'book antiqua', palatino, serif;\">Professora Colaboradora da disciplina &#8220;<em>\u00a0Semin\u00e1rio em Enfermagem e Sa\u00fade XXII: Leituras Foucaultianas no contexto da Sa\u00fade<\/em>&#8220;. (Disciplina sob reg\u00eancia da Prof<sup>a<\/sup>. Dr<sup>a<\/sup>. Stefanie Griebeler Oliveira e colabora\u00e7\u00e3o da Prof<sup>a<\/sup>. Dr<sup>a<\/sup>. Fernanda Sant&#8217;Ana Trist\u00e3o)<\/span><\/li>\n<\/ul>\n<p style=\"text-align: justify;\"><span style=\"font-family: 'book antiqua', palatino, serif;\"><strong><span style=\"font-size: 14pt;\">2018\/II<\/span><\/strong><\/span><\/p>\n<ul style=\"text-align: justify;\">\n<li><span style=\"font-family: 'book antiqua', palatino, serif;\">Professora Colaboradora da disciplina &#8220;<em> Pr\u00e1ticas de Aten\u00e7\u00e3o, Ensino e Pesquisa em Enfermagem e Sa\u00fade<\/em>&#8220;. (Disciplina sob reg\u00eancia da Prof<sup>a<\/sup>. Dr<sup>a<\/sup>. Stefanie Griebeler Oliveira e colabora\u00e7\u00e3o da Prof<sup>a<\/sup>. Dr<sup>a<\/sup>. Marilu Correa Soares)<\/span><\/li>\n<\/ul>\n<p style=\"text-align: justify;\"><span style=\"font-family: 'book antiqua', palatino, serif;\"><strong><span style=\"font-size: 14pt;\">2019\/I<\/span><\/strong><\/span><\/p>\n<ul>\n<li style=\"text-align: justify;\"><span style=\"font-family: 'book antiqua', palatino, serif;\">Professora Colaboradora da disciplina &#8220;<em>\u00a0Semin\u00e1rio em Enfermagem e Sa\u00fade XXII: Leituras Foucaultianas no contexto da Sa\u00fade<\/em>&#8220;. (Disciplina sob reg\u00eancia da Prof<sup>a<\/sup>. Dr<sup>a<\/sup>. Stefanie Griebeler Oliveira e colabora\u00e7\u00e3o da Prof<sup>a<\/sup>. Dr<sup>a<\/sup>. Fernanda Sant&#8217;Ana Trist\u00e3o)<\/span><\/li>\n<\/ul>\n<p><span style=\"font-size: 14pt; font-family: 'book antiqua', palatino, serif;\"><strong>2020\/II<\/strong><\/span><\/p>\n<ul>\n<li><span style=\"font-family: 'book antiqua', palatino, serif;\">Professora Colaboradora da disciplina &#8220;<em>\u00a0Semin\u00e1rio em Enfermagem e Sa\u00fade XXII: Leituras Foucaultianas no contexto da Sa\u00fade<\/em>&#8220;. (Disciplina sob reg\u00eancia da Prof<sup>a<\/sup>. Dr<sup>a<\/sup>. Stefanie Griebeler Oliveira e colabora\u00e7\u00e3o da Prof<sup>a<\/sup>. Dr<sup>a<\/sup>. Fernanda Sant&#8217;Ana Trist\u00e3o)<\/span><\/li>\n<\/ul>\n<p><span style=\"font-family: 'book antiqua', palatino, serif;\"><strong><span style=\"font-size: 14pt;\">2021\/II<\/span><\/strong><\/span><\/p>\n<ul>\n<li><span style=\"font-family: 'book antiqua', palatino, serif;\">Professora da disciplina &#8220;<em> Pr\u00e1ticas de Aten\u00e7\u00e3o, Ensino e Pesquisa em Enfermagem e Sa\u00fade<\/em>&#8221; (Disciplina sob reg\u00eancia da Prof<sup>a<\/sup>. Dr<sup>a<\/sup>.\u00a0 Franciele Roberta Cordeiro e colabora\u00e7\u00e3o da Prof<sup>a<\/sup>. Dr<sup>a<\/sup>. Stefanie Griebeler Oliveira).<\/span><\/li>\n<\/ul>\n<p><span style=\"font-family: 'book antiqua', palatino, serif;\"><strong><span style=\"font-size: 14pt;\">2022\/I<\/span><\/strong><\/span><\/p>\n<ul>\n<li><span style=\"font-family: 'book antiqua', palatino, serif;\">Professora colaboradora da disciplina <em>\u00a0Semin\u00e1rio em Enfermagem e Sa\u00fade XXII: Leituras Foucaultianas no contexto da Sa\u00fade<\/em>&#8220;. (Disciplina sob reg\u00eancia da Prof<sup>a<\/sup>. Dr<sup>a<\/sup>. Stefanie Griebeler Oliveira e colabora\u00e7\u00e3o da Prof<sup>a<\/sup>. Dr<sup>a<\/sup>. Fernanda Sant&#8217;Ana Trist\u00e3o)<\/span><\/li>\n<\/ul>\n<p><span style=\"font-family: 'book antiqua', palatino, serif;\"><strong><span style=\"font-size: 14pt;\">2023\/II<\/span><\/strong><\/span><\/p>\n<ul>\n<li><span style=\"font-family: 'book antiqua', palatino, serif;\">Professora da disciplina &#8220;<em> Pr\u00e1ticas de Aten\u00e7\u00e3o, Ensino e Pesquisa em Enfermagem e Sa\u00fade<\/em>&#8221; (Disciplina sob reg\u00eancia da Prof<sup>a<\/sup>. Dr<sup>a<\/sup>.\u00a0 Franciele Roberta Cordeiro e colabora\u00e7\u00e3o da Prof<sup>a<\/sup>. Dr<sup>a<\/sup>. Stefanie Griebeler Oliveira).<\/span><\/li>\n<\/ul>\n<p><span style=\"font-family: 'book antiqua', palatino, serif;\"><strong><span style=\"font-size: 14pt;\">2024\/I<\/span><\/strong><\/span><\/p>\n<ul>\n<li><span style=\"font-family: 'book antiqua', palatino, serif;\">Professora colaboradora da disciplina <em>\u00a0Semin\u00e1rio em Enfermagem e Sa\u00fade XXII: Leituras Foucaultianas no contexto da Sa\u00fade<\/em>&#8220;. (Disciplina sob reg\u00eancia da Prof<sup>a<\/sup>. Dr<sup>a<\/sup>. Stefanie Griebeler Oliveira)<\/span><\/li>\n<\/ul>\n<p><span style=\"font-family: 'book antiqua', palatino, serif;\"><strong><span style=\"font-size: 14pt;\">2025\/II<\/span><\/strong><\/span><\/p>\n<ul>\n<li><span style=\"font-family: 'book antiqua', palatino, serif;\">Professora da disciplina &#8220;<em> Pr\u00e1ticas de Aten\u00e7\u00e3o, Ensino e Pesquisa em Enfermagem e Sa\u00fade<\/em>&#8221; (Disciplina sob reg\u00eancia da Prof<sup>a<\/sup>. Dr<sup>a<\/sup>.\u00a0 Franciele Roberta Cordeiro e colabora\u00e7\u00e3o da Prof<sup>a<\/sup>. Dr<sup>a<\/sup>. Stefanie Griebeler Oliveira).<\/span><\/li>\n<\/ul>\n<p><span style=\"font-family: 'book antiqua', palatino, serif; font-size: 14pt;\">Professora do Programa de Resid\u00eancia Multiprofissional em Aten\u00e7\u00e3o Oncol\u00f3gica da UFPel na disciplina:<\/span><\/p>\n<ul>\n<li><span style=\"font-family: 'book antiqua', palatino, serif; font-size: 12pt;\">Cuidados paliativos e terminalidade (2020; 2022; 2025)<\/span><\/li>\n<\/ul>\n","protected":false},"excerpt":{"rendered":"<p>Professora Permanente do PPGEnf\/UFPel. Orientando no mestrado e no doutorado, vinculada \u00e0s seguintes disciplinas: 2018\/I Professora Colaboradora da disciplina &#8220;\u00a0Semin\u00e1rio em Enfermagem e Sa\u00fade XXII: Leituras Foucaultianas no contexto da Sa\u00fade&#8220;. (Disciplina sob reg\u00eancia da Profa. Dra. Stefanie Griebeler Oliveira e colabora\u00e7\u00e3o da Profa. Dra. Fernanda Sant&#8217;Ana Trist\u00e3o) 2018\/II Professora Colaboradora da disciplina &#8220; Pr\u00e1ticas [&hellip;]<\/p>\n","protected":false},"author":738,"featured_media":0,"parent":0,"menu_order":0,"comment_status":"closed","ping_status":"closed","template":"","meta":{"footnotes":""},"class_list":["post-154","page","type-page","status-publish","hentry"],"jetpack_sharing_enabled":true,"_links":{"self":[{"href":"https:\/\/wp.ufpel.edu.br\/francielefrc\/wp-json\/wp\/v2\/pages\/154","targetHints":{"allow":["GET"]}}],"collection":[{"href":"https:\/\/wp.ufpel.edu.br\/francielefrc\/wp-json\/wp\/v2\/pages"}],"about":[{"href":"https:\/\/wp.ufpel.edu.br\/francielefrc\/wp-json\/wp\/v2\/types\/page"}],"author":[{"embeddable":true,"href":"https:\/\/wp.ufpel.edu.br\/francielefrc\/wp-json\/wp\/v2\/users\/738"}],"replies":[{"embeddable":true,"href":"https:\/\/wp.ufpel.edu.br\/francielefrc\/wp-json\/wp\/v2\/comments?post=154"}],"version-history":[{"count":4,"href":"https:\/\/wp.ufpel.edu.br\/francielefrc\/wp-json\/wp\/v2\/pages\/154\/revisions"}],"predecessor-version":[{"id":636,"href":"https:\/\/wp.ufpel.edu.br\/francielefrc\/wp-json\/wp\/v2\/pages\/154\/revisions\/636"}],"wp:attachment":[{"href":"https:\/\/wp.ufpel.edu.br\/francielefrc\/wp-json\/wp\/v2\/media?parent=154"}],"curies":[{"name":"wp","href":"https:\/\/api.w.org\/{rel}","templated":true}]}}