{"id":6,"date":"2015-11-17T15:17:36","date_gmt":"2015-11-17T17:17:36","guid":{"rendered":"https:\/\/wp.ufpel.edu.br\/frances\/?page_id=6"},"modified":"2025-10-21T12:41:43","modified_gmt":"2025-10-21T15:41:43","slug":"curso","status":"publish","type":"page","link":"https:\/\/wp.ufpel.edu.br\/frances\/curso\/","title":{"rendered":"Curso"},"content":{"rendered":"<div class=\"entry-content clearfix\">\n<p style=\"text-align: justify;\">O <strong>Curso de Licenciatura em Letras \u2013 Portugu\u00eas e Franc\u00eas,<\/strong> de acordo com a proposta de seu Projeto Pedag\u00f3gico atual, dever\u00e1 proporcionar aos alunos condi\u00e7\u00f5es que lhes favore\u00e7am o desenvolvimento de capacidades, conhecimentos, compet\u00eancias e habilidades necess\u00e1rias para que se tornem professores de l\u00edngua (s) e\/ou literatura (s) capazes de:<\/p>\n<p style=\"text-align: justify;\">a) dominar o uso da l\u00edngua portuguesa, na modalidade culta, em manifesta\u00e7\u00f5es orais e escritas;<br \/>\nb) compreender que a l\u00edngua, produto e instrumento dos processos interlocutivos que se d\u00e3o no interior de espa\u00e7os sociais, apresenta \u201cheterogeneidade sistem\u00e1tica\u201d e uma gram\u00e1tica vari\u00e1vel, capaz de explicar os diferentes aspectos fonol\u00f3gicos, morfol\u00f3gicos e sistem\u00e1ticos que se observam nas variedades tanto cultas quanto populares;<br \/>\nc) empenhar-se no combate ao preconceito ling\u00fc\u00edstico, que constrange a livre express\u00e3o e a atua\u00e7\u00e3o social das classes populares, tanto quanto no ensino da l\u00edngua padr\u00e3o;<br \/>\nd) dominar o uso da l\u00edngua estrangeira objeto de seu curso, em manifesta\u00e7\u00f5es orais e escritas;<br \/>\ne) aplicar teorias ling\u00fc\u00edsticas \u00e0 an\u00e1lise dos diversos n\u00edveis da (s) l\u00edngua (s) objeto de seu estudo;<br \/>\nf) analisar obras representativas da literatura correspondente \u00e0 l\u00edngua objeto de estudo, como forma de conhecimento de culturas diversas, engajamento social, compreens\u00e3o de sentimentos, paix\u00f5es e comportamentos humanos, ou como forma de puni\u00e7\u00e3o, que possa concorrer para o desenvolvimento de sua sensibilidade est\u00e9tica;<br \/>\ng) dominar princ\u00edpios t\u00e9cnico-metodol\u00f3gicos de ensino de l\u00ednguas e literaturas que fundamentem atividades levadas \u00e0 sala de aula, formas de avalia\u00e7\u00e3o e planejamento de curso;<br \/>\nh) analisar criticamente materiais did\u00e1ticos e paradid\u00e1ticos;<br \/>\ni) utilizar multimeios como recursos did\u00e1ticos;<br \/>\nj) executar planos de a\u00e7\u00e3o interdisciplinar;<br \/>\nk) conscientizar-se de sua responsabilidade no processo de educa\u00e7\u00e3o para a cidadania;<br \/>\nl) conscientizar-se de que sua forma\u00e7\u00e3o global e cr\u00edtica deve ser um processo continuado e aut\u00f4nomo.<\/p>\n<p style=\"text-align: justify;\">Os conte\u00fados curriculares, as atividades pr\u00e1ticas e de est\u00e1gio organizam-se em eixos, que traduzem os aspectos relevantes da forma\u00e7\u00e3o docente dos professores de L\u00edngua Portuguesa, Literatura e L\u00edngua Francesa. Cada eixo materializa-se, no fluxograma, em disciplinas e carga hor\u00e1ria, que se constituem nos componentes imprescind\u00edveis \u00e0 integraliza\u00e7\u00e3o curricular. A estrutura curricular por eixos aponta pelo menos para duas dire\u00e7\u00f5es significativas: (a) garante-se ao aluno uma forma\u00e7\u00e3o melhor centrada nos aspectos te\u00f3ricos e pr\u00e1ticos espec\u00edficos de sua forma\u00e7\u00e3o; (b) propicia-se ao aluno a flexibiliza\u00e7\u00e3o e a interdisciplinaridade.<\/p>\n<p style=\"text-align: justify;\">A padroniza\u00e7\u00e3o das grades curriculares e dos turnos de oferta das licenciaturas em l\u00edngua portuguesa e l\u00edngua estrangeira propiciam a defini\u00e7\u00e3o de uma \u00fanica pol\u00edtica de ensino para as l\u00ednguas estrangeiras no Centro de Letras e Comunica\u00e7\u00e3o \u2013 CLC. Assim, todas as quatro licenciaturas em l\u00edngua portuguesa e l\u00edngua estrangeira \u2013 alem\u00e3o, espanhol, franc\u00eas e ingl\u00eas \u2013 possuem a mesma estrutura curricular quanto \u00e0 carga hor\u00e1ria, disciplinas obrigat\u00f3rias e\/ou optativas, pr\u00e1ticas pedag\u00f3gicas, est\u00e1gios e turno diurno de funcionamento. Desse modo, al\u00e9m de se enfatizar a mesma forma\u00e7\u00e3o pedag\u00f3gica, a padroniza\u00e7\u00e3o curricular apresenta, no \u00e2mbito administrativo, a vantagem de facilitar a cria\u00e7\u00e3o de novas licenciaturas de l\u00edngua portuguesa e l\u00edngua estrangeiras, cuja estrutura reproduzir\u00e1 os par\u00e2metros curriculares das licenciaturas aqui descritas.<\/p>\n<\/div>\n","protected":false},"excerpt":{"rendered":"<p>O Curso de Licenciatura em Letras \u2013 Portugu\u00eas e Franc\u00eas, de acordo com a proposta de seu Projeto Pedag\u00f3gico atual, dever\u00e1 proporcionar aos alunos condi\u00e7\u00f5es que lhes favore\u00e7am o desenvolvimento de capacidades, conhecimentos, compet\u00eancias e habilidades necess\u00e1rias para que se tornem professores de l\u00edngua (s) e\/ou literatura (s) capazes de: a) dominar o uso da &hellip; <\/p>\n<p><a class=\"more-link btn\" href=\"https:\/\/wp.ufpel.edu.br\/frances\/curso\/\">Continue lendo<\/a><\/p>\n","protected":false},"author":50,"featured_media":0,"parent":0,"menu_order":0,"comment_status":"closed","ping_status":"closed","template":"","meta":{"footnotes":""},"class_list":["post-6","page","type-page","status-publish","hentry","nodate","item-wrap"],"_links":{"self":[{"href":"https:\/\/wp.ufpel.edu.br\/frances\/wp-json\/wp\/v2\/pages\/6","targetHints":{"allow":["GET"]}}],"collection":[{"href":"https:\/\/wp.ufpel.edu.br\/frances\/wp-json\/wp\/v2\/pages"}],"about":[{"href":"https:\/\/wp.ufpel.edu.br\/frances\/wp-json\/wp\/v2\/types\/page"}],"author":[{"embeddable":true,"href":"https:\/\/wp.ufpel.edu.br\/frances\/wp-json\/wp\/v2\/users\/50"}],"replies":[{"embeddable":true,"href":"https:\/\/wp.ufpel.edu.br\/frances\/wp-json\/wp\/v2\/comments?post=6"}],"version-history":[{"count":3,"href":"https:\/\/wp.ufpel.edu.br\/frances\/wp-json\/wp\/v2\/pages\/6\/revisions"}],"predecessor-version":[{"id":92,"href":"https:\/\/wp.ufpel.edu.br\/frances\/wp-json\/wp\/v2\/pages\/6\/revisions\/92"}],"wp:attachment":[{"href":"https:\/\/wp.ufpel.edu.br\/frances\/wp-json\/wp\/v2\/media?parent=6"}],"curies":[{"name":"wp","href":"https:\/\/api.w.org\/{rel}","templated":true}]}}