{"id":203,"date":"2024-03-01T22:20:40","date_gmt":"2024-03-02T01:20:40","guid":{"rendered":"https:\/\/wp.ufpel.edu.br\/fototecaufpel\/?page_id=203"},"modified":"2024-03-02T00:36:03","modified_gmt":"2024-03-02T03:36:03","slug":"projetos","status":"publish","type":"page","link":"https:\/\/wp.ufpel.edu.br\/fototecaufpel\/projetos\/","title":{"rendered":"PROJETOS"},"content":{"rendered":"\n<div class=\"wp-block-group\"><div class=\"wp-block-group__inner-container is-layout-constrained wp-block-group-is-layout-constrained\">\n<ul class=\"has-medium-font-size wp-block-list\">\n<li style=\"font-size:25px\">O acervo da Fototeca Mem\u00f3ria da UFPel como fonte de pesquisas em mem\u00f3ria e patrim\u00f4nio, preserva\u00e7\u00e3o e gest\u00e3o de acervos fotogr\u00e1ficos;<\/li>\n\n\n\n<li style=\"font-size:25px\">Fotografia para todos: site interativo da Fototeca Mem\u00f3ria da UFPel<\/li>\n\n\n\n<li style=\"font-size:25px\">Acervos e Institui\u00e7\u00f5es de Memoria: acessibilidade e impactos hist\u00f3ricos-sociais na contemporaneidade<\/li>\n<\/ul>\n\n\n\n<p><\/p>\n<\/div><\/div>\n","protected":false},"excerpt":{"rendered":"","protected":false},"author":1349,"featured_media":0,"parent":0,"menu_order":0,"comment_status":"closed","ping_status":"closed","template":"","meta":{"footnotes":""},"class_list":["post-203","page","type-page","status-publish","hentry","post"],"_links":{"self":[{"href":"https:\/\/wp.ufpel.edu.br\/fototecaufpel\/wp-json\/wp\/v2\/pages\/203","targetHints":{"allow":["GET"]}}],"collection":[{"href":"https:\/\/wp.ufpel.edu.br\/fototecaufpel\/wp-json\/wp\/v2\/pages"}],"about":[{"href":"https:\/\/wp.ufpel.edu.br\/fototecaufpel\/wp-json\/wp\/v2\/types\/page"}],"author":[{"embeddable":true,"href":"https:\/\/wp.ufpel.edu.br\/fototecaufpel\/wp-json\/wp\/v2\/users\/1349"}],"replies":[{"embeddable":true,"href":"https:\/\/wp.ufpel.edu.br\/fototecaufpel\/wp-json\/wp\/v2\/comments?post=203"}],"version-history":[{"count":3,"href":"https:\/\/wp.ufpel.edu.br\/fototecaufpel\/wp-json\/wp\/v2\/pages\/203\/revisions"}],"predecessor-version":[{"id":319,"href":"https:\/\/wp.ufpel.edu.br\/fototecaufpel\/wp-json\/wp\/v2\/pages\/203\/revisions\/319"}],"wp:attachment":[{"href":"https:\/\/wp.ufpel.edu.br\/fototecaufpel\/wp-json\/wp\/v2\/media?parent=203"}],"curies":[{"name":"wp","href":"https:\/\/api.w.org\/{rel}","templated":true}]}}