{"id":244,"date":"2016-11-14T13:05:25","date_gmt":"2016-11-14T15:05:25","guid":{"rendered":"https:\/\/wp.ufpel.edu.br\/forumdeextensaoecultura\/?page_id=244"},"modified":"2016-11-14T13:31:20","modified_gmt":"2016-11-14T15:31:20","slug":"sindicatos","status":"publish","type":"page","link":"https:\/\/wp.ufpel.edu.br\/forumdeextensaoecultura\/instituicoes\/sindicatos\/","title":{"rendered":"SINDICAIS"},"content":{"rendered":"<p>Entidades Sindicais:<\/p>\n<ul>\n<li>Sindicato\u00a0dos\u00a0<strong>TRABALHADORES NAS IND\u00daSTRIAS E COOPERATIVAS DA ALIMENTA\u00c7\u00c3O<\/strong> de Pelotas;<\/li>\n<\/ul>\n<ul>\n<li>Sindicato\u00a0dos <strong>EMPREGADOS DE EMPRESAS DE ASSEIO E CONSERVA\u00c7\u00c3O<\/strong> de Pelotas;<\/li>\n<\/ul>\n<ul>\n<li>Sindicato\u00a0dos <strong>BANC\u00c1RIOS<\/strong> Pelotas e\u00a0 Regi\u00e3o;<\/li>\n<\/ul>\n<ul>\n<li>Sindicato dos<strong>\u00a0PROFESSORES DO\u00a0ESTADO\u00a0DO\u00a0RIO GRANDE\u00a0DO SUL\u00a0<\/strong>SINPRO;<\/li>\n<\/ul>\n<ul>\n<li>Sindicato\u00a0dos <strong>EMPREGADOS NO COM\u00c9RCIO<\/strong> de Pelotas RS;<\/li>\n<\/ul>\n<ul>\n<li>Sindicato <strong>TRABALHADORES COM\u00c9RCIO MIN\u00c9RIOS DERIVADOS<\/strong>\u00a0 (SITRAMICO);<\/li>\n<\/ul>\n<ul>\n<li>Sindicato <strong>TRABALHADORES <\/strong><strong>\u00a0NAS IND\u00daSTRIAS CONSTRU\u00c7\u00c3O CIVIL<\/strong> MOBILI\u00c1RIO DE PELOTAS;<\/li>\n<\/ul>\n<ul>\n<li>Sindicato dos\u00a0<strong>EMPREGADOS AGENTES AUT\u00d4NOMOS COM\u00c9RCIO<\/strong> Estado RS;<\/li>\n<\/ul>\n<ul>\n<li>Sindicato dos\u00a0<strong>TRABALHADORES EMPRESAS DE RADIOFUS\u00c3O E TELEVIS\u00c3O<\/strong>\u00a0do RS;<\/li>\n<\/ul>\n<ul>\n<li>Senalba &#8211; SINDICATO DOS <strong>EMPREGADOS EM ENTIDADES CULTURAIS, RECREATIVAS, DE ASSIST\u00caNCIA SOCIAL, DE ORIENTA\u00c7\u00c3O E FORMA\u00c7\u00c3O PROFISSIONAL<\/strong>\u00a0do Munic\u00edpio \u00a0de Pelotas\/RS;<\/li>\n<\/ul>\n<ul>\n<li>Sindicato dos <strong>TRABALHADORES NAS INDUSTRIA GR\u00c1FICAS<\/strong>\u00a0de Pelotas;<\/li>\n<\/ul>\n<ul>\n<li>Sindicato <strong>TRABALHADORES INDUSTRIA QU\u00cdMICAS FARMAC\u00caUTICAS;<\/strong><\/li>\n<\/ul>\n<ul>\n<li>Sindicato <strong>TRABALHADORES INDUSTRIA METAL\u00daRGICAS\u00a0\u00a0MEC\u00c2NICAS E\u00a0MATERIAL \u00a0EL\u00c9TRICO;<\/strong><\/li>\n<\/ul>\n<ul>\n<li>Sindicato dos <strong>MUNICIP\u00c1RIOS<\/strong> de Pelotas;<\/li>\n<\/ul>\n<ul>\n<li>Sindicato TRABALHADORES\u00a0EM\u00a0<strong>POSTOS\u00a0DE SERVI\u00c7OS\u00a0DE COMBUST\u00cdVEIS\u00a0E DERIVADOS<\/strong>\u00a0 \u00a0 \u00a0 \u00a0 \u00a0 SINTRAPOSPETRODiego Hammes, de 27 anos;<\/li>\n<\/ul>\n<ul>\n<li>CENTRO DE <strong>PROFESSORES DO ESTADO DO RIO GRANDE DO SUL<\/strong> CPERS \u2013 24 N\u00daCLEO;<\/li>\n<\/ul>\n<ul>\n<li>Sindicato dos <strong>TRABALHADORES EM SERVI\u00c7OS DE SA\u00daDE<\/strong> de Pelotas;<\/li>\n<\/ul>\n<ul>\n<li>Sindicato dos<strong> SERVIDORES MUNICIPAIS DO SANEAMENTO B\u00c1SICO<\/strong> de Pelotas;<\/li>\n<\/ul>\n<ul>\n<li>Sindicato dos <b>TELEF\u00d4NICOS<\/b>\u00a0SINTEL;<\/li>\n<\/ul>\n<ul>\n<li>Sindicato dos <strong>TRABALHADORES DOM\u00c9STICOS<\/strong> de Pelotas;<\/li>\n<\/ul>\n<ul>\n<li>Sindicato dos <strong>TRABALHADORES RURAIS<\/strong> de Pelotas;<\/li>\n<\/ul>\n<ul>\n<li>Sindicato dos <strong>TRABALHADORES EM\u00a0TRANSPORTE \u00a0RODOVI\u00c1RIO<\/strong>\u00a0de Pelotas;<\/li>\n<\/ul>\n<ul>\n<li>Sindicato <strong>EMPREGADOS TURISMO HOSPITALIDADE<\/strong>\u00a0Pelotas;<\/li>\n<\/ul>\n<ul>\n<li>Sindicato dos <strong>VIGILANTES<\/strong> de Pelotas e\u00a0Regi\u00e3o.<\/li>\n<\/ul>\n<p>&nbsp;<\/p>\n<p>&nbsp;<\/p>\n<p>&nbsp;<\/p>\n","protected":false},"excerpt":{"rendered":"<p>Entidades Sindicais: Sindicato\u00a0dos\u00a0TRABALHADORES NAS IND\u00daSTRIAS E COOPERATIVAS DA ALIMENTA\u00c7\u00c3O de Pelotas; Sindicato\u00a0dos EMPREGADOS DE EMPRESAS DE ASSEIO E CONSERVA\u00c7\u00c3O de Pelotas; Sindicato\u00a0dos BANC\u00c1RIOS Pelotas e\u00a0 Regi\u00e3o; Sindicato dos\u00a0PROFESSORES DO\u00a0ESTADO\u00a0DO\u00a0RIO GRANDE\u00a0DO SUL\u00a0SINPRO; Sindicato\u00a0dos EMPREGADOS NO COM\u00c9RCIO de Pelotas RS; Sindicato TRABALHADORES COM\u00c9RCIO MIN\u00c9RIOS DERIVADOS\u00a0 (SITRAMICO); Sindicato TRABALHADORES \u00a0NAS IND\u00daSTRIAS CONSTRU\u00c7\u00c3O CIVIL MOBILI\u00c1RIO DE PELOTAS; Sindicato dos\u00a0EMPREGADOS [&hellip;]<\/p>\n","protected":false},"author":474,"featured_media":0,"parent":8,"menu_order":0,"comment_status":"closed","ping_status":"closed","template":"","meta":{"footnotes":""},"class_list":["post-244","page","type-page","status-publish","hentry"],"_links":{"self":[{"href":"https:\/\/wp.ufpel.edu.br\/forumdeextensaoecultura\/wp-json\/wp\/v2\/pages\/244","targetHints":{"allow":["GET"]}}],"collection":[{"href":"https:\/\/wp.ufpel.edu.br\/forumdeextensaoecultura\/wp-json\/wp\/v2\/pages"}],"about":[{"href":"https:\/\/wp.ufpel.edu.br\/forumdeextensaoecultura\/wp-json\/wp\/v2\/types\/page"}],"author":[{"embeddable":true,"href":"https:\/\/wp.ufpel.edu.br\/forumdeextensaoecultura\/wp-json\/wp\/v2\/users\/474"}],"replies":[{"embeddable":true,"href":"https:\/\/wp.ufpel.edu.br\/forumdeextensaoecultura\/wp-json\/wp\/v2\/comments?post=244"}],"version-history":[{"count":8,"href":"https:\/\/wp.ufpel.edu.br\/forumdeextensaoecultura\/wp-json\/wp\/v2\/pages\/244\/revisions"}],"predecessor-version":[{"id":262,"href":"https:\/\/wp.ufpel.edu.br\/forumdeextensaoecultura\/wp-json\/wp\/v2\/pages\/244\/revisions\/262"}],"up":[{"embeddable":true,"href":"https:\/\/wp.ufpel.edu.br\/forumdeextensaoecultura\/wp-json\/wp\/v2\/pages\/8"}],"wp:attachment":[{"href":"https:\/\/wp.ufpel.edu.br\/forumdeextensaoecultura\/wp-json\/wp\/v2\/media?parent=244"}],"curies":[{"name":"wp","href":"https:\/\/api.w.org\/{rel}","templated":true}]}}