{"id":4,"date":"2016-03-29T10:30:55","date_gmt":"2016-03-29T13:30:55","guid":{"rendered":"https:\/\/wp.ufpel.edu.br\/forumdediretores\/?page_id=4"},"modified":"2016-04-05T14:29:50","modified_gmt":"2016-04-05T17:29:50","slug":"inicio","status":"publish","type":"page","link":"https:\/\/wp.ufpel.edu.br\/forumdediretores\/inicio\/","title":{"rendered":"QUEM SOMOS"},"content":{"rendered":"<p><span style=\"font-size: 14pt\"><strong>Quem Somos<\/strong><\/span><\/p>\n<p>O <strong>F\u00f3rum de Diretores<\/strong> da Universidade Federal de Pelotas (UFPEL) \u00e9 uma inst\u00e2ncia n\u00e3o deliberativa informal, composta pelos diretores e vice-diretores das unidades acad\u00eamicas da UFPEL.<\/p>\n<p>Com reuni\u00f5es peri\u00f3dicas ordin\u00e1rias e extraordin\u00e1rias, o <strong>F\u00f3rum de Diretores<\/strong> discute temas relevantes da administra\u00e7\u00e3o da Universidade nas \u00e1reas de planejamento, administra\u00e7\u00e3o, ensino, pesquisa e extens\u00e3o. O principal objetivo do F\u00f3rum de Diretores \u00e9 contribuir, a partir da experi\u00eancia administrativa dos diretores e vice-diretores, com a gest\u00e3o da universidade.<\/p>\n<p>O <strong>F\u00f3rum de Diretores<\/strong> \u00e9 coordenado por um dos seus membros, que o representa para todos os fins.<\/p>\n<p>O Coordenador do <strong>F\u00f3rum de Diretores<\/strong> da UFPEL, em 2016, \u00e9 o Prof. Willian Silva Barros, Diretor do Instituto de F\u00edsica e Matem\u00e1tica.<\/p>\n<div id=\"attachment_40\" style=\"width: 124px\" class=\"wp-caption aligncenter\"><img data-recalc-dims=\"1\" aria-describedby=\"caption-attachment-40\" data-attachment-id=\"40\" data-permalink=\"https:\/\/wp.ufpel.edu.br\/forumdediretores\/inicio\/willian\/\" data-orig-file=\"https:\/\/i0.wp.com\/wp.ufpel.edu.br\/forumdediretores\/files\/2016\/03\/Willian.jpg?fit=114%2C160&amp;ssl=1\" data-orig-size=\"114,160\" data-comments-opened=\"0\" data-image-meta=\"{&quot;aperture&quot;:&quot;0&quot;,&quot;credit&quot;:&quot;&quot;,&quot;camera&quot;:&quot;&quot;,&quot;caption&quot;:&quot;&quot;,&quot;created_timestamp&quot;:&quot;0&quot;,&quot;copyright&quot;:&quot;&quot;,&quot;focal_length&quot;:&quot;0&quot;,&quot;iso&quot;:&quot;0&quot;,&quot;shutter_speed&quot;:&quot;0&quot;,&quot;title&quot;:&quot;&quot;,&quot;orientation&quot;:&quot;0&quot;}\" data-image-title=\"Willian\" data-image-description=\"\" data-image-caption=\"\" data-medium-file=\"https:\/\/i0.wp.com\/wp.ufpel.edu.br\/forumdediretores\/files\/2016\/03\/Willian.jpg?fit=114%2C160&amp;ssl=1\" data-large-file=\"https:\/\/i0.wp.com\/wp.ufpel.edu.br\/forumdediretores\/files\/2016\/03\/Willian.jpg?fit=114%2C160&amp;ssl=1\" class=\"wp-image-40 size-full\" src=\"https:\/\/i0.wp.com\/wp.ufpel.edu.br\/forumdediretores\/files\/2016\/03\/Willian.jpg?resize=114%2C160&#038;ssl=1\" alt=\"Willian\" width=\"114\" height=\"160\" srcset=\"https:\/\/i0.wp.com\/wp.ufpel.edu.br\/forumdediretores\/files\/2016\/03\/Willian.jpg?w=114&amp;ssl=1 114w, https:\/\/i0.wp.com\/wp.ufpel.edu.br\/forumdediretores\/files\/2016\/03\/Willian.jpg?resize=113%2C159&amp;ssl=1 113w\" sizes=\"(max-width: 114px) 100vw, 114px\" \/><p id=\"caption-attachment-40\" class=\"wp-caption-text\">Professor Willian, Coordenador do F\u00f3rum em 2016<\/p><\/div>\n<p>Mesmo existindo h\u00e1 mais tempo, somente em 2015 o F\u00f3rum de Diretores obteve um car\u00e1ter mais sistematizado tendo escolhido seu primeiro coordenador, o professor Luiz Centeno do Amaral, Diretor do Centro de Letras e Comunica\u00e7\u00f5es.<\/p>\n<p>&nbsp;<\/p>\n","protected":false},"excerpt":{"rendered":"<p>Quem Somos O F\u00f3rum de Diretores da Universidade Federal de Pelotas (UFPEL) \u00e9 uma inst\u00e2ncia n\u00e3o deliberativa informal, composta pelos diretores e vice-diretores das unidades acad\u00eamicas da UFPEL. Com reuni\u00f5es peri\u00f3dicas ordin\u00e1rias e extraordin\u00e1rias, o F\u00f3rum de Diretores discute temas relevantes da administra\u00e7\u00e3o da Universidade nas \u00e1reas de planejamento, administra\u00e7\u00e3o, ensino, pesquisa e extens\u00e3o. O [&hellip;]<\/p>\n","protected":false},"author":633,"featured_media":0,"parent":0,"menu_order":0,"comment_status":"closed","ping_status":"closed","template":"","meta":{"jetpack_post_was_ever_published":false,"footnotes":""},"class_list":["post-4","page","type-page","status-publish","hentry"],"jetpack_sharing_enabled":true,"jetpack_shortlink":"https:\/\/wp.me\/P7oCfD-4","jetpack-related-posts":[],"_links":{"self":[{"href":"https:\/\/wp.ufpel.edu.br\/forumdediretores\/wp-json\/wp\/v2\/pages\/4","targetHints":{"allow":["GET"]}}],"collection":[{"href":"https:\/\/wp.ufpel.edu.br\/forumdediretores\/wp-json\/wp\/v2\/pages"}],"about":[{"href":"https:\/\/wp.ufpel.edu.br\/forumdediretores\/wp-json\/wp\/v2\/types\/page"}],"author":[{"embeddable":true,"href":"https:\/\/wp.ufpel.edu.br\/forumdediretores\/wp-json\/wp\/v2\/users\/633"}],"replies":[{"embeddable":true,"href":"https:\/\/wp.ufpel.edu.br\/forumdediretores\/wp-json\/wp\/v2\/comments?post=4"}],"version-history":[{"count":7,"href":"https:\/\/wp.ufpel.edu.br\/forumdediretores\/wp-json\/wp\/v2\/pages\/4\/revisions"}],"predecessor-version":[{"id":95,"href":"https:\/\/wp.ufpel.edu.br\/forumdediretores\/wp-json\/wp\/v2\/pages\/4\/revisions\/95"}],"wp:attachment":[{"href":"https:\/\/wp.ufpel.edu.br\/forumdediretores\/wp-json\/wp\/v2\/media?parent=4"}],"curies":[{"name":"wp","href":"https:\/\/api.w.org\/{rel}","templated":true}]}}

<p><span style="font-size: 14pt"><strong>Quem Somos</strong></span></p>
<p>O <strong>Fórum de Diretores</strong> da Universidade Federal de Pelotas (UFPEL) é uma instância não deliberativa informal, composta pelos diretores e vice-diretores das unidades acadêmicas da UFPEL.</p>
<p>Com reuniões periódicas ordinárias e extraordinárias, o <strong>Fórum de Diretores</strong> discute temas relevantes da administração da Universidade nas áreas de planejamento, administração, ensino, pesquisa e extensão. O principal objetivo do Fórum de Diretores é contribuir, a partir da experiência administrativa dos diretores e vice-diretores, com a gestão da universidade.</p>
<p>O <strong>Fórum de Diretores</strong> é coordenado por um dos seus membros, que o representa para todos os fins.</p>
<p>O Coordenador do <strong>Fórum de Diretores</strong> da UFPEL, em 2016, é o Prof. Willian Silva Barros, Diretor do Instituto de Física e Matemática.</p>
<div id="attachment_40" style="width: 124px" class="wp-caption aligncenter"><img data-recalc-dims="1" aria-describedby="caption-attachment-40" data-attachment-id="40" data-permalink="https://wp.ufpel.edu.br/forumdediretores/inicio/willian/" data-orig-file="https://i0.wp.com/wp.ufpel.edu.br/forumdediretores/files/2016/03/Willian.jpg?fit=114%2C160&amp;ssl=1" data-orig-size="114,160" data-comments-opened="0" data-image-meta="{&quot;aperture&quot;:&quot;0&quot;,&quot;credit&quot;:&quot;&quot;,&quot;camera&quot;:&quot;&quot;,&quot;caption&quot;:&quot;&quot;,&quot;created_timestamp&quot;:&quot;0&quot;,&quot;copyright&quot;:&quot;&quot;,&quot;focal_length&quot;:&quot;0&quot;,&quot;iso&quot;:&quot;0&quot;,&quot;shutter_speed&quot;:&quot;0&quot;,&quot;title&quot;:&quot;&quot;,&quot;orientation&quot;:&quot;0&quot;}" data-image-title="Willian" data-image-description="" data-image-caption="" data-medium-file="https://i0.wp.com/wp.ufpel.edu.br/forumdediretores/files/2016/03/Willian.jpg?fit=114%2C160&amp;ssl=1" data-large-file="https://i0.wp.com/wp.ufpel.edu.br/forumdediretores/files/2016/03/Willian.jpg?fit=114%2C160&amp;ssl=1" class="wp-image-40 size-full" src="https://i0.wp.com/wp.ufpel.edu.br/forumdediretores/files/2016/03/Willian.jpg?resize=114%2C160&#038;ssl=1" alt="Willian" width="114" height="160" srcset="https://i0.wp.com/wp.ufpel.edu.br/forumdediretores/files/2016/03/Willian.jpg?w=114&amp;ssl=1 114w, https://i0.wp.com/wp.ufpel.edu.br/forumdediretores/files/2016/03/Willian.jpg?resize=113%2C159&amp;ssl=1 113w" sizes="(max-width: 114px) 100vw, 114px" /><p id="caption-attachment-40" class="wp-caption-text">Professor Willian, Coordenador do Fórum em 2016</p></div>
<p>Mesmo existindo há mais tempo, somente em 2015 o Fórum de Diretores obteve um caráter mais sistematizado tendo escolhido seu primeiro coordenador, o professor Luiz Centeno do Amaral, Diretor do Centro de Letras e Comunicações.</p>
<p>&nbsp;</p>

<p>Quem Somos O Fórum de Diretores da Universidade Federal de Pelotas (UFPEL) é uma instância não deliberativa informal, composta pelos diretores e vice-diretores das unidades acadêmicas da UFPEL. Com reuniões periódicas ordinárias e extraordinárias, o Fórum de Diretores discute temas relevantes da administração da Universidade nas áreas de planejamento, administração, ensino, pesquisa e extensão. O [&hellip;]</p>
