{"id":2,"date":"2016-03-23T11:51:08","date_gmt":"2016-03-23T11:51:08","guid":{"rendered":"https:\/\/wp.ufpel.edu.br\/forumdediretores\/?page_id=2"},"modified":"2016-03-29T10:36:07","modified_gmt":"2016-03-29T13:36:07","slug":"pagina-exemplo","status":"publish","type":"page","link":"https:\/\/wp.ufpel.edu.br\/forumdediretores\/pagina-exemplo\/","title":{"rendered":"DIRETORES e VICE-DIRETORES"},"content":{"rendered":"<p><b>Centro de Artes<\/b><\/p>\n<p><b>Diretora<br \/>\nProf.\u00aa Ursula Rosa da Silva<\/b><br \/>\nAto: Portaria n\u00ba \u00a0464, de 18 de fevereiro de 2013<br \/>\n<b>Diretor Adjunto<\/b><br \/>\n<b>Prof.\u00aa N\u00e1dia da Cruz Senna\u00a0<\/b><br \/>\nAto: Portaria n\u00ba 989, de 30\u00a0de julho\u00a0de 2015<br \/>\nMandato: 30.07.2013 a 21.02.2017<\/p>\n<p><b>\u00a0Centro de Ci\u00eancias Qu\u00edmicas, Farmac\u00eauticas e de Alimentos<\/b><\/p>\n<p><b>Diretor<br \/>\nProf. Rui Carlos Zambiazi<\/b><br \/>\nAto: Portaria n\u00ba 650, de 22 de mar\u00e7o de 2013<br \/>\n<b>Diretora Adjunta<br \/>\nProf.\u00aa Alzira Yamazaki<\/b><br \/>\nAto: Portaria n\u00ba\u00a0651, de 22 de mar\u00e7o de 2013<br \/>\nMandato: 08.04.2013 a 07.04.2017<\/p>\n<p><b>\u00a0Centro de Desenvolvimento Tecnol\u00f3gico<\/b><\/p>\n<p><b>Diretor<br \/>\nProf. Odir Ant\u00f4nio Dellagostin<\/b><br \/>\nAto: Portaria n\u00ba 764, de\u00a022 de mar\u00e7o de 2013<br \/>\n<b>Diretor Adjunto<br \/>\nProf.\u00a0Julio Carlos Balzano de Mattos<\/b><br \/>\nAto: Portaria n\u00ba 2.083, de 05\u00a0de novembro\u00a0de 2014 (<em>pr\u00f3 tempore)<\/em><br \/>\nMandato: 15.04.2013 a 14.04.2017<\/p>\n<p><b>\u00a0<\/b><b>Centro das Engenharias<\/b><\/p>\n<p><b>Diretor<br \/>\nProf. Cl\u00e1udio Manoel da Cunha Duarte<\/b><br \/>\nAto: Portaria n\u00ba 1.589 de 19 de julho de 2013<br \/>\n<b>Diretor Adjunto<br \/>\nProf.\u00a0<\/b><br \/>\nAto: Portaria n\u00ba<br \/>\nMandato: 08.08.2013 a 07.08.2017<\/p>\n<p><b>\u00a0Centro de Integra\u00e7\u00e3o do MERCOSUL<\/b><\/p>\n<p><b>Diretor<br \/>\nProf.\u00a0Jabr Hussein Deeb Haj Omar<\/b><br \/>\nAto: Portaria n\u00ba 2.029, de 12 de dezembro de 2012<br \/>\n<b>Diretora Adjunta<\/b><br \/>\n<b>Prof.\u00aa\u00a0Claure Morrone Barbat Parfitt<\/b><br \/>\nAto: Portaria n\u00ba\u00a02.030, de 12 de dezembro de 2012<br \/>\nMandato: 17.12.2012\u00a0 a 16.12.2016<\/p>\n<p><b>\u00a0Centro de Letras e Comunica\u00e7\u00e3o<\/b><\/p>\n<p><b>Diretor<br \/>\nProf. Luis Isaias Centeno do Amaral<\/b><br \/>\nAto: Portaria n\u00ba 767,\u00a0de\u00a022 de mar\u00e7o de 2013<br \/>\n<b>Diretora Adjunta<\/b><br \/>\n<b>Prof.\u00aa\u00a0M\u00e1rcia Dresch<\/b><br \/>\nAto: Portaria n\u00ba\u00a0768,\u00a0de\u00a022 de mar\u00e7o de 2013<br \/>\nMandato: 09.04.2013 \u00a0a 08.04.2017<\/p>\n<p><b>\u00a0<\/b><b>Escola Superior de Educa\u00e7\u00e3o F\u00edsica<\/b><\/p>\n<p><b>Diretor<br \/>\nProf. Alexandre Carriconde Marques<\/b><br \/>\nAto: Portaria n\u00ba 1.986 de 09 de setembro de 2013<br \/>\nMandato: 30.09.2013 a 29.09.2017<br \/>\n<b>Vice-Diretor<br \/>\nProf. M\u00e1rio Renato de Azevedo J\u00fanior<\/b><br \/>\nAto: Portaria n\u00ba 1.987 de 09 de setembro de 2013<br \/>\nMandato: 24.10.2013 a 23.10.2017<\/p>\n<p><b>\u00a0<\/b><b>Faculdade de Administra\u00e7\u00e3o e de Turismo<\/b><\/p>\n<p><b>Diretora<br \/>\nProf.\u00aa Simone Portella Teixeira de Mello\u00a0<\/b><br \/>\nAto: Portaria n\u00ba 2.306, de 16 de dezembro de 2014<br \/>\n<b>Vice-Diretor<br \/>\nProf. Edar da Silva Ana\u00f1a<\/b><br \/>\nAto: Portaria n\u00ba 2.307, de 16 de dezembro de 2014<br \/>\nMandato: 06.01.2015 a 05.01.2019<\/p>\n<p><b>\u00a0<\/b><b>Faculdade de Agronomia Eliseu Maciel<\/b><\/p>\n<p><b>Diretor<br \/>\nProf. Manoel Luiz Brenner de Moraes<\/b><br \/>\nAto: Portaria n\u00ba\u00a02.266 de 22 de outubro de 2013<br \/>\n<b>Vice-Diretor<br \/>\nProf. Jerri Teixeira Zanusso<\/b><br \/>\nAto: Portaria n\u00ba 2.267 de 22 de outubro de 2013<br \/>\nMandato: 31.10.2013 a 30.10.2017<\/p>\n<p><b>\u00a0Faculdade de Arquitetura e Urbanismo<\/b><\/p>\n<p><b>Diretor<br \/>\nProf. Mauricio Couto Polidori<\/b><br \/>\nAto: Portaria n\u00ba 043, de 15 de janeiro\u00a0de 2015.<br \/>\n<b>Vice-Diretora<br \/>\nProf.\u00aa Isabel Tourinho Salamoni<\/b><br \/>\nAto: Portaria n\u00ba 044,\u00a0de 15 de janeiro\u00a0de 2015.<br \/>\nMandato: 24.01.2015 a 23.01.2019<\/p>\n<p><b>\u00a0<\/b><b>Faculdade de Direito<\/b><\/p>\n<p><b>Diretor<br \/>\nProf. Alexandre Fernandes Gastal<\/b><br \/>\nAto: Portaria n\u00ba 891, de\u00a006 de maio de 2014.<br \/>\n<b>Vice-Diretor<\/b><br \/>\n<b>Prof. Oscar Jos\u00e9 Echenique Magalh\u00e3es<\/b><br \/>\nAto: Portaria n\u00ba\u00a0891, de\u00a006 de maio de 2014.<br \/>\nMandato: 05.05.2014 a 04.05.2018<\/p>\n<p><b>\u00a0<\/b><b>Faculdade de Educa\u00e7\u00e3o<\/b><\/p>\n<p><b>Diretora<br \/>\nProf.\u00aa L\u00facia Maria Vaz Peres<\/b><br \/>\nAto: Portaria n\u00ba 1.101, de 06 de agosto de 2012.<br \/>\n<b>Vice-Diretora<\/b><br \/>\n<b>Prof.\u00aa L\u00edgia Cardoso Carlos<\/b><br \/>\nAto: Portaria n\u00ba 1.102, de 06 de agosto de 2012.<br \/>\nMandato: 06.08.2012 a 07.08.2016<\/p>\n<p><b>\u00a0<\/b><b>Faculdade de Enfermagem<\/b><\/p>\n<p><b>Diretora<br \/>\nProf.\u00aa\u00a0Vanda Maria da Rosa Jardim\u00a0<\/b><br \/>\nAto: Portaria n\u00ba 2.137, de 14 de novembro de 2014.<br \/>\n<b>Vice-Diretora<br \/>\nProf.\u00aa Val\u00e9ria Cristina Christello Coimbra<\/b><br \/>\nAto: Portaria n\u00ba\u00a02.138, de 14 de novembro de 2014.<br \/>\nMandato: 13.12.2014 a 12.12.2018<\/p>\n<p><b>\u00a0Faculdade de Medicina<\/b><\/p>\n<p><b>Diretora<br \/>\nProf.\u00aa Vera Maria Freitas da Silveira<\/b><br \/>\nAto: Portaria n\u00ba 106, de 15 de janeiro de 2013.<br \/>\n<b>Vice-Diretor<\/b><br \/>\n<b>Prof. Marcelo Fernandes Capilheira<\/b><br \/>\nAto: Portaria n\u00ba 1.187, de 24\u00a0de setembro\u00a0de 2015.<br \/>\nMandato: 15.01.2013 a 14.01.2017<\/p>\n<p><b>\u00a0<\/b><b>Faculdade de Meteorologia<\/b><\/p>\n<p><b>Diretor<br \/>\nProf. Fabr\u00edcio Pereira Harter<\/b><br \/>\nAto: Portaria n\u00ba 1.094, de 27\u00a0de\u00a0agosto\u00a0de 2015.<br \/>\n<b>Vice-Diretor\u00a0<\/b><br \/>\n<b>Prof. Jo\u00e3o Carlos Torres Vianna<\/b><br \/>\nAto: Portaria n\u00ba 1.181, de 24 de setembro de 2015<br \/>\nMandato: 27.08.2015 a 26.08.2019<\/p>\n<p><b>\u00a0<\/b><b>Faculdade de Nutri\u00e7\u00e3o<\/b><\/p>\n<p><b>Diretora<br \/>\nProf.\u00aa\u00a0Silvana Paiva Orlandi<\/b><br \/>\nAto: Portaria n\u00ba 597, de 28\u00a0de abril\u00a0de 2015.<br \/>\n<b>Vice-Diretora<br \/>\nProf.\u00aa\u00a0Let\u00edcia Mascarenhas Pereira Barbosa<\/b><br \/>\nAto: Portaria n\u00ba 598, de 28\u00a0de abril\u00a0de 2015.<br \/>\nMandato: 05.05.2015 a 04.05.2019<\/p>\n<p><b>\u00a0Faculdade de Odontologia<\/b><\/p>\n<p><b>Diretora<br \/>\nProf.\u00aa Adriana Etges\u00a0<\/b><br \/>\nAto: Portaria n\u00ba 165, de 12 de fevereiro\u00a0de 2015.<br \/>\n<b>Vice-Diretor<br \/>\nProf. Luiz Eduardo Rilling da Nova Cruz<\/b><br \/>\nAto: Portaria n\u00ba 166, de 12 de fevereiro de 2015.<br \/>\nMandato: 12.02.2015 a 11.02.2019<\/p>\n<p><b>\u00a0<\/b><b>Faculdade de Veterin\u00e1ria<\/b><\/p>\n<p><b>Diretor<br \/>\nProf.\u00a0Gilberto D\u2019\u00c1vila Vargas<\/b><br \/>\nAto: Portaria n\u00ba 2.094\u00a0de\u00a006\u00a0de novembro de 2014.<br \/>\n<b>Vice-Diretora<br \/>\nProf.\u00aa Marlete Brum Cleff<\/b><br \/>\nAto: Portaria n\u00ba 2.095\u00a0de 06\u00a0de novembro de 2014.<br \/>\nMandato: 22.11.2014 a 21.11.2018<\/p>\n<p><b>\u00a0<\/b><b>Instituto de Biologia<\/b><\/p>\n<p><b>Diretora<br \/>\nProf.\u00a0Althen Teixeira Filho<\/b><br \/>\nAto: Portaria n\u00ba 2.049, de 30 de outubro de 2014.<br \/>\n<b>Vice-Diretor<br \/>\nProf. Marco Silva Gottschalk\u00a0<\/b><br \/>\nAto: Portaria n\u00ba 2.050, de 30 de outubro de 2014.<br \/>\nMandato: 22.11.2014 a 21.11.2018<\/p>\n<p><b>\u00a0<\/b><b>Instituto de Ci\u00eancias Humanas<\/b><\/p>\n<p><b>Diretor<br \/>\nProf. Sidney Gon\u00e7alves Vieira<\/b><br \/>\nAto: Portaria n\u00ba\u00a02.047, de 30 de outubro de 2014.<br \/>\n<b>Vice-Diretor<br \/>\nProf.\u00a0Sebasti\u00e3o Peres<\/b><br \/>\nAto: Portaria n\u00ba\u00a02.048, de 30 de outubro de 2014.<br \/>\nMandato: 12.11.2014 a 11.11.2018<\/p>\n<p><b>\u00a0<\/b><b>Instituto de Filosofia, Sociologia e Pol\u00edtica<\/b><\/p>\n<p><b>Diretor<br \/>\nProf. Jo\u00e3o Francisco Nascimento Hobbus<\/b><br \/>\nAto: Portaria n\u00ba\u00a01.843, de 30 de setembro de 2014.<br \/>\n<b>Vice-Diretor<br \/>\nProf. William Hector Gomez Soto<\/b><br \/>\nAto: Portaria n\u00ba 1.844, de 30 de setembro de 2014.<br \/>\nMandato: 29.09.2014 a 28.09.2018<\/p>\n<p><b>\u00a0Instituto de F\u00edsica e Matem\u00e1tica<\/b><\/p>\n<p><b>Diretor<br \/>\nProf. Willian Silva Barros<\/b><br \/>\nAto: Portaria n\u00ba 1.942, de 13 de outubro de 2014.<br \/>\n<b>Vice-Diretor<br \/>\nProf. Fabio Teixeira Dias<\/b><br \/>\nAto: Portaria n\u00ba 1.242, de 07 de outubro de 2015<br \/>\nMandato: 18.10.2014 a 17.10.2018<\/p>\n","protected":false},"excerpt":{"rendered":"<p>Centro de Artes Diretora Prof.\u00aa Ursula Rosa da Silva Ato: Portaria n\u00ba \u00a0464, de 18 de fevereiro de 2013 Diretor Adjunto Prof.\u00aa N\u00e1dia da Cruz Senna\u00a0 Ato: Portaria n\u00ba 989, de 30\u00a0de julho\u00a0de 2015 Mandato: 30.07.2013 a 21.02.2017 \u00a0Centro de Ci\u00eancias Qu\u00edmicas, Farmac\u00eauticas e de Alimentos Diretor Prof. Rui Carlos Zambiazi Ato: Portaria n\u00ba 650, [&hellip;]<\/p>\n","protected":false},"author":633,"featured_media":0,"parent":0,"menu_order":0,"comment_status":"closed","ping_status":"closed","template":"","meta":{"jetpack_post_was_ever_published":false,"footnotes":""},"class_list":["post-2","page","type-page","status-publish","hentry"],"jetpack_sharing_enabled":true,"jetpack_shortlink":"https:\/\/wp.me\/P7oCfD-2","jetpack-related-posts":[],"_links":{"self":[{"href":"https:\/\/wp.ufpel.edu.br\/forumdediretores\/wp-json\/wp\/v2\/pages\/2","targetHints":{"allow":["GET"]}}],"collection":[{"href":"https:\/\/wp.ufpel.edu.br\/forumdediretores\/wp-json\/wp\/v2\/pages"}],"about":[{"href":"https:\/\/wp.ufpel.edu.br\/forumdediretores\/wp-json\/wp\/v2\/types\/page"}],"author":[{"embeddable":true,"href":"https:\/\/wp.ufpel.edu.br\/forumdediretores\/wp-json\/wp\/v2\/users\/633"}],"replies":[{"embeddable":true,"href":"https:\/\/wp.ufpel.edu.br\/forumdediretores\/wp-json\/wp\/v2\/comments?post=2"}],"version-history":[{"count":2,"href":"https:\/\/wp.ufpel.edu.br\/forumdediretores\/wp-json\/wp\/v2\/pages\/2\/revisions"}],"predecessor-version":[{"id":8,"href":"https:\/\/wp.ufpel.edu.br\/forumdediretores\/wp-json\/wp\/v2\/pages\/2\/revisions\/8"}],"wp:attachment":[{"href":"https:\/\/wp.ufpel.edu.br\/forumdediretores\/wp-json\/wp\/v2\/media?parent=2"}],"curies":[{"name":"wp","href":"https:\/\/api.w.org\/{rel}","templated":true}]}}