{"id":17,"date":"2016-03-29T10:53:26","date_gmt":"2016-03-29T13:53:26","guid":{"rendered":"https:\/\/wp.ufpel.edu.br\/forumdediretores\/?page_id=17"},"modified":"2016-03-29T11:40:16","modified_gmt":"2016-03-29T14:40:16","slug":"recomendacoes-do-forum","status":"publish","type":"page","link":"https:\/\/wp.ufpel.edu.br\/forumdediretores\/recomendacoes-do-forum\/","title":{"rendered":"RECOMENDA\u00c7\u00d5ES DO F\u00d2RUM"},"content":{"rendered":"<p>Os arquivos a seguir informam as <strong>Recomenda\u00e7\u00f5es<\/strong> adotadas pelo <strong>F\u00f3rum de Diretores<\/strong> da UFPEL. Tais Recomenda\u00e7\u00f5es possuem car\u00e1ter de orienta\u00e7\u00e3o e traduzem os entendimentos alcan\u00e7ados pelos integrantes do F\u00f3rum de Diretores acerca dos temas discutidos.<\/p>\n<p><span style=\"font-size: 18pt\"><strong>2016<\/strong><\/span><\/p>\n<p><a href=\"https:\/\/wp.ufpel.edu.br\/forumdediretores\/files\/2016\/03\/Recomenda\u00e7\u00e3o_001_2016_Matriz_Or\u00e7ament\u00e1ria.pdf\" rel=\"\">Recomenda\u00e7\u00e3o_001_2016_Matriz_Or\u00e7ament\u00e1ria<\/a><\/p>\n<p><a href=\"https:\/\/wp.ufpel.edu.br\/forumdediretores\/files\/2016\/03\/Recomenda\u00e7\u00e3o_002_2016_Matriz_Vagas.pdf\">Recomenda\u00e7\u00e3o_002_2016_Matriz_Vagas_Docentes<\/a><\/p>\n","protected":false},"excerpt":{"rendered":"<p>Os arquivos a seguir informam as Recomenda\u00e7\u00f5es adotadas pelo F\u00f3rum de Diretores da UFPEL. Tais Recomenda\u00e7\u00f5es possuem car\u00e1ter de orienta\u00e7\u00e3o e traduzem os entendimentos alcan\u00e7ados pelos integrantes do F\u00f3rum de Diretores acerca dos temas discutidos. 2016 Recomenda\u00e7\u00e3o_001_2016_Matriz_Or\u00e7ament\u00e1ria Recomenda\u00e7\u00e3o_002_2016_Matriz_Vagas_Docentes<\/p>\n","protected":false},"author":633,"featured_media":0,"parent":0,"menu_order":0,"comment_status":"closed","ping_status":"closed","template":"","meta":{"jetpack_post_was_ever_published":false,"footnotes":""},"class_list":["post-17","page","type-page","status-publish","hentry"],"jetpack_sharing_enabled":true,"jetpack_shortlink":"https:\/\/wp.me\/P7oCfD-h","jetpack-related-posts":[],"_links":{"self":[{"href":"https:\/\/wp.ufpel.edu.br\/forumdediretores\/wp-json\/wp\/v2\/pages\/17","targetHints":{"allow":["GET"]}}],"collection":[{"href":"https:\/\/wp.ufpel.edu.br\/forumdediretores\/wp-json\/wp\/v2\/pages"}],"about":[{"href":"https:\/\/wp.ufpel.edu.br\/forumdediretores\/wp-json\/wp\/v2\/types\/page"}],"author":[{"embeddable":true,"href":"https:\/\/wp.ufpel.edu.br\/forumdediretores\/wp-json\/wp\/v2\/users\/633"}],"replies":[{"embeddable":true,"href":"https:\/\/wp.ufpel.edu.br\/forumdediretores\/wp-json\/wp\/v2\/comments?post=17"}],"version-history":[{"count":3,"href":"https:\/\/wp.ufpel.edu.br\/forumdediretores\/wp-json\/wp\/v2\/pages\/17\/revisions"}],"predecessor-version":[{"id":31,"href":"https:\/\/wp.ufpel.edu.br\/forumdediretores\/wp-json\/wp\/v2\/pages\/17\/revisions\/31"}],"wp:attachment":[{"href":"https:\/\/wp.ufpel.edu.br\/forumdediretores\/wp-json\/wp\/v2\/media?parent=17"}],"curies":[{"name":"wp","href":"https:\/\/api.w.org\/{rel}","templated":true}]}}

RECOMENDAÇÕES DO FÒRUM

<p>Os arquivos a seguir informam as <strong>Recomendações</strong> adotadas pelo <strong>Fórum de Diretores</strong> da UFPEL. Tais Recomendações possuem caráter de orientação e traduzem os entendimentos alcançados pelos integrantes do Fórum de Diretores acerca dos temas discutidos.</p>
<p><span style="font-size: 18pt"><strong>2016</strong></span></p>
<p><a href="https://wp.ufpel.edu.br/forumdediretores/files/2016/03/Recomendação_001_2016_Matriz_Orçamentária.pdf" rel="">Recomendação_001_2016_Matriz_Orçamentária</a></p>
<p><a href="https://wp.ufpel.edu.br/forumdediretores/files/2016/03/Recomendação_002_2016_Matriz_Vagas.pdf">Recomendação_002_2016_Matriz_Vagas_Docentes</a></p>

<p>Os arquivos a seguir informam as Recomendações adotadas pelo Fórum de Diretores da UFPEL. Tais Recomendações possuem caráter de orientação e traduzem os entendimentos alcançados pelos integrantes do Fórum de Diretores acerca dos temas discutidos. 2016 Recomendação_001_2016_Matriz_Orçamentária Recomendação_002_2016_Matriz_Vagas_Docentes</p>
