{"id":312,"date":"2023-12-04T18:01:25","date_gmt":"2023-12-04T21:01:25","guid":{"rendered":"https:\/\/wp.ufpel.edu.br\/formaturas\/?page_id=312"},"modified":"2024-06-12T16:59:14","modified_gmt":"2024-06-12T19:59:14","slug":"cronograma-e-prazos","status":"publish","type":"page","link":"https:\/\/wp.ufpel.edu.br\/formaturas\/formatura-2023-2__trashed\/cronograma-e-prazos","title":{"rendered":"Cronograma e prazos"},"content":{"rendered":"<p style=\"text-align: justify;\"><a href=\"https:\/\/wp.ufpel.edu.br\/formaturas\/formatura-2023-2\/inscricoes-formaturas-2023-2\/\">04 a 15\/12\/2023 &#8211; Solicita\u00e7\u00e3o de Formatura no Cobalto<\/a><\/p>\n<p style=\"text-align: justify;\"><a href=\"https:\/\/wp.ufpel.edu.br\/formaturas\/2023\/12\/18\/listas-preliminares-das-inscricoes-para-as-formaturas-institucionais-2023-2\/\">18\/12\/2023 &#8211; Divulga\u00e7\u00e3o das listas preliminares dos inscritos<\/a><\/p>\n<p style=\"text-align: justify;\">19 a 21\/12\/2023 &#8211; Per\u00edodo para altera\u00e7\u00f5es e corre\u00e7\u00f5es no Cobalto<\/p>\n<p style=\"text-align: justify;\"><a href=\"https:\/\/wp.ufpel.edu.br\/formaturas\/2023\/12\/22\/listas-definitivas-dos-inscritos-para-as-formaturas-institucionais-2023-2\/\">22\/12\/2023 &#8211; Divulga\u00e7\u00e3o das listas finais dos inscritos<\/a><\/p>\n<p style=\"text-align: justify;\"><a href=\"https:\/\/wp.ufpel.edu.br\/formaturas\/2024\/01\/09\/divulgadas-as-datas-e-horarios-das-cerimonias-das-formaturas-externas-2023-2\/\">10\/01\/2024 &#8211; Divulga\u00e7\u00e3o das datas e dos hor\u00e1rios das cerim\u00f4nias de cada curso<\/a><\/p>\n<p style=\"text-align: justify;\">10\/01\/2024 a 01\/03\/2024 &#8211; Cadastro e envio das cola\u00e7\u00f5es de grau, no Cobalto, pelos colegiados<\/p>\n<p style=\"text-align: justify;\">10\/04\/2024 &#8211; Reuni\u00e3o online com os formandos pelo YouTube \u00e0s 16h30<\/p>\n<p style=\"text-align: justify;\">22\/04\/2024 &#8211; Prazo m\u00e1ximo para informar altera\u00e7\u00f5es de paraninfos(as), patronos (patronesses) e homenageados(as)<\/p>\n<p style=\"text-align: justify;\">20\/06\/2024 &#8211; Prazo m\u00e1ximo para informar desist\u00eancias sem \u00f4nus (para: formatura.institucional@ufpel.edu.br)<\/p>\n<p style=\"text-align: justify;\"><a href=\"https:\/\/wp.ufpel.edu.br\/formaturas\/formatura-2023-2\/datas-das-cerimonias-e-ensaios\/\">08\/07\/2024 a 09\/07\/2023 &#8211; Dias dos ensaios<\/a><\/p>\n<p style=\"text-align: justify;\"><a href=\"https:\/\/wp.ufpel.edu.br\/formaturas\/formatura-2023-2\/datas-das-cerimonias-e-ensaios\/\">10\/07\/2024 a 12\/07\/2024 &#8211; Dias das cerim\u00f4nias de Formaturas Externas<\/a><\/p>\n","protected":false},"excerpt":{"rendered":"<p>04 a 15\/12\/2023 &#8211; Solicita\u00e7\u00e3o de Formatura no Cobalto 18\/12\/2023 &#8211; Divulga\u00e7\u00e3o das listas preliminares dos inscritos 19 a 21\/12\/2023 &#8211; Per\u00edodo para altera\u00e7\u00f5es e corre\u00e7\u00f5es no Cobalto 22\/12\/2023 &#8211; Divulga\u00e7\u00e3o das listas finais dos inscritos 10\/01\/2024 &#8211; Divulga\u00e7\u00e3o das datas e dos hor\u00e1rios das cerim\u00f4nias de cada curso 10\/01\/2024 a 01\/03\/2024 &#8211; Cadastro e [&hellip;]<\/p>\n","protected":false},"author":1321,"featured_media":0,"parent":295,"menu_order":0,"comment_status":"closed","ping_status":"closed","template":"","meta":{"footnotes":""},"class_list":["post-312","page","type-page","status-publish","hentry"],"_links":{"self":[{"href":"https:\/\/wp.ufpel.edu.br\/formaturas\/wp-json\/wp\/v2\/pages\/312","targetHints":{"allow":["GET"]}}],"collection":[{"href":"https:\/\/wp.ufpel.edu.br\/formaturas\/wp-json\/wp\/v2\/pages"}],"about":[{"href":"https:\/\/wp.ufpel.edu.br\/formaturas\/wp-json\/wp\/v2\/types\/page"}],"author":[{"embeddable":true,"href":"https:\/\/wp.ufpel.edu.br\/formaturas\/wp-json\/wp\/v2\/users\/1321"}],"replies":[{"embeddable":true,"href":"https:\/\/wp.ufpel.edu.br\/formaturas\/wp-json\/wp\/v2\/comments?post=312"}],"version-history":[{"count":11,"href":"https:\/\/wp.ufpel.edu.br\/formaturas\/wp-json\/wp\/v2\/pages\/312\/revisions"}],"predecessor-version":[{"id":638,"href":"https:\/\/wp.ufpel.edu.br\/formaturas\/wp-json\/wp\/v2\/pages\/312\/revisions\/638"}],"up":[{"embeddable":true,"href":"https:\/\/wp.ufpel.edu.br\/formaturas\/wp-json\/wp\/v2\/pages\/295"}],"wp:attachment":[{"href":"https:\/\/wp.ufpel.edu.br\/formaturas\/wp-json\/wp\/v2\/media?parent=312"}],"curies":[{"name":"wp","href":"https:\/\/api.w.org\/{rel}","templated":true}]}}