{"id":476,"date":"2020-12-28T16:00:04","date_gmt":"2020-12-28T19:00:04","guid":{"rendered":"https:\/\/wp.ufpel.edu.br\/folkcovid\/?page_id=476"},"modified":"2020-12-28T16:39:47","modified_gmt":"2020-12-28T19:39:47","slug":"metodologia-2","status":"publish","type":"page","link":"https:\/\/wp.ufpel.edu.br\/folkcovid\/es\/metodologia-2\/","title":{"rendered":"METODOLOG\u00cdA"},"content":{"rendered":"<p style=\"text-align: justify\">Esta investigaci\u00f3n se caracteriza por ser cuanti-cualitativa en t\u00e9rminos de enfoque y tipo descriptivo en cuanto a los objetivos, ya que observa, registra, analiza y correlaciona hechos o fen\u00f3menos (variables) sin manipularlos. Recopilaremos datos sobre la realidad del fen\u00f3meno (organizadores y directores de eventos populares) y, para ello, la poblaci\u00f3n de este estudio se caracteriza por directores \/ organizadores de eventos folcl\u00f3ricos de todos los continentes.<\/p>\n<p style=\"text-align: justify\">Se espera contar con la participaci\u00f3n de una muestra que incluya, al menos:<\/p>\n<p style=\"text-align: justify\">&#8211; 100 directores \/ organizadores de eventos folkl\u00f3ricos;<\/p>\n<p style=\"text-align: justify\">&#8211; de \u00e9stos, al menos 90 eventos populares diferentes;<\/p>\n<p style=\"text-align: justify\">&#8211; de \u00e9stos, al menos 30 en Brasil y 60 en el exterior;<\/p>\n<p style=\"text-align: justify\">&#8211; de \u00e9stos, al menos, de 30 pa\u00edses diferentes;<\/p>\n<p style=\"text-align: justify\">&#8211; de \u00e9stos, al menos, de tres continentes diferentes, asegurando la representatividad de una gran parte de la poblaci\u00f3n estudiada.<\/p>\n<p style=\"text-align: justify\">Para la recolecci\u00f3n de datos se utilizar\u00e1 un instrumento espec\u00edfico de las ciencias humanas, en concreto, cuestionario, que estar\u00e1 disponible en l\u00ednea en el sitio web de la propia encuesta y por a trav\u00e9s de nuestra lista de correo electr\u00f3nico, obtenida de nuestra participaci\u00f3n en festivales de folklore. El cuestionario incluye preguntas abiertas y cerradas, y las preguntas abiertas permiten a los participantes responder libremente y discursivamente, exponiendo sus opiniones y su propio lenguaje sobre el tema abordado. En cuanto a las preguntas cerradas, presentan a los participantes varias alternativas para respuestas, para que se elija la que mejor se adapte a su punto de vista. A algunas preguntas se les puede asignar m\u00e1s de una respuesta. Esperamos crear un gran red, donde los participantes que respondieron todav\u00eda pueden indicar otros participantes para tener una mayor cobertura en n\u00fameros y contextos diferentes.<\/p>\n<p style=\"text-align: justify\">Este proyecto fue aprobado por el Comit\u00e9 de \u00c9tica en Investigaci\u00f3n de la Universidad Federal de Pelotas (UFPel \/ Plataforma Brasil) bajo CAAE n\u00ba 39669720.2.0000.5317.<\/p>\n","protected":false},"excerpt":{"rendered":"<p>Esta investigaci\u00f3n se caracteriza por ser cuanti-cualitativa en t\u00e9rminos de enfoque y tipo descriptivo en cuanto a los objetivos, ya que observa, registra, analiza y correlaciona hechos o fen\u00f3menos (variables) sin manipularlos. Recopilaremos datos sobre la realidad del fen\u00f3meno (organizadores y directores de eventos populares) y, para ello, la poblaci\u00f3n de este estudio se caracteriza &hellip; <a href=\"https:\/\/wp.ufpel.edu.br\/folkcovid\/es\/metodologia-2\/\" class=\"more-link\">Continuar lendo <span class=\"screen-reader-text\">METODOLOG\u00cdA<\/span><\/a><\/p>\n","protected":false},"author":1013,"featured_media":0,"parent":0,"menu_order":0,"comment_status":"closed","ping_status":"closed","template":"","meta":{"footnotes":""},"class_list":["post-476","page","type-page","status-publish","hentry"],"_links":{"self":[{"href":"https:\/\/wp.ufpel.edu.br\/folkcovid\/wp-json\/wp\/v2\/pages\/476","targetHints":{"allow":["GET"]}}],"collection":[{"href":"https:\/\/wp.ufpel.edu.br\/folkcovid\/wp-json\/wp\/v2\/pages"}],"about":[{"href":"https:\/\/wp.ufpel.edu.br\/folkcovid\/wp-json\/wp\/v2\/types\/page"}],"author":[{"embeddable":true,"href":"https:\/\/wp.ufpel.edu.br\/folkcovid\/wp-json\/wp\/v2\/users\/1013"}],"replies":[{"embeddable":true,"href":"https:\/\/wp.ufpel.edu.br\/folkcovid\/wp-json\/wp\/v2\/comments?post=476"}],"version-history":[{"count":3,"href":"https:\/\/wp.ufpel.edu.br\/folkcovid\/wp-json\/wp\/v2\/pages\/476\/revisions"}],"predecessor-version":[{"id":509,"href":"https:\/\/wp.ufpel.edu.br\/folkcovid\/wp-json\/wp\/v2\/pages\/476\/revisions\/509"}],"wp:attachment":[{"href":"https:\/\/wp.ufpel.edu.br\/folkcovid\/wp-json\/wp\/v2\/media?parent=476"}],"curies":[{"name":"wp","href":"https:\/\/api.w.org\/{rel}","templated":true}]}}