{"id":446,"date":"2020-12-23T15:17:51","date_gmt":"2020-12-23T18:17:51","guid":{"rendered":"https:\/\/wp.ufpel.edu.br\/folkcovid\/?page_id=446"},"modified":"2020-12-28T15:57:36","modified_gmt":"2020-12-28T18:57:36","slug":"cronograma","status":"publish","type":"page","link":"https:\/\/wp.ufpel.edu.br\/folkcovid\/cronograma\/","title":{"rendered":"CRONOGRAMA"},"content":{"rendered":"<p><strong>CRONOGRAMA (Previs\u00e3o: Ano-M\u00eas\/Etapa)<\/strong><\/p>\n<p style=\"text-align: justify\"><strong>2020<\/strong><br \/>\nOutubro: Submiss\u00e3o ao Comit\u00ea de \u00c9tica<br \/>\nOutubro e Novembro: Produ\u00e7\u00e3o e Valida\u00e7\u00e3o de Instrumentos de Coleta<br \/>\nNovembro: Mapeamento de Contextos Folcl\u00f3ricos<br \/>\nDezembro: Produ\u00e7\u00e3o e Manuten\u00e7\u00e3o das Ferramentas de Divulga\u00e7\u00e3o (website, plataformas de redes sociais, etc)<\/p>\n<p style=\"text-align: justify\"><strong>2021<\/strong><br \/>\nJaneiro a Mar\u00e7o: Coleta de Dados<br \/>\nAbril e Maio: Tabula\u00e7\u00e3o e Tratamento dos Dados Coletados<br \/>\nJunho e Julho: An\u00e1lise de Dados Quantitativos &#8211; 1\u00aa fase<br \/>\nAgosto: Divulga\u00e7\u00e3o dos Resultados da An\u00e1lise de Dados Quantitativos &#8211; 1\u00aa fase<br \/>\nSetembro a Dezembro: An\u00e1lise de Dados Qualitativos &#8211; 2\u00aa fase<br \/>\nDezembro: Divulga\u00e7\u00e3o dos Resultados da An\u00e1lise de Dados Qualitativos &#8211; 2\u00aa fase<\/p>\n<p style=\"text-align: justify\"><strong>2022<\/strong><br \/>\nJaneiro a Mar\u00e7o: Produ\u00e7\u00e3o do Relat\u00f3rio da Pesquisa<br \/>\nMar\u00e7o a Julho: Escritas de textos cient\u00edficos e submiss\u00e3o para publica\u00e7\u00e3o em peri\u00f3dicos e eventos cient\u00edficos<br \/>\nJulho: Devolu\u00e7\u00e3o aos Contextos Pesquisados e Conclus\u00e3o do Projeto<\/p>\n","protected":false},"excerpt":{"rendered":"<p>CRONOGRAMA (Previs\u00e3o: Ano-M\u00eas\/Etapa) 2020 Outubro: Submiss\u00e3o ao Comit\u00ea de \u00c9tica Outubro e Novembro: Produ\u00e7\u00e3o e Valida\u00e7\u00e3o de Instrumentos de Coleta Novembro: Mapeamento de Contextos Folcl\u00f3ricos Dezembro: Produ\u00e7\u00e3o e Manuten\u00e7\u00e3o das Ferramentas de Divulga\u00e7\u00e3o (website, plataformas de redes sociais, etc) 2021 Janeiro a Mar\u00e7o: Coleta de Dados Abril e Maio: Tabula\u00e7\u00e3o e Tratamento dos Dados Coletados &hellip; <a href=\"https:\/\/wp.ufpel.edu.br\/folkcovid\/cronograma\/\" class=\"more-link\">Continuar lendo <span class=\"screen-reader-text\">CRONOGRAMA<\/span><\/a><\/p>\n","protected":false},"author":1013,"featured_media":0,"parent":0,"menu_order":0,"comment_status":"closed","ping_status":"closed","template":"","meta":{"footnotes":""},"class_list":["post-446","page","type-page","status-publish","hentry"],"_links":{"self":[{"href":"https:\/\/wp.ufpel.edu.br\/folkcovid\/wp-json\/wp\/v2\/pages\/446","targetHints":{"allow":["GET"]}}],"collection":[{"href":"https:\/\/wp.ufpel.edu.br\/folkcovid\/wp-json\/wp\/v2\/pages"}],"about":[{"href":"https:\/\/wp.ufpel.edu.br\/folkcovid\/wp-json\/wp\/v2\/types\/page"}],"author":[{"embeddable":true,"href":"https:\/\/wp.ufpel.edu.br\/folkcovid\/wp-json\/wp\/v2\/users\/1013"}],"replies":[{"embeddable":true,"href":"https:\/\/wp.ufpel.edu.br\/folkcovid\/wp-json\/wp\/v2\/comments?post=446"}],"version-history":[{"count":4,"href":"https:\/\/wp.ufpel.edu.br\/folkcovid\/wp-json\/wp\/v2\/pages\/446\/revisions"}],"predecessor-version":[{"id":468,"href":"https:\/\/wp.ufpel.edu.br\/folkcovid\/wp-json\/wp\/v2\/pages\/446\/revisions\/468"}],"wp:attachment":[{"href":"https:\/\/wp.ufpel.edu.br\/folkcovid\/wp-json\/wp\/v2\/media?parent=446"}],"curies":[{"name":"wp","href":"https:\/\/api.w.org\/{rel}","templated":true}]}}