{"id":59,"date":"2019-05-06T17:22:48","date_gmt":"2019-05-06T20:22:48","guid":{"rendered":"https:\/\/wp.ufpel.edu.br\/folcloreeeducacao\/?page_id=59"},"modified":"2019-05-06T17:22:48","modified_gmt":"2019-05-06T20:22:48","slug":"oficinas-de-folclore-na-educacao-infantil-e-nos-anos-iniciais-do-ensino-fundamental","status":"publish","type":"page","link":"https:\/\/wp.ufpel.edu.br\/folcloreeeducacao\/acoes\/oficinas-de-folclore-na-educacao-infantil-e-nos-anos-iniciais-do-ensino-fundamental\/","title":{"rendered":"Oficinas de Folclore na Educa\u00e7\u00e3o Infantil e nos anos iniciais do Ensino Fundamental"},"content":{"rendered":"<p>A a\u00e7\u00e3o ir\u00e1 envolver acad\u00eamicos e docentes de cursos de Licenciatura da UFPEL com crian\u00e7as e docentes de escolas p\u00fablicas dos munic\u00edpios de Pelotas, Cap\u00e3o do Le\u00e3o e Morro Redondo em atividades que envolvam estudo, ludicidade e a descoberta de aspectos da cultura local com brincadeiras, lendas folcl\u00f3ricas e artesanatos que est\u00e3o entrando em esquecimento.<\/p>\n","protected":false},"excerpt":{"rendered":"<p>A a\u00e7\u00e3o ir\u00e1 envolver acad\u00eamicos e docentes de cursos de Licenciatura da UFPEL com crian\u00e7as e docentes de escolas p\u00fablicas dos munic\u00edpios de Pelotas, Cap\u00e3o do Le\u00e3o e Morro Redondo em atividades que envolvam estudo, ludicidade e a descoberta de aspectos da cultura local com brincadeiras, lendas folcl\u00f3ricas e artesanatos que est\u00e3o entrando em esquecimento.<\/p>\n","protected":false},"author":922,"featured_media":0,"parent":52,"menu_order":0,"comment_status":"closed","ping_status":"closed","template":"","meta":{"footnotes":""},"class_list":["post-59","page","type-page","status-publish","hentry"],"_links":{"self":[{"href":"https:\/\/wp.ufpel.edu.br\/folcloreeeducacao\/wp-json\/wp\/v2\/pages\/59","targetHints":{"allow":["GET"]}}],"collection":[{"href":"https:\/\/wp.ufpel.edu.br\/folcloreeeducacao\/wp-json\/wp\/v2\/pages"}],"about":[{"href":"https:\/\/wp.ufpel.edu.br\/folcloreeeducacao\/wp-json\/wp\/v2\/types\/page"}],"author":[{"embeddable":true,"href":"https:\/\/wp.ufpel.edu.br\/folcloreeeducacao\/wp-json\/wp\/v2\/users\/922"}],"replies":[{"embeddable":true,"href":"https:\/\/wp.ufpel.edu.br\/folcloreeeducacao\/wp-json\/wp\/v2\/comments?post=59"}],"version-history":[{"count":1,"href":"https:\/\/wp.ufpel.edu.br\/folcloreeeducacao\/wp-json\/wp\/v2\/pages\/59\/revisions"}],"predecessor-version":[{"id":60,"href":"https:\/\/wp.ufpel.edu.br\/folcloreeeducacao\/wp-json\/wp\/v2\/pages\/59\/revisions\/60"}],"up":[{"embeddable":true,"href":"https:\/\/wp.ufpel.edu.br\/folcloreeeducacao\/wp-json\/wp\/v2\/pages\/52"}],"wp:attachment":[{"href":"https:\/\/wp.ufpel.edu.br\/folcloreeeducacao\/wp-json\/wp\/v2\/media?parent=59"}],"curies":[{"name":"wp","href":"https:\/\/api.w.org\/{rel}","templated":true}]}}