{"id":145,"date":"2019-10-03T22:16:57","date_gmt":"2019-10-04T01:16:57","guid":{"rendered":"https:\/\/wp.ufpel.edu.br\/folcloreeeducacao\/?page_id=145"},"modified":"2019-10-03T22:29:14","modified_gmt":"2019-10-04T01:29:14","slug":"construindo-um-mundo-de-doces-fantasias","status":"publish","type":"page","link":"https:\/\/wp.ufpel.edu.br\/folcloreeeducacao\/acoes\/construindo-um-mundo-de-doces-fantasias\/","title":{"rendered":"Construindo um mundo de doces fantasias"},"content":{"rendered":"<p><img class=\"alignleft wp-image-146\" src=\"https:\/\/wp.ufpel.edu.br\/folcloreeeducacao\/files\/2019\/10\/amanteigado-400x225.png\" alt=\"\" width=\"359\" height=\"203\" \/><\/p>\n<p><img class=\"alignright wp-image-147\" src=\"https:\/\/wp.ufpel.edu.br\/folcloreeeducacao\/files\/2019\/10\/bem-casado-400x225.png\" alt=\"\" width=\"404\" height=\"228\" \/><\/p>\n<p>&nbsp;<\/p>\n<p>&nbsp;<\/p>\n<p>&nbsp;<\/p>\n<p>&nbsp;<\/p>\n<p>&nbsp;<\/p>\n<p>&nbsp;<\/p>\n<p>&nbsp;<\/p>\n<p style=\"text-align: justify\">A tradi\u00e7\u00e3o doceira \u00e9 muito relvante para o desenvolvimento cultural e econ\u00f4mico de Pelotas e regi\u00e3o. Por meio dela muitos legados familiares se perpetuam atrav\u00e9s de muitas gera\u00e7\u00f5es que preservam uma arte admir\u00e1vel de produ\u00e7\u00e3o.<\/p>\n<p><img class=\"alignleft size-medium wp-image-152\" src=\"https:\/\/wp.ufpel.edu.br\/folcloreeeducacao\/files\/2019\/10\/queijadinha-400x225.png\" alt=\"\" width=\"400\" height=\"225\" \/><\/p>\n<p><img class=\"alignright wp-image-153 size-medium\" src=\"https:\/\/wp.ufpel.edu.br\/folcloreeeducacao\/files\/2019\/10\/papo_de_anjo-400x225.png\" alt=\"\" width=\"400\" height=\"225\" \/><\/p>\n<p>&nbsp;<\/p>\n<p>&nbsp;<\/p>\n<p>&nbsp;<\/p>\n<p>&nbsp;<\/p>\n<p>&nbsp;<\/p>\n<p>&nbsp;<\/p>\n<p>&nbsp;<\/p>\n<p style=\"text-align: justify\">Pensando nisso essa a\u00e7\u00e3o pretende divulgar de forma l\u00fadica, entre crian\u00e7as em idade escolar, essa arte doceira caracter\u00edstica da nossa regi\u00e3o, partindo, inicialmente, de um trabalho de produ\u00e7\u00e3o de jogos e brincadeiras envolvendo personagens infantis associados aos doces tradicionais de Pelotas, que ensinar\u00e3o \u00e0s crian\u00e7as como produzir os referidos doces e os nomes de cada um.<\/p>\n<p><img class=\"alignleft size-medium wp-image-148\" src=\"https:\/\/wp.ufpel.edu.br\/folcloreeeducacao\/files\/2019\/10\/fatia_de_braga-400x225.png\" alt=\"\" width=\"400\" height=\"225\" \/>\u00a0 <img class=\"alignright wp-image-151 size-medium\" src=\"https:\/\/wp.ufpel.edu.br\/folcloreeeducacao\/files\/2019\/10\/pastel_st_clara-400x225.png\" alt=\"\" width=\"400\" height=\"225\" \/><\/p>\n<p>&nbsp;<\/p>\n<p>&nbsp;<\/p>\n<p>&nbsp;<\/p>\n<p>&nbsp;<\/p>\n<p>&nbsp;<\/p>\n<p>&nbsp;<\/p>\n<p>Ilustra\u00e7\u00f5es produzidas por <strong>Rodrigo Manoel da Silva de Matos<\/strong><\/p>\n","protected":false},"excerpt":{"rendered":"<p>&nbsp; &nbsp; &nbsp; &nbsp; &nbsp; &nbsp; &nbsp; A tradi\u00e7\u00e3o doceira \u00e9 muito relvante para o desenvolvimento cultural e econ\u00f4mico de Pelotas e regi\u00e3o. Por meio dela muitos legados familiares se perpetuam atrav\u00e9s de muitas gera\u00e7\u00f5es que preservam uma arte admir\u00e1vel de produ\u00e7\u00e3o. &nbsp; &nbsp; &nbsp; &nbsp; &nbsp; &nbsp; &nbsp; Pensando nisso essa a\u00e7\u00e3o pretende divulgar [&hellip;]<\/p>\n","protected":false},"author":922,"featured_media":0,"parent":52,"menu_order":0,"comment_status":"closed","ping_status":"closed","template":"","meta":{"footnotes":""},"class_list":["post-145","page","type-page","status-publish","hentry"],"_links":{"self":[{"href":"https:\/\/wp.ufpel.edu.br\/folcloreeeducacao\/wp-json\/wp\/v2\/pages\/145","targetHints":{"allow":["GET"]}}],"collection":[{"href":"https:\/\/wp.ufpel.edu.br\/folcloreeeducacao\/wp-json\/wp\/v2\/pages"}],"about":[{"href":"https:\/\/wp.ufpel.edu.br\/folcloreeeducacao\/wp-json\/wp\/v2\/types\/page"}],"author":[{"embeddable":true,"href":"https:\/\/wp.ufpel.edu.br\/folcloreeeducacao\/wp-json\/wp\/v2\/users\/922"}],"replies":[{"embeddable":true,"href":"https:\/\/wp.ufpel.edu.br\/folcloreeeducacao\/wp-json\/wp\/v2\/comments?post=145"}],"version-history":[{"count":4,"href":"https:\/\/wp.ufpel.edu.br\/folcloreeeducacao\/wp-json\/wp\/v2\/pages\/145\/revisions"}],"predecessor-version":[{"id":156,"href":"https:\/\/wp.ufpel.edu.br\/folcloreeeducacao\/wp-json\/wp\/v2\/pages\/145\/revisions\/156"}],"up":[{"embeddable":true,"href":"https:\/\/wp.ufpel.edu.br\/folcloreeeducacao\/wp-json\/wp\/v2\/pages\/52"}],"wp:attachment":[{"href":"https:\/\/wp.ufpel.edu.br\/folcloreeeducacao\/wp-json\/wp\/v2\/media?parent=145"}],"curies":[{"name":"wp","href":"https:\/\/api.w.org\/{rel}","templated":true}]}}