{"id":288,"date":"2024-06-10T16:57:17","date_gmt":"2024-06-10T19:57:17","guid":{"rendered":"https:\/\/wp.ufpel.edu.br\/fivrs\/inicio-espanol\/"},"modified":"2025-07-03T16:56:26","modified_gmt":"2025-07-03T19:56:26","slug":"inicio-espanol","status":"publish","type":"page","link":"https:\/\/wp.ufpel.edu.br\/fivrs\/es\/inicio-espanol\/","title":{"rendered":"In\u00edcio &#8211; Espa\u00f1ol"},"content":{"rendered":"<p><img loading=\"lazy\" decoding=\"async\" class=\"alignnone size-full wp-image-330 aligncenter\" src=\"https:\/\/wp.ufpel.edu.br\/fivrs\/files\/2025\/07\/ConvocatoriaES.jpg\" alt=\"\" width=\"568\" height=\"710\" srcset=\"https:\/\/wp.ufpel.edu.br\/fivrs\/files\/2025\/07\/ConvocatoriaES.jpg 568w, https:\/\/wp.ufpel.edu.br\/fivrs\/files\/2025\/07\/ConvocatoriaES-320x400.jpg 320w\" sizes=\"auto, (max-width: 568px) 100vw, 568px\" \/><\/p>\n<p style=\"text-align: center;\"><span style=\"font-size: 14pt;\"><strong>6\u00ba Festival Internacional de Videodanza do RS \u2013 FIVRS 2025<\/strong><\/span><br \/>\n<a href=\"https:\/\/www.instagram.com\/fivrs.videodanca\/\">https:\/\/www.instagram.com\/fivrs.videodanca\/<\/a><br \/>\n<a href=\"https:\/\/www.facebook.com\/1o.FIVRS\/\">https:\/\/www.facebook.com\/1o.FIVRS\/<\/a><br \/>\n<a href=\"https:\/\/wp.ufpel.edu.br\/fivrs\/\">https:\/\/wp.ufpel.edu.br\/fivrs\/<\/a><\/p>\n<p style=\"text-align: center;\"><strong><span style=\"font-size: 14pt;\">Inscripciones extendidas <span style=\"color: #ff00ff;\">hasta el 15 de julio<\/span> de 2025<\/span><\/strong><\/p>\n<p style=\"text-align: justify;\">Esta convocatoria tiene como objetivo seleccionar la videodanza \u2013 en su amplio espectro de cobertura audiovisual \u2013 para el 6\u00ba Festival Internacional de Videodanza de RS \u2013 FIVRS 2025, evento realizado por el Programa de Posgrado Maestr\u00eda en Artes (PPGArtes) y Curso de Danza, de la Universidad Federal de Pelotas (UFPel), y por la Fundaci\u00f3n Ecarta.<\/p>\n<p style=\"text-align: justify;\"><strong>PARTICIPACI\u00d3N<\/strong><br \/>\n\u25cf <strong>Inscripci\u00f3n gratuita<\/strong>;<br \/>\n\u25cf Proponentes <strong>mayores de 18 a\u00f1os<\/strong>, de cualquier nacionalidad;<br \/>\n\u25cf Cada postulante podr\u00e1 presentar <strong>S\u00d3LO UNA<\/strong> videodanza;<br \/>\n\u25cfLas videodanzas realizadas por grupo o por colectivos deben ser inscritas por <strong>una sola persona<\/strong>, quien ser\u00e1 entonces responsable de la inscripci\u00f3n;<br \/>\n\u25cf <strong>Producciones finalizadas a partir de 2023<\/strong>;<br \/>\n\u25cfLas producciones que se consideren <strong>lesivas para los derechos humanos<\/strong> ser\u00e1n descalificadas de antemano;<br \/>\n\u25cfCada proponente es <strong>responsable por los derechos<\/strong> relativos a la banda sonora e im\u00e1genes de los video bailes inscritos;<br \/>\n\u25cf <strong>No habr\u00e1 premios<\/strong>;<br \/>\n\u25cfEl acto de inscripci\u00f3n <strong>autoriza<\/strong> el uso de la videodanza para fines de promoci\u00f3n de la FIVRS;<br \/>\n\u25cf El acto de inscripci\u00f3n <strong>autoriza<\/strong> que la videodanza forme parte de la videoteca FIVRS;<br \/>\n\u25cf El acto de inscripci\u00f3n <strong>autoriza<\/strong> la exhibici\u00f3n de la videodanza en exposiciones de la FIVRS, en Brasil y en el exterior, con fines culturales, art\u00edsticos y educativos, y sin fines lucrativos;<\/p>\n<p style=\"text-align: justify;\"><strong>CARACTER\u00cdSTICAS DE VIDEODANZA<\/strong><br \/>\n\u25cf <strong>Tema libre<\/strong>;<br \/>\n\u25cf <strong>Duraci\u00f3n m\u00e1xima de 10 (diez) minutos<\/strong>, incluidos los cr\u00e9ditos;<br \/>\n\u25cf Las <strong>funciones de asistencia<\/strong> (descripci\u00f3n de audio, subt\u00edtulos, libras) no son exigidas, pero ser\u00e1n apreciadas;<br \/>\n\u25cf<strong>Presentaci\u00f3n<\/strong> en cualquiera de las extensiones est\u00e1ndar utilizadas actualmente (AVI, MOV, WMV, MP4, etc), con una resoluci\u00f3n m\u00ednima de 720p (HD) \u2013 ideal sugerido 1920x1980p o al menos 1280x720p;<br \/>\n\u25cf Env\u00edo a trav\u00e9s de un <strong>enlace que permita la descarga<\/strong> del archivo.<\/p>\n<p style=\"text-align: justify;\"><strong>SELECCI\u00d3N<\/strong><br \/>\n\u25cf Ser\u00e1 realizada por una <strong>comisi\u00f3n internacional de evaluaci\u00f3n invitada<\/strong>;<br \/>\n\u25cfEl resultado se dar\u00e1 a conocer el <strong>30 de julio del 2025<\/strong> en las p\u00e1ginas institucionales de FIVRS, PPGArtes UFPel y ECARTA, as\u00ed como en sus redes sociales.<\/p>\n<p style=\"text-align: left;\"><strong>INSCRIPCIONES<\/strong><br \/>\nExtendidas hasta <strong><span style=\"color: #ff00ff;\">15 de julio de 2025<\/span><\/strong>, inclusive, mediante el formulario: <span style=\"color: #ff00ff;\"><a style=\"color: #ff00ff;\" href=\"https:\/\/forms.gle\/1x1eyUyzVEEaVuVe7\">https:\/\/forms.gle\/1x1eyUyzVEEaVuVe7<\/a><\/span><\/p>\n<p><strong>CRONOGRAMA<\/strong><br \/>\n<span style=\"font-size: 11pt;\">29 de abril de 2025\u00a0 \u00a0 \u00a0 \u00a0 \u00a0 \u00a0 \u00a0 \u00a0 \u00a0 \u00a0 \u00a0 \u00a0 \u00a0 \u00a0 \u00a0 \u00a0 \u00a0 \u00a0 \u00a0 \u00a0 \u00a0 \u00a0 \u00a0 \u00a0 \u00a0 \u00a0Publicaci\u00f3n de la convocatoria<\/span><br \/>\n<span style=\"font-size: 11pt;\">29 de abril al <span style=\"color: #ff00ff;\"><strong>15 de julio de 2025<\/strong><\/span>\u00a0 \u00a0 \u00a0 \u00a0 \u00a0 \u00a0 \u00a0 \u00a0 \u00a0 \u00a0 \u00a0 Env\u00edo de las videodanzas<\/span><br \/>\n<span style=\"font-size: 11pt;\">23 de julio del 2025\u00a0 \u00a0 \u00a0 \u00a0 \u00a0 \u00a0 \u00a0 \u00a0 \u00a0 \u00a0 \u00a0 \u00a0 \u00a0 \u00a0 \u00a0 \u00a0 \u00a0 \u00a0 \u00a0 \u00a0 \u00a0 \u00a0 \u00a0 \u00a0 \u00a0 \u00a0Resultado de la selecci\u00f3n<\/span><br \/>\n<span style=\"font-size: 11pt;\">21 de agosto al 21 de septiembre de 2025\u00a0 \u00a0 Exposici\u00f3n en ECARTA &#8211; Porto Alegre, RS<\/span><br \/>\n<span style=\"font-size: 11pt;\">21 de agosto al 21 de septiembre de 2025 \u00a0 \u00a0Exhibici\u00f3n en el canal YouTube del FIVRS<\/span><\/p>\n<p><strong>ORGANIZACI\u00d3N<\/strong><br \/>\n<strong>Directoras<\/strong><br \/>\nCarmen Anita Hoffmann \u2013 UFPel<br \/>\nRos\u00e2ngela Fachel \u2013 UFPel<\/p>\n<p><strong>Comisi\u00f3n organizadora<\/strong><br \/>\nCarmen Anita Hoffmann \u2013 UFPel<br \/>\nRos\u00e2ngela Fachel \u2013 UFPel<br \/>\nM\u00f4nica Fagundes Dantas &#8211; UFRGS<br \/>\nAna Sede\u00f1o-Valdell\u00f3s &#8211; Universidad de M\u00e1laga<br \/>\nCarlise Scalamato \u2013 UFSM<br \/>\nRebeca Recuero \u2013 UFPel<br \/>\nLuana Echevengua Arrieche &#8211; IFSul<br \/>\nHamilton Bittencourt \u2013 UFPel<br \/>\nPedro Tavares Filho \u2013 UFPel<br \/>\nLarissa Schip \u2013 UFPel<br \/>\nMarcos J\u00falio Fuhr \u2013 Funda\u00e7\u00e3o ECARTA<br \/>\nAndr\u00e9 Venzon \u2013 Funda\u00e7\u00e3o ECARTA<br \/>\nVal\u00e9ria Och\u00f4a \u2013 Funda\u00e7\u00e3o ECARTA<br \/>\nStela Pastore \u2013 Funda\u00e7\u00e3o ECARTA<br \/>\nElisabete Crucillo \u2013 Funda\u00e7\u00e3o ECARTA<\/p>\n<div style=\"background-color: #f04323; height: 20px; width: 100%; text-align: justify;\"><\/div>\n","protected":false},"excerpt":{"rendered":"<p>6\u00ba Festival Internacional de Videodanza do RS \u2013 FIVRS 2025 https:\/\/www.instagram.com\/fivrs.videodanca\/ https:\/\/www.facebook.com\/1o.FIVRS\/ https:\/\/wp.ufpel.edu.br\/fivrs\/ Inscripciones extendidas hasta el 15 de julio de 2025 Esta convocatoria tiene como objetivo seleccionar la videodanza \u2013 en su amplio espectro de cobertura audiovisual \u2013 para el 6\u00ba Festival Internacional de Videodanza de RS \u2013 FIVRS 2025, evento realizado por el &hellip; <\/p>\n<p class=\"link-more\"><a href=\"https:\/\/wp.ufpel.edu.br\/fivrs\/es\/inicio-espanol\/\" class=\"more-link\">Continue lendo<span class=\"screen-reader-text\"> &#8220;In\u00edcio &#8211; Espa\u00f1ol&#8221;<\/span><\/a><\/p>\n","protected":false},"author":1047,"featured_media":0,"parent":0,"menu_order":0,"comment_status":"closed","ping_status":"closed","template":"","meta":{"footnotes":""},"class_list":["post-288","page","type-page","status-publish","hentry"],"_links":{"self":[{"href":"https:\/\/wp.ufpel.edu.br\/fivrs\/wp-json\/wp\/v2\/pages\/288","targetHints":{"allow":["GET"]}}],"collection":[{"href":"https:\/\/wp.ufpel.edu.br\/fivrs\/wp-json\/wp\/v2\/pages"}],"about":[{"href":"https:\/\/wp.ufpel.edu.br\/fivrs\/wp-json\/wp\/v2\/types\/page"}],"author":[{"embeddable":true,"href":"https:\/\/wp.ufpel.edu.br\/fivrs\/wp-json\/wp\/v2\/users\/1047"}],"replies":[{"embeddable":true,"href":"https:\/\/wp.ufpel.edu.br\/fivrs\/wp-json\/wp\/v2\/comments?post=288"}],"version-history":[{"count":7,"href":"https:\/\/wp.ufpel.edu.br\/fivrs\/wp-json\/wp\/v2\/pages\/288\/revisions"}],"predecessor-version":[{"id":343,"href":"https:\/\/wp.ufpel.edu.br\/fivrs\/wp-json\/wp\/v2\/pages\/288\/revisions\/343"}],"wp:attachment":[{"href":"https:\/\/wp.ufpel.edu.br\/fivrs\/wp-json\/wp\/v2\/media?parent=288"}],"curies":[{"name":"wp","href":"https:\/\/api.w.org\/{rel}","templated":true}]}}