{"id":43,"date":"2020-02-19T10:15:16","date_gmt":"2020-02-19T13:15:16","guid":{"rendered":"https:\/\/wp.ufpel.edu.br\/fisioterapia\/?page_id=43"},"modified":"2024-09-04T15:20:15","modified_gmt":"2024-09-04T18:20:15","slug":"contato","status":"publish","type":"page","link":"https:\/\/wp.ufpel.edu.br\/fisioterapia\/contato\/","title":{"rendered":"Contato"},"content":{"rendered":"<p>O colegiado do curso de Fisioterapia est\u00e1 prestando atendimento on-line.<\/p>\n<p>Escreva que responderemos a voc\u00ea!<\/p>\n<p>Colegiado do curso: <strong>fisioterapia@ufpel.edu.br<\/strong><\/p>\n<p>Cl\u00ednica de Fisioterapia: <strong>clinicafisioterapia@ufpel.edu.br<\/strong><\/p>\n","protected":false},"excerpt":{"rendered":"<p>O colegiado do curso de Fisioterapia est\u00e1 prestando atendimento on-line. Escreva que responderemos a voc\u00ea! Colegiado do curso: fisioterapia@ufpel.edu.br Cl\u00ednica de Fisioterapia: clinicafisioterapia@ufpel.edu.br<\/p>\n","protected":false},"author":982,"featured_media":0,"parent":0,"menu_order":0,"comment_status":"closed","ping_status":"closed","template":"","meta":{"jetpack_post_was_ever_published":false,"footnotes":""},"class_list":["post-43","page","type-page","status-publish","hentry"],"jetpack_sharing_enabled":true,"_links":{"self":[{"href":"https:\/\/wp.ufpel.edu.br\/fisioterapia\/wp-json\/wp\/v2\/pages\/43","targetHints":{"allow":["GET"]}}],"collection":[{"href":"https:\/\/wp.ufpel.edu.br\/fisioterapia\/wp-json\/wp\/v2\/pages"}],"about":[{"href":"https:\/\/wp.ufpel.edu.br\/fisioterapia\/wp-json\/wp\/v2\/types\/page"}],"author":[{"embeddable":true,"href":"https:\/\/wp.ufpel.edu.br\/fisioterapia\/wp-json\/wp\/v2\/users\/982"}],"replies":[{"embeddable":true,"href":"https:\/\/wp.ufpel.edu.br\/fisioterapia\/wp-json\/wp\/v2\/comments?post=43"}],"version-history":[{"count":6,"href":"https:\/\/wp.ufpel.edu.br\/fisioterapia\/wp-json\/wp\/v2\/pages\/43\/revisions"}],"predecessor-version":[{"id":1419,"href":"https:\/\/wp.ufpel.edu.br\/fisioterapia\/wp-json\/wp\/v2\/pages\/43\/revisions\/1419"}],"wp:attachment":[{"href":"https:\/\/wp.ufpel.edu.br\/fisioterapia\/wp-json\/wp\/v2\/media?parent=43"}],"curies":[{"name":"wp","href":"https:\/\/api.w.org\/{rel}","templated":true}]}}