{"id":386,"date":"2021-11-11T13:47:25","date_gmt":"2021-11-11T16:47:25","guid":{"rendered":"https:\/\/wp.ufpel.edu.br\/fisioterapia\/?page_id=386"},"modified":"2024-01-29T15:43:43","modified_gmt":"2024-01-29T18:43:43","slug":"duvidas-frequentes","status":"publish","type":"page","link":"https:\/\/wp.ufpel.edu.br\/fisioterapia\/duvidas-frequentes\/","title":{"rendered":"D\u00favidas frequentes"},"content":{"rendered":"<p style=\"text-align: justify;\">Abaixo listamos algumas d\u00favidas mais frequentes. Caso n\u00e3o encontre o que procurava escreva para fisioterapia@ufpel.edu.br que iremos te ajudar:<\/p>\n<ul>\n<li style=\"text-align: justify;\"><strong>Como fa\u00e7o para obter <span style=\"color: #ff0000;\">atestado de matr\u00edcula<\/span>?\u00a0<\/strong>O pr\u00f3prio acad\u00eamico pode baixar o seu atestado de matr\u00edcula atrav\u00e9s do cobalto. O atestado apresenta c\u00f3digo validador ao final da p\u00e1gina, n\u00e3o sendo necess\u00e1ria a assinatura pelo coordenador do curso. Para isso o (a) discente dever\u00e1: fazer\u00a0<i>login<\/i> no sistema acad\u00eamico, acessar o menu \u201cAluno\/Consultas\/Matr\u00edcula\u201d e clicar em \u201cImprimir\u201d, ser\u00e1 gerado um arquivo no formato PDF.<\/li>\n<\/ul>\n<ul>\n<li><strong><a href=\"https:\/\/wp.ufpel.edu.br\/cra\/trancamentos\/\">Como fa\u00e7o para <span style=\"color: #ff0000;\">trancar uma disciplina<\/span>?<\/a><\/strong><\/li>\n<\/ul>\n<ul>\n<li><strong><a href=\"https:\/\/wp.ufpel.edu.br\/cra\/trancamentos\/\">Como fa\u00e7o para <span style=\"color: #ff0000;\">trancar o curso<\/span> (Trancamento Geral de Matr\u00edcula &#8211; TGM)?<\/a> \u00a0<\/strong>Clique na pergunta e saiba mais.<\/li>\n<\/ul>\n<ul>\n<li style=\"text-align: justify;\"><strong><a href=\"https:\/\/wp.ufpel.edu.br\/cra\/matricula\/\">Como fa\u00e7o para solicitar <span style=\"color: #ff0000;\">matr\u00edcula especial<\/span>?<\/a><\/strong> Clique na pergunta e saiba mais.<\/li>\n<\/ul>\n<ul>\n<li><strong><a href=\"https:\/\/wp.ufpel.edu.br\/cra\/informacoes-academicas\/avaliacao-segunda-chamada\/\">Como fa\u00e7o para solicitar <span style=\"color: #ff0000;\">segunda chamada de uma avalia\u00e7\u00e3o perdida<\/span>?<\/a><\/strong> Clique na pergunta e saiba mais.<\/li>\n<\/ul>\n<ul>\n<li><strong><a href=\"https:\/\/wp.ufpel.edu.br\/cra\/informacoes-academicas\/exercicios-domiciliares\/\">Como fa\u00e7o para solicitar <\/a><span style=\"color: #ff0000;\">exerc\u00edcios domiciliares?<\/span><\/strong><\/li>\n<\/ul>\n<ul>\n<li style=\"text-align: justify;\"><strong><a href=\"https:\/\/wp.ufpel.edu.br\/cra\/informacoes-academicas\/aproveitamento-de-disciplina\/\">Como fa\u00e7o para <span style=\"color: #ff0000;\">aproveitar disciplinas<\/span> cursadas em outro curso e\/ou outra institui\u00e7\u00e3o?<\/a><\/strong> Clique na pergunta e saiba mais<\/li>\n<\/ul>\n<ul style=\"text-align: justify;\">\n<li><a href=\"https:\/\/wp.ufpel.edu.br\/cra\/transferencia-voluntaria\/\"><strong>Quero saber informa\u00e7\u00f5es sobre <span style=\"color: #ff0000;\">transfer\u00eancia<\/span> vindo de outra institui\u00e7\u00e3o.<\/strong><\/a> Clique na pergunta e saiba mais. IMPORTANTE: As vagas para ingresso nos cursos da UFPel s\u00e3o publicadas e definidas pela Coordena\u00e7\u00e3o de Registros Acad\u00eamicos (CRA). Acesse <a style=\"text-align: justify; color: #000000;\" href=\"https:\/\/wp.ufpel.edu.br\/cra\/\">https:\/\/wp.ufpel.edu.br\/cra\/<\/a><\/li>\n<\/ul>\n<ul style=\"text-align: justify;\">\n<li><strong><a href=\"https:\/\/wp.ufpel.edu.br\/cra\/reopcao\/\">Quero saber informa\u00e7\u00f5es sobre <span style=\"color: #ff0000;\">reop\u00e7\u00e3o<\/span> de curso. <\/a><\/strong>Clique na pergunta e saiba mais. IMPORTANTE: As vagas para ingresso nos cursos da UFPel s\u00e3o publicadas e definidas pela Coordena\u00e7\u00e3o de Registros Acad\u00eamicos (CRA). Acesse <a style=\"text-align: justify; color: #000000;\" href=\"https:\/\/wp.ufpel.edu.br\/cra\/\">https:\/\/wp.ufpel.edu.br\/cra\/<\/a><\/li>\n<\/ul>\n<ul style=\"text-align: justify;\">\n<li><strong><a href=\"https:\/\/wp.ufpel.edu.br\/cra\/portador-de-diploma\/\">Quero saber informa\u00e7\u00f5es sobre ingresso como <span style=\"color: #ff0000;\">portador de diploma<\/span>.<\/a><\/strong>\u00a0Clique na pergunta e saiba mais. IMPORTANTE: As vagas para ingresso nos cursos da UFPel s\u00e3o publicadas e definidas pela Coordena\u00e7\u00e3o de Registros Acad\u00eamicos (CRA). Acesse <a style=\"text-align: justify; color: #000000;\" href=\"https:\/\/wp.ufpel.edu.br\/cra\/\">https:\/\/wp.ufpel.edu.br\/cra\/<\/a><\/li>\n<\/ul>\n<ul style=\"text-align: justify;\">\n<li style=\"text-align: justify;\"><strong>Quais as linhas e hor\u00e1rios do <span style=\"color: #ff0000;\">transporte de apoio<\/span> da UFPel?<\/strong>\u00a0 Para saber sobre os hor\u00e1rios dos \u00f4nibus que circulam entre os campi da UFPel clique\u00a0 no link\u00a0 a seguir do site do N\u00facleo de Transporte da UFPel (NUTRANS): <a href=\"https:\/\/wp.ufpel.edu.br\/transporte\/transporte-apoio\/\">https:\/\/wp.ufpel.edu.br\/transporte\/transporte-apoio\/<\/a><\/li>\n<\/ul>\n<ul>\n<li style=\"text-align: justify;\"><strong>Com qual setor devo entrar em contato para saber sobre <span style=\"color: #ff0000;\">aux\u00edlio estudantil<\/span>?<\/strong> Para obter informa\u00e7\u00f5es sobre os diversos aux\u00edlios ao estudante (transporte, moradia, etc) deve-se contatar a Pr\u00f3-Reitoria de Assuntos Estudantis (PRAE), clique no link a seguir: <a href=\"https:\/\/wp.ufpel.edu.br\/prae\/\">https:\/\/wp.ufpel.edu.br\/prae\/<\/a><\/li>\n<\/ul>\n<ul>\n<li style=\"text-align: justify;\"><strong>Onde est\u00e3o localizados os <span style=\"color: #ff0000;\">Restaurantes Universit\u00e1rios<\/span> <span style=\"color: #ff0000;\">(RUs)<\/span> e quais hor\u00e1rios de funcionamento?<\/strong> Acesse a p\u00e1gina da Pr\u00f3-Reitoria de Assuntos Estudantis (PRAE) a seguir: <a href=\"https:\/\/wp.ufpel.edu.br\/prae\/restaurante-universitario\/enderecos\/\">https:\/\/wp.ufpel.edu.br\/prae\/restaurante-universitario\/enderecos\/\u00a0<\/a><\/li>\n<\/ul>\n<ul>\n<li style=\"text-align: justify;\"><strong>Onde fazer a<span style=\"color: #ff0000;\"> foto para a carteirinha de identifica\u00e7\u00e3o<\/span> de estudante da UFPel?<\/strong> A fotografia para o documento de identifica\u00e7\u00e3o da UFPel poder\u00e1 ser enviada pelo <a href=\"https:\/\/cobalto.ufpel.edu.br\/\">sistema Cobalto<\/a>. A novidade vem para desburocratizar o processo. Anteriormente, a fotografia era obrigatoriamente feita em uma das bibliotecas da Universidade. Agora, o estudante poder\u00e1 enviar sua pr\u00f3pria fotografia, acessando o menu Servi\u00e7os Gerais \u2192 Cadastros \u2192 Envio de foto para o Crach\u00e1 (localizado \u00e0 esquerda). O passo a passo est\u00e1 explicado\u00a0<a href=\"https:\/\/wikicobalto.ufpel.edu.br\/suporte:sg:atualizafoto\">aqui<\/a>.<\/li>\n<\/ul>\n","protected":false},"excerpt":{"rendered":"<p>Abaixo listamos algumas d\u00favidas mais frequentes. Caso n\u00e3o encontre o que procurava escreva para fisioterapia@ufpel.edu.br que iremos te ajudar: Como fa\u00e7o para obter atestado de matr\u00edcula?\u00a0O pr\u00f3prio acad\u00eamico pode baixar o seu atestado de matr\u00edcula atrav\u00e9s do cobalto. O atestado apresenta c\u00f3digo validador ao final da p\u00e1gina, n\u00e3o sendo necess\u00e1ria a assinatura pelo coordenador do [&hellip;]<\/p>\n","protected":false},"author":982,"featured_media":0,"parent":0,"menu_order":0,"comment_status":"closed","ping_status":"closed","template":"","meta":{"jetpack_post_was_ever_published":false,"footnotes":""},"class_list":["post-386","page","type-page","status-publish","hentry"],"jetpack_sharing_enabled":true,"_links":{"self":[{"href":"https:\/\/wp.ufpel.edu.br\/fisioterapia\/wp-json\/wp\/v2\/pages\/386","targetHints":{"allow":["GET"]}}],"collection":[{"href":"https:\/\/wp.ufpel.edu.br\/fisioterapia\/wp-json\/wp\/v2\/pages"}],"about":[{"href":"https:\/\/wp.ufpel.edu.br\/fisioterapia\/wp-json\/wp\/v2\/types\/page"}],"author":[{"embeddable":true,"href":"https:\/\/wp.ufpel.edu.br\/fisioterapia\/wp-json\/wp\/v2\/users\/982"}],"replies":[{"embeddable":true,"href":"https:\/\/wp.ufpel.edu.br\/fisioterapia\/wp-json\/wp\/v2\/comments?post=386"}],"version-history":[{"count":18,"href":"https:\/\/wp.ufpel.edu.br\/fisioterapia\/wp-json\/wp\/v2\/pages\/386\/revisions"}],"predecessor-version":[{"id":1329,"href":"https:\/\/wp.ufpel.edu.br\/fisioterapia\/wp-json\/wp\/v2\/pages\/386\/revisions\/1329"}],"wp:attachment":[{"href":"https:\/\/wp.ufpel.edu.br\/fisioterapia\/wp-json\/wp\/v2\/media?parent=386"}],"curies":[{"name":"wp","href":"https:\/\/api.w.org\/{rel}","templated":true}]}}