{"id":2,"date":"2020-02-12T10:05:41","date_gmt":"2020-02-12T13:05:41","guid":{"rendered":"https:\/\/wp.ufpel.edu.br\/fisioterapia\/?page_id=2"},"modified":"2020-02-18T11:08:45","modified_gmt":"2020-02-18T14:08:45","slug":"pagina-exemplo","status":"publish","type":"page","link":"https:\/\/wp.ufpel.edu.br\/fisioterapia\/pagina-exemplo\/","title":{"rendered":"Dados de Identifica\u00e7\u00e3o do Curso"},"content":{"rendered":"\r\n<h2><strong>Seja bem-vindo ao Curso de Fisioterapia da UFPel!\u00a0<\/strong><\/h2>\r\n<p>Abaixo apresentamos algumas informa\u00e7\u00f5es de identifica\u00e7\u00e3o do curso:<\/p>\r\n<p>Curso: Bacharelado em Fisioterapia<\/p>\r\n<p>C\u00f3digo: 1515612<\/p>\r\n<p>Unidade: Escola Superior de Educa\u00e7\u00e3o F\u00edsica (ESEF)<\/p>\r\n<p>Coordenador do Colegiado: Fernando Carlos Vinholes Siqueira<\/p>\r\n<p>N\u00famero de Vagas do Curso: 40 vagas<\/p>\r\n<p>Modalidade: presencial<\/p>\r\n<p>Regime acad\u00eamico: semestral\u00a0<\/p>\r\n<p>Carga Hor\u00e1ria Total: 4005 horas<\/p>\r\n<p>Turno de Funcionamento: Integral<\/p>\r\n<p>Tempo de Integraliza\u00e7\u00e3o: m\u00ednimo 10 semestres e m\u00e1ximo 17 semestres.<\/p>\r\n<p>Ato de autoriza\u00e7\u00e3o do curso: Parecer favor\u00e1vel do Conselho Coordenador do Ensino, da Pesquisa e da Extens\u00e3o (COCEPE) no dia 07 de novembro de 2019 (Processo SEI n\u00ba. 23110.045270\/2019-16).<\/p>\r\n<p>Formas de ingresso: SiSU\/PAVE; resolu\u00e7\u00e3o n\u00ba5 de 11 de fevereiro de 2016, que disp\u00f5es sobre os crit\u00e9rios e procedimentos de sele\u00e7\u00e3o para ingresso de reop\u00e7\u00e3o, transfer\u00eancia, reingresso, e portador de diploma de curso superior; resolu\u00e7\u00e3o n\u00ba15 de7 de maio de 2015 do COCEPE destinada \u00e0 estudante ind\u00edgena e quilombolas.<\/p>\r\n","protected":false},"excerpt":{"rendered":"<p>Seja bem-vindo ao Curso de Fisioterapia da UFPel!\u00a0 Abaixo apresentamos algumas informa\u00e7\u00f5es de identifica\u00e7\u00e3o do curso: Curso: Bacharelado em Fisioterapia C\u00f3digo: 1515612 Unidade: Escola Superior de Educa\u00e7\u00e3o F\u00edsica (ESEF) Coordenador do Colegiado: Fernando Carlos Vinholes Siqueira N\u00famero de Vagas do Curso: 40 vagas Modalidade: presencial Regime acad\u00eamico: semestral\u00a0 Carga Hor\u00e1ria Total: 4005 horas Turno de [&hellip;]<\/p>\n","protected":false},"author":982,"featured_media":0,"parent":0,"menu_order":0,"comment_status":"closed","ping_status":"closed","template":"","meta":{"jetpack_post_was_ever_published":false,"footnotes":""},"class_list":["post-2","page","type-page","status-publish","hentry"],"jetpack_sharing_enabled":true,"_links":{"self":[{"href":"https:\/\/wp.ufpel.edu.br\/fisioterapia\/wp-json\/wp\/v2\/pages\/2","targetHints":{"allow":["GET"]}}],"collection":[{"href":"https:\/\/wp.ufpel.edu.br\/fisioterapia\/wp-json\/wp\/v2\/pages"}],"about":[{"href":"https:\/\/wp.ufpel.edu.br\/fisioterapia\/wp-json\/wp\/v2\/types\/page"}],"author":[{"embeddable":true,"href":"https:\/\/wp.ufpel.edu.br\/fisioterapia\/wp-json\/wp\/v2\/users\/982"}],"replies":[{"embeddable":true,"href":"https:\/\/wp.ufpel.edu.br\/fisioterapia\/wp-json\/wp\/v2\/comments?post=2"}],"version-history":[{"count":3,"href":"https:\/\/wp.ufpel.edu.br\/fisioterapia\/wp-json\/wp\/v2\/pages\/2\/revisions"}],"predecessor-version":[{"id":24,"href":"https:\/\/wp.ufpel.edu.br\/fisioterapia\/wp-json\/wp\/v2\/pages\/2\/revisions\/24"}],"wp:attachment":[{"href":"https:\/\/wp.ufpel.edu.br\/fisioterapia\/wp-json\/wp\/v2\/media?parent=2"}],"curies":[{"name":"wp","href":"https:\/\/api.w.org\/{rel}","templated":true}]}}