{"id":1234,"date":"2023-09-12T09:22:12","date_gmt":"2023-09-12T12:22:12","guid":{"rendered":"https:\/\/wp.ufpel.edu.br\/fisioterapia\/?page_id=1234"},"modified":"2023-09-12T09:22:12","modified_gmt":"2023-09-12T12:22:12","slug":"normas-de-uso-dos-laboratorios","status":"publish","type":"page","link":"https:\/\/wp.ufpel.edu.br\/fisioterapia\/normas-de-uso-dos-laboratorios\/","title":{"rendered":"Normas de uso dos Laborat\u00f3rios"},"content":{"rendered":"\n<p>A coordena\u00e7\u00e3o do curso de Fisioterapia da Universidade Federal de Pelotas (UFPel), juntamente com docentes do mesmo, pelo presente apresenta as normas para utiliza\u00e7\u00e3o do Laborat\u00f3rio de Cinesioterapia e Recursos Terap\u00eauticos Manuais e Laborat\u00f3rio de Recursos Terap\u00eauticos e Fisioterapia Dermatofuncional, para do uso destes pelos discentes e docentes em atividades de ensino, pesquisa e extens\u00e3o.<\/p>\n\n\n\n<p><a href=\"https:\/\/wp.ufpel.edu.br\/fisioterapia\/files\/2023\/09\/NORMAS-LABORATORIOS.pdf\"><strong>Clique aqui e acesse as Normas de Laborat\u00f3rio<\/strong><\/a><\/p>\n","protected":false},"excerpt":{"rendered":"<p>A coordena\u00e7\u00e3o do curso de Fisioterapia da Universidade Federal de Pelotas (UFPel), juntamente com docentes do mesmo, pelo presente apresenta as normas para utiliza\u00e7\u00e3o do Laborat\u00f3rio de Cinesioterapia e Recursos Terap\u00eauticos Manuais e Laborat\u00f3rio de Recursos Terap\u00eauticos e Fisioterapia Dermatofuncional, para do uso destes pelos discentes e docentes em atividades de ensino, pesquisa e extens\u00e3o. [&hellip;]<\/p>\n","protected":false},"author":982,"featured_media":0,"parent":0,"menu_order":0,"comment_status":"closed","ping_status":"closed","template":"","meta":{"jetpack_post_was_ever_published":false,"footnotes":""},"class_list":["post-1234","page","type-page","status-publish","hentry"],"jetpack_sharing_enabled":true,"_links":{"self":[{"href":"https:\/\/wp.ufpel.edu.br\/fisioterapia\/wp-json\/wp\/v2\/pages\/1234","targetHints":{"allow":["GET"]}}],"collection":[{"href":"https:\/\/wp.ufpel.edu.br\/fisioterapia\/wp-json\/wp\/v2\/pages"}],"about":[{"href":"https:\/\/wp.ufpel.edu.br\/fisioterapia\/wp-json\/wp\/v2\/types\/page"}],"author":[{"embeddable":true,"href":"https:\/\/wp.ufpel.edu.br\/fisioterapia\/wp-json\/wp\/v2\/users\/982"}],"replies":[{"embeddable":true,"href":"https:\/\/wp.ufpel.edu.br\/fisioterapia\/wp-json\/wp\/v2\/comments?post=1234"}],"version-history":[{"count":1,"href":"https:\/\/wp.ufpel.edu.br\/fisioterapia\/wp-json\/wp\/v2\/pages\/1234\/revisions"}],"predecessor-version":[{"id":1239,"href":"https:\/\/wp.ufpel.edu.br\/fisioterapia\/wp-json\/wp\/v2\/pages\/1234\/revisions\/1239"}],"wp:attachment":[{"href":"https:\/\/wp.ufpel.edu.br\/fisioterapia\/wp-json\/wp\/v2\/media?parent=1234"}],"curies":[{"name":"wp","href":"https:\/\/api.w.org\/{rel}","templated":true}]}}