{"id":1097,"date":"2023-07-07T10:11:46","date_gmt":"2023-07-07T13:11:46","guid":{"rendered":"https:\/\/wp.ufpel.edu.br\/fisioterapia\/?page_id=1097"},"modified":"2023-07-07T10:40:09","modified_gmt":"2023-07-07T13:40:09","slug":"grupos-de-estudo","status":"publish","type":"page","link":"https:\/\/wp.ufpel.edu.br\/fisioterapia\/grupos-de-estudo\/","title":{"rendered":"Grupos de Estudos"},"content":{"rendered":"\n<figure class=\"wp-block-embed is-type-wp-embed is-provider-curso-de-fisioterapia wp-block-embed-curso-de-fisioterapia\"><div class=\"wp-block-embed__wrapper\">\n<blockquote class=\"wp-embedded-content\" data-secret=\"xgZqmzwKvP\"><a href=\"https:\/\/wp.ufpel.edu.br\/fisioterapia\/grupo-de-estudos-em-avaliacao-e-reabilitacao-do-aparelho-locomotor-gearal\/\">Grupo de Estudos em Avalia\u00e7\u00e3o e Reabilita\u00e7\u00e3o do Aparelho Locomotor (GEARAL)<\/a><\/blockquote><iframe class=\"wp-embedded-content\" sandbox=\"allow-scripts\" security=\"restricted\" style=\"position: absolute; clip: rect(1px, 1px, 1px, 1px);\" title=\"&#8220;Grupo de Estudos em Avalia\u00e7\u00e3o e Reabilita\u00e7\u00e3o do Aparelho Locomotor (GEARAL)&#8221; &#8212; Curso de Fisioterapia\" src=\"https:\/\/wp.ufpel.edu.br\/fisioterapia\/grupo-de-estudos-em-avaliacao-e-reabilitacao-do-aparelho-locomotor-gearal\/embed\/#?secret=tJje63gJoJ#?secret=xgZqmzwKvP\" data-secret=\"xgZqmzwKvP\" width=\"500\" height=\"282\" frameborder=\"0\" marginwidth=\"0\" marginheight=\"0\" scrolling=\"no\"><\/iframe>\n<\/div><\/figure>\n","protected":false},"excerpt":{"rendered":"","protected":false},"author":982,"featured_media":0,"parent":0,"menu_order":0,"comment_status":"closed","ping_status":"closed","template":"","meta":{"jetpack_post_was_ever_published":false,"footnotes":""},"class_list":["post-1097","page","type-page","status-publish","hentry"],"jetpack_sharing_enabled":true,"_links":{"self":[{"href":"https:\/\/wp.ufpel.edu.br\/fisioterapia\/wp-json\/wp\/v2\/pages\/1097","targetHints":{"allow":["GET"]}}],"collection":[{"href":"https:\/\/wp.ufpel.edu.br\/fisioterapia\/wp-json\/wp\/v2\/pages"}],"about":[{"href":"https:\/\/wp.ufpel.edu.br\/fisioterapia\/wp-json\/wp\/v2\/types\/page"}],"author":[{"embeddable":true,"href":"https:\/\/wp.ufpel.edu.br\/fisioterapia\/wp-json\/wp\/v2\/users\/982"}],"replies":[{"embeddable":true,"href":"https:\/\/wp.ufpel.edu.br\/fisioterapia\/wp-json\/wp\/v2\/comments?post=1097"}],"version-history":[{"count":3,"href":"https:\/\/wp.ufpel.edu.br\/fisioterapia\/wp-json\/wp\/v2\/pages\/1097\/revisions"}],"predecessor-version":[{"id":1115,"href":"https:\/\/wp.ufpel.edu.br\/fisioterapia\/wp-json\/wp\/v2\/pages\/1097\/revisions\/1115"}],"wp:attachment":[{"href":"https:\/\/wp.ufpel.edu.br\/fisioterapia\/wp-json\/wp\/v2\/media?parent=1097"}],"curies":[{"name":"wp","href":"https:\/\/api.w.org\/{rel}","templated":true}]}}