{"id":358,"date":"2017-07-19T09:47:21","date_gmt":"2017-07-19T12:47:21","guid":{"rendered":"https:\/\/wp.ufpel.edu.br\/fisiologiavegetal\/?page_id=358"},"modified":"2025-11-26T09:56:58","modified_gmt":"2025-11-26T12:56:58","slug":"documentos","status":"publish","type":"page","link":"https:\/\/wp.ufpel.edu.br\/fisiologiavegetal\/documentos\/","title":{"rendered":"Documentos"},"content":{"rendered":"<ul>\n<li><strong>Regimento PPGFV<\/strong> NOVO &#8211; <strong>2025 <\/strong>(v\u00e1lido para ingressantes a partir de 2026-1) <a href=\"https:\/\/wp.ufpel.edu.br\/fisiologiavegetal\/files\/2025\/11\/Regimento_2025_NOVO.pdf\">Regimento_2025_NOVO<\/a><\/li>\n<li><strong>Regimento PPGFV<\/strong> &#8211; <strong>2023\u00a0<\/strong>(v\u00e1lido para ingressantes a partir de 2024-1 at\u00e9 2025-2) <a href=\"https:\/\/wp.ufpel.edu.br\/fisiologiavegetal\/files\/2023\/12\/REGIMEMTO_PPGFV_2023.pdf\">REGIMEMTO_PPGFV_2023<\/a><\/li>\n<li>Regimento Geral da PG da UFPel <a href=\"https:\/\/wp.ufpel.edu.br\/fisiologiavegetal\/files\/2025\/05\/AA-Regimento_Geral_PG_UFPEL_2024.pdf\">AA Regimento_Geral_PG_UFPEL_2024<\/a><\/li>\n<\/ul>\n<p>&nbsp;<\/p>\n<ul>\n<li><strong>Formul\u00e1rio de Inscri\u00e7\u00e3o para Sele\u00e7\u00e3o (MS\/DR)<\/strong> <a href=\"https:\/\/wp.ufpel.edu.br\/fisiologiavegetal\/files\/2017\/07\/6a8179c0aa.doc\">Inscricao<\/a><\/li>\n<li><a href=\"https:\/\/wp.ufpel.edu.br\/fisiologiavegetal\/files\/2017\/07\/5497397637.xls\">Planilha de Avaliacao do Curriculo<\/a><\/li>\n<li><a href=\"https:\/\/wp.ufpel.edu.br\/fisiologiavegetal\/files\/2017\/07\/cd92bb60f2.doc\">Formulario para Declaracao de Etnia<\/a><\/li>\n<li><a href=\"https:\/\/wp.ufpel.edu.br\/fisiologiavegetal\/files\/2021\/05\/Autodeclaracao_de_Identidade_de_Genero.pdf\">Autodeclaracao_de_Identidade_de_Genero<\/a><\/li>\n<li><a href=\"https:\/\/wp.ufpel.edu.br\/fisiologiavegetal\/files\/2017\/07\/modelo-projeto-DR.doc\">modelo de projeto para candidatos ao DR<\/a><\/li>\n<\/ul>\n<p>&nbsp;<\/p>\n<ul>\n<li>Formul\u00e1rio de <strong><a href=\"https:\/\/wp.ufpel.edu.br\/fisiologiavegetal\/files\/2017\/07\/3032635a00.doc\">Indicacao Comissao Orientadora e Plano de Estudo<\/a><\/strong><\/li>\n<li>GRADE DE DISCIPLINAS <a href=\"https:\/\/wp.ufpel.edu.br\/fisiologiavegetal\/files\/2025\/07\/GRADE-Disciplinas-PPGFV-ATUAL.pdf\">GRADE Disciplinas PPGFV ATUAL<\/a><\/li>\n<li>Formulario de <a href=\"https:\/\/wp.ufpel.edu.br\/fisiologiavegetal\/files\/2017\/07\/b18937fac2.doc\">Encaminhamento de Projeto de Dissertacao ou Tese<\/a><\/li>\n<\/ul>\n<p>&nbsp;<\/p>\n<ul>\n<li>Normas para <strong>Exame de Qualifica\u00e7\u00e3o<\/strong>\u00a0<a href=\"https:\/\/wp.ufpel.edu.br\/fisiologiavegetal\/files\/2020\/05\/Normas-para-realizac\u0327a\u0303o-do-Exame-de-Qualificac\u0327a\u0303o-1.pdf\">Normas para realizac\u0327a\u0303o do Exame de Qualificac\u0327a\u0303o (1)<\/a><\/li>\n<li><strong>Formulario de <a href=\"https:\/\/wp.ufpel.edu.br\/fisiologiavegetal\/files\/2017\/07\/6b8affdd1f.doc\">Indicacao de Banca para o Exame de Qualificacao<\/a><\/strong><\/li>\n<\/ul>\n<p>&nbsp;<\/p>\n<ul>\n<li><strong>Formul\u00e1rio de indica\u00e7\u00e3o de bancas de defesa (MS\/DR)<\/strong> <a href=\"https:\/\/wp.ufpel.edu.br\/fisiologiavegetal\/files\/2023\/11\/Formulario_4A_-_Nomeacao_da_banca.docx\">Formulario_4A_-_Nomeacao_da_banca<\/a><\/li>\n<\/ul>\n<p>&nbsp;<\/p>\n<ul>\n<li style=\"list-style-type: none;\">\n<ul>\n<li>Formulario de <a href=\"https:\/\/wp.ufpel.edu.br\/fisiologiavegetal\/files\/2017\/07\/510c0d93fd.doc\">Aproveitamento de Creditos<\/a><\/li>\n<li>Formulario de <a href=\"https:\/\/wp.ufpel.edu.br\/fisiologiavegetal\/files\/2017\/07\/b0ca4a9f08.doc\">Cancelamento de Matricula<\/a><\/li>\n<li>Formulario de <a href=\"https:\/\/wp.ufpel.edu.br\/fisiologiavegetal\/files\/2017\/07\/f69e9b0518.doc\">Encaminhamento de Alteracao de Nivel<\/a><\/li>\n<li><a href=\"https:\/\/wp.ufpel.edu.br\/fisiologiavegetal\/files\/2017\/07\/Novas-exige\u0302ncias-nos-editais-da-Diretoria-de-Relac\u0327o\u0303es-Internacionais-Capes.-1.pdf\">Novas exige\u0302ncias nos editais da Diretoria de Relac\u0327o\u0303es Internacionais-Capes.<\/a><\/li>\n<\/ul>\n<\/li>\n<\/ul>\n<p>&nbsp;<\/p>\n<ul>\n<li>Formulario de <a href=\"https:\/\/wp.ufpel.edu.br\/fisiologiavegetal\/files\/2017\/07\/6b8affdd1f.doc\">Indicacao de Banca para o Exame de Qualificacao<\/a><\/li>\n<li>Formulario de <a href=\"https:\/\/wp.ufpel.edu.br\/fisiologiavegetal\/files\/2017\/07\/a13e2758c5.doc\">Inclusao de Disciplina<\/a><\/li>\n<li>Formulario de <a href=\"https:\/\/wp.ufpel.edu.br\/fisiologiavegetal\/files\/2017\/07\/df6cb29a05.doc\">Matricula<\/a><\/li>\n<li>Formulario de <a href=\"https:\/\/wp.ufpel.edu.br\/fisiologiavegetal\/files\/2017\/07\/7758f18d0b.doc\">Matricula para Alunos de Fora do Curso<\/a><\/li>\n<li>Formulario de <a href=\"https:\/\/wp.ufpel.edu.br\/fisiologiavegetal\/files\/2017\/07\/6e52bdba0c.doc\">Trancamento de Matricula<\/a><\/li>\n<li><a href=\"https:\/\/wp.ufpel.edu.br\/fisiologiavegetal\/files\/2023\/11\/MODELO-carta-recomendac\u0327a\u0303o.pdf\">MODELO &#8211; carta recomendac\u0327a\u0303o<\/a><\/li>\n<li><a href=\"https:\/\/wp.ufpel.edu.br\/fisiologiavegetal\/files\/2017\/07\/modelo-projeto-DR.doc\">modelo de projeto para candidatos ao DR<\/a><\/li>\n<li>Formulario de <a href=\"https:\/\/wp.ufpel.edu.br\/fisiologiavegetal\/files\/2017\/07\/c1c20d957a.doc\">Requerimento de Alunos<\/a><\/li>\n<li>Logo <a href=\"https:\/\/wp.ufpel.edu.br\/fisiologiavegetal\/files\/2017\/07\/26cde064c0.jpg\">PPGFV<\/a><\/li>\n<li>Logo <a href=\"http:\/\/ccs2.ufpel.edu.br\/wp\/identidade-visual-ufpel\/\" target=\"_blank\" rel=\"noopener noreferrer\">UFPel<\/a><\/li>\n<\/ul>\n<p>&nbsp;<\/p>\n<ul>\n<li><strong>MANUAL DE NORMAS &#8211; elabora\u00e7\u00e3o de trabalhos finais<\/strong>\u00a0\u00a0<a href=\"https:\/\/wp.ufpel.edu.br\/fisiologiavegetal\/files\/2023\/11\/Manual_2434450_Manual_Versao_Final_2__18_10_2023.pdf\">Manual_2434450_Manual_Versao_Final_2__18_10_2023<\/a><\/li>\n<li><a href=\"https:\/\/wp.ufpel.edu.br\/sisbi\/files\/2017\/05\/Termo-dissertacao-e-tese.pdf\">Termo de autoriza\u00e7\u00e3o para inserir Tese e Disserta\u00e7\u00e3o na base de Dados da UFPel e do IBICT<\/a><\/li>\n<\/ul>\n<p>&nbsp;<\/p>\n<ul>\n<li><strong>\u00a0<a href=\"https:\/\/wp.ufpel.edu.br\/fisiologiavegetal\/files\/2025\/11\/NORMAS-PARA-CREDENCIAMENTO-E-RECREDENCIAMENTO-DE-DOCENTES-DO-PROGRAMA-DE-PO\u0301S.pdf\">NORMAS PARA CREDENCIAMENTO E RECREDENCIAMENTO DE DOCENTES DO PROGRAMA DE PO\u0301S<\/a><\/strong><\/li>\n<\/ul>\n<p>&nbsp;<\/p>\n<ul>\n<li>Regimento &#8211; 2018 (v\u00e1lido para ingressantes a partir de 2019-1 at\u00e9 2023-2) <a href=\"https:\/\/wp.ufpel.edu.br\/fisiologiavegetal\/files\/2019\/03\/Regimento-PPGFV-2018.pdf\">Regimento PPGFV 2018<\/a><\/li>\n<li>Regimento (para alunos que ingressaram at\u00e9 2018-2) <a href=\"https:\/\/wp.ufpel.edu.br\/fisiologiavegetal\/files\/2017\/07\/6453ecb25d.pdf\">PRPPG<\/a><\/li>\n<\/ul>\n","protected":false},"excerpt":{"rendered":"<p>Regimento PPGFV NOVO &#8211; 2025 (v\u00e1lido para ingressantes a partir de 2026-1) Regimento_2025_NOVO Regimento PPGFV &#8211; 2023\u00a0(v\u00e1lido para ingressantes a partir de 2024-1 at\u00e9 2025-2) REGIMEMTO_PPGFV_2023 Regimento Geral da PG da UFPel AA Regimento_Geral_PG_UFPEL_2024 &nbsp; Formul\u00e1rio de Inscri\u00e7\u00e3o para Sele\u00e7\u00e3o (MS\/DR) Inscricao Planilha de Avaliacao do Curriculo Formulario para Declaracao de Etnia Autodeclaracao_de_Identidade_de_Genero modelo de [&hellip;]<\/p>\n","protected":false},"author":20,"featured_media":0,"parent":0,"menu_order":0,"comment_status":"closed","ping_status":"closed","template":"","meta":{"jetpack_post_was_ever_published":false,"footnotes":""},"class_list":["post-358","page","type-page","status-publish","hentry","post"],"jetpack_sharing_enabled":true,"jetpack_shortlink":"https:\/\/wp.me\/P8OIzg-5M","_links":{"self":[{"href":"https:\/\/wp.ufpel.edu.br\/fisiologiavegetal\/wp-json\/wp\/v2\/pages\/358","targetHints":{"allow":["GET"]}}],"collection":[{"href":"https:\/\/wp.ufpel.edu.br\/fisiologiavegetal\/wp-json\/wp\/v2\/pages"}],"about":[{"href":"https:\/\/wp.ufpel.edu.br\/fisiologiavegetal\/wp-json\/wp\/v2\/types\/page"}],"author":[{"embeddable":true,"href":"https:\/\/wp.ufpel.edu.br\/fisiologiavegetal\/wp-json\/wp\/v2\/users\/20"}],"replies":[{"embeddable":true,"href":"https:\/\/wp.ufpel.edu.br\/fisiologiavegetal\/wp-json\/wp\/v2\/comments?post=358"}],"version-history":[{"count":3,"href":"https:\/\/wp.ufpel.edu.br\/fisiologiavegetal\/wp-json\/wp\/v2\/pages\/358\/revisions"}],"predecessor-version":[{"id":1745,"href":"https:\/\/wp.ufpel.edu.br\/fisiologiavegetal\/wp-json\/wp\/v2\/pages\/358\/revisions\/1745"}],"wp:attachment":[{"href":"https:\/\/wp.ufpel.edu.br\/fisiologiavegetal\/wp-json\/wp\/v2\/media?parent=358"}],"curies":[{"name":"wp","href":"https:\/\/api.w.org\/{rel}","templated":true}]}}