{"id":181,"date":"2017-06-02T09:27:33","date_gmt":"2017-06-02T12:27:33","guid":{"rendered":"https:\/\/wp.ufpel.edu.br\/fisiologiavegetal\/?page_id=181"},"modified":"2017-06-06T13:29:29","modified_gmt":"2017-06-06T16:29:29","slug":"dissertacoes-e-teses-2012-2016","status":"publish","type":"page","link":"https:\/\/wp.ufpel.edu.br\/fisiologiavegetal\/dissertacoes-e-teses-2012-2016\/","title":{"rendered":"Disserta\u00e7\u00f5es e Teses 2012 &#8211; 2016"},"content":{"rendered":"<h1>2016<\/h1>\n<h2>DISSERTA\u00c7\u00d5ES<\/h2>\n<p>&nbsp;<\/p>\n<ul>\n<li>T\u00edtulo: PROPAGA\u00c7\u00c3O VEGETATIVA E PAR\u00c2METROS FISIOL\u00d3GICOS DE ERVA-BALEEIRA SOB DIFERENTES CONDI\u00c7\u00d5ES DE LUMINOSIDADE<\/li>\n<li>Mestrando(a): Lissane Borges Val\u00e9rio Rodrigues<\/li>\n<li>Orientador: Luciano do Amarante<\/li>\n<li><a href=\"https:\/\/wp.ufpel.edu.br\/fisiologiavegetal\/files\/2017\/06\/d8d1caf1a8.pdf\">Download<\/a><\/li>\n<\/ul>\n<p>&nbsp;<\/p>\n<ul>\n<li>T\u00edtulo: CONSERVA\u00c7\u00c3O IN VITRO DE AMOREIRA-PRETA VIA CRESCIMENTO LENTO<\/li>\n<li>Mestrando(a): Rafaela Silva Formoso<\/li>\n<li>Orientador: Leonardo Ferreira Dutra<\/li>\n<li><a href=\"https:\/\/wp.ufpel.edu.br\/fisiologiavegetal\/files\/2017\/06\/9719a59d9d.pdf\">Download<\/a><\/li>\n<\/ul>\n<p>&nbsp;<\/p>\n<ul>\n<li>T\u00edtulo: SUFLUFENACIL: FISIOLOGIA DA ATIVIDADE HERBICIDA E EFEITO DE SUA MISTURA COM IMIDAZOLINONAS NA SELETIVIDADE E NO CONTROLE DE PLANTAS DANINHAS NO ARROZ IRRIGADO<\/li>\n<li>Mestrando(a): Anderson da Rosa Feij\u00f3<\/li>\n<li>Orientador: Luis Antonio de Avila<\/li>\n<\/ul>\n<p>&nbsp;<\/p>\n<ul>\n<li>T\u00edtulo: MECANISMOS DE SINALIZA\u00c7\u00c3O E MEM\u00d3RIA DE PLANTAS DE ARROZ SUBMETIDAS AO D\u00c9FICIT H\u00cdDRICO MODERADO<\/li>\n<li>Mestrando(a): Priscila Ariane Auler<\/li>\n<li>Orientador: Eugenia J. B. Braga<\/li>\n<\/ul>\n<p>&nbsp;<\/p>\n<ul>\n<li>T\u00edtulo: ALTERA\u00c7\u00d5ES FISIOL\u00d3GICAS, BIOQU\u00cdMICAS E MOLECULARES DE ARROZ, CV. BRS AG, EM RESPOSTA AO ESTRESSE SALINO<\/li>\n<li>Mestrando(a): TATIANA ROSSATTO<\/li>\n<li>Orientador: LUCIANO DA SILVA PINTO<\/li>\n<\/ul>\n<p>&nbsp;<\/p>\n<ul>\n<li>T\u00edtulo: COMPOSTOS BIOATIVOS INDUZIDOS POR ELICITORES EM Alternanthera sessilis<\/li>\n<li>Mestrando(a): Cristini Milech<\/li>\n<li>Orientador: Eugenia J. B. Braga<\/li>\n<li><a href=\"https:\/\/wp.ufpel.edu.br\/fisiologiavegetal\/files\/2017\/06\/6b813835b8.pdf\">Download<\/a><\/li>\n<\/ul>\n<p>&nbsp;<\/p>\n<ul>\n<li>T\u00edtulo: RESPOSTAS DE MUTANTES DE ARROZ \u00c0 TEMPERATURAS INFRA\u00d3TIMAS NOS EST\u00c1DIOS INICIAIS DE DESENVOLVIMENTO<\/li>\n<li>Mestrando(a): Andersom Milech Einhardt<\/li>\n<li>Orientador: Jos\u00e9 Antonio Peters<\/li>\n<li><a href=\"https:\/\/wp.ufpel.edu.br\/fisiologiavegetal\/files\/2017\/06\/9ddbe348b4.pdf\">Download<\/a><\/li>\n<\/ul>\n<p>&nbsp;<\/p>\n<ul>\n<li>T\u00edtulo: ALTERA\u00c7\u00d5ES FISIOL\u00d3GICAS E BIOQU\u00cdMICAS EM SEMENTES DE ARROZ SOB DIFERENTES CONDI\u00c7\u00d5ES DE ARMAZENAMENTO<\/li>\n<li>Mestrando(a): Alessandra Vollmann<\/li>\n<li>Orientador: Dario Munt de Moraes<\/li>\n<li><a href=\"https:\/\/wp.ufpel.edu.br\/fisiologiavegetal\/files\/2017\/06\/47d05be65a.pdf\">Download<\/a><\/li>\n<\/ul>\n<p>&nbsp;<\/p>\n<h2>TESES<\/h2>\n<p>&nbsp;<\/p>\n<ul>\n<li>T\u00edtulo: ESTRESSES ABI\u00d3TICOS EM ARROZ: RESPOSTAS MOLECULARES, BIOQU\u00cdMICAS E FISIOL\u00d3GICAS<\/li>\n<li>Mestrando(a): Isabel Lopes vighi<\/li>\n<li>Orientador: Eugenia J. B. Braga<\/li>\n<li><a href=\"https:\/\/wp.ufpel.edu.br\/fisiologiavegetal\/files\/2017\/06\/09c66f4349.pdf\">Download<\/a><\/li>\n<\/ul>\n<p>&nbsp;<\/p>\n<ul>\n<li>PRODU\u00c7\u00c3O DE PORTA-ENXERTOS DE Prunus persica POR SEMENTES E SELE\u00c7\u00c3O DE INDIV\u00cdDUOS CONTRASTANTES PARA O VIGOR NO CAMPO<\/li>\n<li>Doutorando(a): Victor Mouzinho Spinelli<\/li>\n<li>Orientador: Valmor Jo\u00e3o Bianchi<\/li>\n<\/ul>\n<p>&nbsp;<\/p>\n<ul>\n<li>T\u00edtulo: Variabilidade gen\u00e9tica de acessos de oliveira (Olea europaea L.) do Banco de Germoplasma da Embrapa Clima Temperado &#8211; RS: baseada em crit\u00e9rios fisiol\u00f3gicos, morfol\u00f3gicos e moleculares<\/li>\n<li>Mestrando(a): Fabiana Fonseca dos Santos<\/li>\n<li>Orientador: Dario Munt de Moraes<\/li>\n<li><a href=\"https:\/\/wp.ufpel.edu.br\/fisiologiavegetal\/files\/2017\/06\/62f47fca50.pdf\">Download<\/a><\/li>\n<\/ul>\n<p>&nbsp;<\/p>\n<hr \/>\n<h1>2015<\/h1>\n<h2>DISSERTA\u00c7\u00d5ES<\/h2>\n<p>&nbsp;<\/p>\n<ul>\n<li>T\u00edtulo: COMPORTAMENTO FISIOL\u00d3GICO DE Sapindus saponaria L. SUBMETIDA \u00c0 RESTRI\u00c7\u00c3O H\u00cdDRICA<\/li>\n<li>Mestrando(a): Rodrigo Fernando Eichholz<\/li>\n<li>Orientador: Sidnei Deuner<\/li>\n<li><a href=\"https:\/\/wp.ufpel.edu.br\/fisiologiavegetal\/files\/2017\/06\/1db214c5dc.pdf\">Download<\/a><\/li>\n<\/ul>\n<p>&nbsp;<\/p>\n<ul>\n<li>T\u00edtulo: RESPOSTAS FISIOL\u00d3GICAS DO ARROZ IRRIGADO SUBMETIDO \u00c0 APLICA\u00c7\u00c3O DE HERBICIDAS EM CONDI\u00c7\u00d5ES DE SALINIDADE NA \u00c1GUA DE IRRIGA\u00c7\u00c3O<\/li>\n<li>Mestrando(a): \u00cdtalo Lucas de Moraes<\/li>\n<li>Orientador: Sidnei Deuner<\/li>\n<li><a href=\"https:\/\/wp.ufpel.edu.br\/fisiologiavegetal\/files\/2017\/06\/a4ee37bb0b.pdf\">Download<\/a><\/li>\n<\/ul>\n<p>&nbsp;<\/p>\n<ul>\n<li>T\u00edtulo: UTILIZA\u00c7\u00c3O DE BIORREATORES DE IMERS\u00c3O TEMPOR\u00c1RIA NA MICROPROPAGA\u00c7\u00c3O DE BATATA-DOCE<\/li>\n<li>Mestrando(a): Manoel Urbano Ferreira J\u00fanior<\/li>\n<li>Orientador: Jos\u00e9 Antonio Peters<\/li>\n<li><a href=\"https:\/\/wp.ufpel.edu.br\/fisiologiavegetal\/files\/2017\/06\/c7c44b6468.pdf\">Download<\/a><\/li>\n<\/ul>\n<p>&nbsp;<\/p>\n<ul>\n<li>T\u00edtulo: AN\u00c1LISE DO TRANSCRIPTOMA E TROCAS GASOSAS EM PLANTAS DE ARROZ SOB ESTRESSES ABI\u00d3TICOS<\/li>\n<li>Mestrando(a): Marcelo Nogueira do Amaral<\/li>\n<li>Orientador: Eugenia J. B. Braga<\/li>\n<li><a href=\"https:\/\/wp.ufpel.edu.br\/fisiologiavegetal\/files\/2017\/06\/652c2a8040.pdf\">Download<\/a><\/li>\n<\/ul>\n<p>&nbsp;<\/p>\n<ul>\n<li>T\u00edtulo: ESTUDOS PRELIMINARES PARA MICROPROPAGA\u00c7\u00c3O DE Malus prunifolia cv. MARUBAKAIDO EM SISTEMA DE IMERS\u00c3O TEMPOR\u00c1RIA<\/li>\n<li>Mestrando(a): Camila Fernanda de Oliveira Junkes<\/li>\n<li>Orientador: Jos\u00e9 Antonio Peters<\/li>\n<li><a href=\"https:\/\/wp.ufpel.edu.br\/fisiologiavegetal\/files\/2017\/06\/b132e165c8.pdf\">Download<\/a><\/li>\n<\/ul>\n<p>&nbsp;<\/p>\n<ul>\n<li>T\u00edtulo: AN\u00c1LISE DE PAR\u00c2METROS DE TROCAS GASOSAS E DO PERFIL TRANSCIPT\u00d4MICO DE PORTAENXERTOS DE Prunus spp. SUBMETIDOS AO ESTRESSE H\u00cdDRICO<\/li>\n<li>Mestrando(a): Elsa Kuhn Klumb<\/li>\n<li>Orientador: Valmor Jo\u00e3o Bianchi<\/li>\n<li><a href=\"https:\/\/wp.ufpel.edu.br\/fisiologiavegetal\/files\/2017\/06\/f798eac26a.pdf\">Download<\/a><\/li>\n<\/ul>\n<p>&nbsp;<\/p>\n<ul>\n<li>T\u00edtulo: RESPOSTAS FISIOL\u00d3GICAS E BIOQU\u00cdMICAS DE PLANTAS DE QUINOA cv. BRS PIABIRU CULTIVADAS SOB CONDI\u00c7\u00d5ES DE SALINIDADE<\/li>\n<li>Mestrando(a): Gabriele Espinel \u00c1vila<\/li>\n<li>Orientador: Sidnei Deuner<\/li>\n<li><a href=\"https:\/\/wp.ufpel.edu.br\/fisiologiavegetal\/files\/2017\/06\/de3523531b.pdf\">Download<\/a><\/li>\n<\/ul>\n<p>&nbsp;<\/p>\n<ul>\n<li>T\u00edtulo: SELETIVIDADE DE HERBICIDAS NA CULTURA DA SOJA EM FUN\u00c7\u00c3O DE DIFERENTES UMIDADES DO SOLO<\/li>\n<li>Mestrando(a): Lariza Benedetti<\/li>\n<li>Orientador: Sidnei Deuner<\/li>\n<li><a href=\"https:\/\/wp.ufpel.edu.br\/fisiologiavegetal\/files\/2017\/06\/b8a94439ec.pdf\">Download<\/a><\/li>\n<\/ul>\n<p>&nbsp;<\/p>\n<h2>TESES<\/h2>\n<p>&nbsp;<\/p>\n<ul>\n<li>T\u00edtulo: RESPOSTAS FISIOL\u00d3GICAS EM PLANTAS JOVENS DE Jatropha curcas L. SUBMETIDAS \u00c0 ESTROBILURINA E ALAGAMENTO<\/li>\n<li>Mestrando(a): Anderso Augusto Schock<\/li>\n<li>Orientador: Marcos Antonio Bacarin<\/li>\n<li><a href=\"https:\/\/wp.ufpel.edu.br\/fisiologiavegetal\/files\/2017\/06\/18e238772e.pdf\">Download<\/a><\/li>\n<\/ul>\n<p>&nbsp;<\/p>\n<ul>\n<li>T\u00edtulo: ESTRESSES ABI\u00d3TICOS EM PLANTAS DE Ricinus communis<\/li>\n<li>Mestrando(a): Davi Silva Dalberto<\/li>\n<li>Orientador: Marcos Antonio Bacarin<\/li>\n<li><a href=\"https:\/\/wp.ufpel.edu.br\/fisiologiavegetal\/files\/2017\/06\/d5f11f4705.pdf\">Download<\/a><\/li>\n<\/ul>\n<p>&nbsp;<\/p>\n<ul>\n<li>T\u00edtulo: ESTUDOS FISIOL\u00d3GICOS E PURIFICA\u00c7\u00c3O DE AMARANTINA EM PLANTAS DO G\u00caNERO Alternanthera<\/li>\n<li>Mestrando(a): Al\u00edtcia Moraes Kleinowski<\/li>\n<li>Orientador: Eugenia J. B. Braga<\/li>\n<li><a href=\"https:\/\/wp.ufpel.edu.br\/fisiologiavegetal\/files\/2017\/06\/dda12f27ce.pdf\">Download<\/a><\/li>\n<\/ul>\n<p>&nbsp;<\/p>\n<ul>\n<li>T\u00edtulo: RESPOSTAS FISIOL\u00d3GICAS E MOLECULARES DE PESSEGUEIRO CV. CHIMARRITA ENXERTADO SOBRE DIFERENTES PORTAENXERTOS SUBMETIDOS AO D\u00c9FICIT H\u00cdDRICO<\/li>\n<li>Mestrando(a): Leticia Neutzling Rickes<\/li>\n<li>Orientador: Valmor Jo\u00e3o Bianchi<\/li>\n<li><a href=\"https:\/\/wp.ufpel.edu.br\/fisiologiavegetal\/files\/2017\/06\/12479fd965.pdf\">Download<\/a><\/li>\n<\/ul>\n<p>&nbsp;<\/p>\n<ul>\n<li>T\u00edtulo: ADAPTA\u00c7\u00d5ES METAB\u00d3LICAS DE GEN\u00d3TIPOS DE SOJA EM RESPOSTA \u00c0 DEFICI\u00caNCIA DE OXIG\u00caNIO E ENVOLVIMENTO DO NITRATO<\/li>\n<li>Mestrando(a): Junior Borella<\/li>\n<li>Orientador: Luciano do Amarante<\/li>\n<li><a href=\"https:\/\/wp.ufpel.edu.br\/fisiologiavegetal\/files\/2017\/06\/bb6a2d1e03.pdf\">Download<\/a><\/li>\n<\/ul>\n<p>&nbsp;<\/p>\n<ul>\n<li>T\u00edtulo: ASPECTOS MORFOFISIOL\u00d3GICOS E DE PRODU\u00c7\u00c3O DE PLANTAS DE MACIEIRAS CULTIVADAS EM DIFERENTES ALTITUDES NO SUL DO BRASIL<\/li>\n<li>Mestrando(a): Carlos Davi Santos e Silva<\/li>\n<li>Orientador: Valmor Jo\u00e3o Bianchi<\/li>\n<li><a href=\"https:\/\/wp.ufpel.edu.br\/fisiologiavegetal\/files\/2017\/06\/8d916d25df.pdf\">Download<\/a><\/li>\n<\/ul>\n<p>&nbsp;<\/p>\n<hr \/>\n<h1>2014<\/h1>\n<h2>DISSERTA\u00c7\u00d5ES<\/h2>\n<p>&nbsp;<\/p>\n<ul>\n<li>T\u00edtulo: Micropropaga\u00e7\u00e3o de Plantas Ornamentais- Gypsophila paniculata e Dracaena sanderiana<\/li>\n<li>Mestrando(a): Vania Trevelin<\/li>\n<li>Orientador: Prof. Dr. Jos\u00e9 Antonio Peters<\/li>\n<li><a href=\"https:\/\/wp.ufpel.edu.br\/fisiologiavegetal\/files\/2017\/06\/addce09a27.pdf\">Download<\/a><\/li>\n<\/ul>\n<p>&nbsp;<\/p>\n<ul>\n<li>T\u00edtulo: Mecanismos de toler\u00e2ncia ao d\u00e9ficit h\u00eddrico em esp\u00e9cies de forrageiras nativas dos campos sul-brasileiros<\/li>\n<li>Mestrando(a): Angelita Celente Martins<\/li>\n<li>Orientador: Prof. Dr. Luciano do Amarante<\/li>\n<li><a href=\"https:\/\/wp.ufpel.edu.br\/fisiologiavegetal\/files\/2017\/06\/696c2efe87.pdf\">Download<\/a><\/li>\n<\/ul>\n<p>&nbsp;<\/p>\n<ul>\n<li>T\u00edtulo: PROPAGA\u00c7\u00c3O POR ESTAQUIA DE PORTA-ENXERTOS DE PESSEGUEIRO E AMEIXEIRA<\/li>\n<li>Mestrando(a): Gabriela Gerhardt da Rosa<\/li>\n<li>Orientador: Prof. Dr. Valmor Jo\u00e3o Bianchi<\/li>\n<\/ul>\n<p>&nbsp;<\/p>\n<ul>\n<li>T\u00edtulo: Regenera\u00e7\u00e3o e transforma\u00e7\u00e3o gen\u00e9tica do portaenxerto de macieira, Marubakaido (Malus prunifolia, Willd Borhk)<\/li>\n<li>Mestrando(a): Daiane Tereza Silva<\/li>\n<li>Orientador: prof. Dr. Jos\u00e9 Antonio Peters<\/li>\n<li><a href=\"https:\/\/wp.ufpel.edu.br\/fisiologiavegetal\/files\/2017\/06\/24b5f3a4d1.pdf\">Download<\/a><\/li>\n<\/ul>\n<p>&nbsp;<\/p>\n<ul>\n<li>T\u00edtulo: Altera\u00e7\u00f5es bioqu\u00edmicas em esp\u00e9cies do g\u00eanero Alternanthera quando expostas \u00e0 radia\u00e7\u00e3o UV-B e UV-C<\/li>\n<li>Mestrando(a): Fatima Rosane Schuquel Klein<\/li>\n<li>Orientador: Prof\u00aa. Dr\u00aa. Eugenia Jacira Bolacel Braga<\/li>\n<li><a href=\"https:\/\/wp.ufpel.edu.br\/fisiologiavegetal\/files\/2017\/06\/7252b62b6f.pdf\">Download<\/a><\/li>\n<\/ul>\n<p>&nbsp;<\/p>\n<ul>\n<li>T\u00edtulo: Estudo da cadeia de transporte de el\u00e9trons fotossint\u00e9tico em folhas destacadas de ervilha<\/li>\n<li>Mestrando(a): M\u00e1rcio Espinosa de Farias<\/li>\n<li>Orientador: Dr. Marcos Antonio Bacarin<\/li>\n<li><a href=\"https:\/\/wp.ufpel.edu.br\/fisiologiavegetal\/files\/2017\/06\/1a48353c17.pdf\">Download<\/a><\/li>\n<\/ul>\n<p>&nbsp;<\/p>\n<h2>TESES<\/h2>\n<p>&nbsp;<\/p>\n<ul>\n<li>T\u00edtulo: Fitorremedia\u00e7\u00e3o a compostos derivados de petr\u00f3leo<\/li>\n<li>Mestrando(a): Fernanda Reolon Tonel<\/li>\n<li>Orientador: Prof. Dr. Dario Munt de Moraes<\/li>\n<li><a href=\"https:\/\/wp.ufpel.edu.br\/fisiologiavegetal\/files\/2017\/06\/5c82eb6571.pdf\">Download<\/a><\/li>\n<\/ul>\n<p>&nbsp;<\/p>\n<ul>\n<li>T\u00edtulo: CARACTERIZA\u00c7\u00c3O DA BIOLOGIA FLORAL, PERFIL DE \u00c1CIDOS GRAXOS DO \u00d3LEO E PRODU\u00c7\u00c3O DE MACAD\u00c2MIA<\/li>\n<li>Mestrando(a): Elisia Rodrigues C\u00f4rrea<\/li>\n<li>Orientador: Prof. Dr. Valmor Jo\u00e3o Bianchi<\/li>\n<li><a href=\"https:\/\/wp.ufpel.edu.br\/fisiologiavegetal\/files\/2017\/06\/f1948e6165.pdf\">Download<\/a><\/li>\n<\/ul>\n<p>&nbsp;<\/p>\n<ul>\n<li>T\u00edtulo: ESTRESSE PELA APLICA\u00c7\u00c3O DE RADIA\u00c7\u00c3O UV-C E DO DEFICIT H\u00cdDRICO EM GEN\u00d3TIPOS DE TOMATE \u2018MICRO-TOM\u2019<\/li>\n<li>Mestrando(a): Cristina Moll H\u00fcther<\/li>\n<li>Orientador: Dr. Marcos Antonio Bacarin<\/li>\n<li><a href=\"https:\/\/wp.ufpel.edu.br\/fisiologiavegetal\/files\/2017\/06\/2702555719.pdf\">Download<\/a><\/li>\n<\/ul>\n<p>&nbsp;<\/p>\n<ul>\n<li>T\u00edtulo: Desempenho de plantas de canola originadas de sementes microbiolizadas com bact\u00e9rias promotoras de crescimento<\/li>\n<li>Mestrando(a): Anelise Tessari Perboni<\/li>\n<li>Orientador: Prof. Dr. Marcos Antonio Baccarin<\/li>\n<li><a href=\"https:\/\/wp.ufpel.edu.br\/fisiologiavegetal\/files\/2017\/06\/04b7aeba75.pdf\">Download<\/a><\/li>\n<\/ul>\n<p>&nbsp;<\/p>\n<hr \/>\n<h1>2013<\/h1>\n<h2>DISSERTA\u00c7\u00d5ES<\/h2>\n<p>&nbsp;<\/p>\n<ul>\n<li>T\u00edtulo: Respostas fisiol\u00f3gicas induzidas por estresse h\u00eddrico e infec\u00e7\u00e3o por Meloidogyne javanica (Treub) Chitwood em portaenxertos de Prunus spp<\/li>\n<li>Mestrando(a): Aline Alves Messchmidt<\/li>\n<li>Orientador: Prof. Dr. Valmor Jo\u00e3o Bianchi<\/li>\n<li><a href=\"https:\/\/wp.ufpel.edu.br\/fisiologiavegetal\/files\/2017\/06\/3e46827d60.pdf\">Download<\/a><\/li>\n<\/ul>\n<p>&nbsp;<\/p>\n<ul>\n<li>T\u00edtulo: EXPRESS\u00c3O DIFERENCIAL DE GENES NORMALIZADORES E DA FAM\u00cdLIA LTPS1, EM GEN\u00d3TIPOS DE ARROZ SOB ESTRESSE SALINO<\/li>\n<li>Mestrando(a): Gabriela Peres Moraes<\/li>\n<li>Orientador: Eugenia Jacira Bolacel Braga<\/li>\n<li><a href=\"https:\/\/wp.ufpel.edu.br\/fisiologiavegetal\/files\/2017\/06\/3079fe14a0.pdf\">Download<\/a><\/li>\n<\/ul>\n<p>&nbsp;<\/p>\n<ul>\n<li>T\u00edtulo: Qualidade fisiol\u00f3gica de sementes de arroz irrigado armazenadas por dez anos em diferentes temperaturas<\/li>\n<li>Mestrando(a): Fab\u00edola de Oliveira Kr\u00fcger<\/li>\n<li>Orientador: Dario Munt de Moraes<\/li>\n<li><a href=\"https:\/\/wp.ufpel.edu.br\/fisiologiavegetal\/files\/2017\/06\/1134ef96c5.pdf\">Download<\/a><\/li>\n<\/ul>\n<p>&nbsp;<\/p>\n<ul>\n<li>T\u00edtulo: S\u00edntese de betala\u00ednas induzida pela luz em esp\u00e9cies do g\u00eanero Alternanthera<\/li>\n<li>Mestrando(a): Andressa Reis<\/li>\n<li>Orientador: Eugenia Jacira Bolacel Braga<\/li>\n<li><a href=\"https:\/\/wp.ufpel.edu.br\/fisiologiavegetal\/files\/2017\/06\/8ccc1d8b1d.pdf\">Download<\/a><\/li>\n<\/ul>\n<p>&nbsp;<\/p>\n<ul>\n<li>T\u00edtulo: METABOLISMO ANTIOXIDATIVO PARA A CLASSIFICA\u00c7\u00c3O DE LOTES DE SEMENTES QUANTO AO VIGOR<\/li>\n<li>Mestrando(a): ISABEL CRISTINA GOUV\u00caA DE BORBA<\/li>\n<li>Orientador: Dario Munt de Moraes<\/li>\n<li><a href=\"https:\/\/wp.ufpel.edu.br\/fisiologiavegetal\/files\/2017\/06\/ff2117a8d1.pdf\">Download<\/a><\/li>\n<\/ul>\n<p>&nbsp;<\/p>\n<ul>\n<li>T\u00edtulo: Propaga\u00e7\u00e3o in vitro de portaenxertos de pessegueiro \u2018Flordaguard\u2019 e \u2018GxN-9\u2019<\/li>\n<li>Mestrando(a): Cristina Weiser Ritterbusch<\/li>\n<li>Orientador: Elizete Beatriz Radmann<\/li>\n<li><a href=\"https:\/\/wp.ufpel.edu.br\/fisiologiavegetal\/files\/2017\/06\/759991d9eb.pdf\">Download<\/a><\/li>\n<\/ul>\n<p>&nbsp;<\/p>\n<ul>\n<li>T\u00edtulo: Caracter\u00edsticas biom\u00e9tricas, trocas gasosas e atividade do sistema antioxidante de plantas de Eucalipto durante o crescimento inicial<\/li>\n<li>Mestrando(a): Dominique dos Santos Delias<\/li>\n<li>Orientador: Ilisandra Zanandrea<\/li>\n<li><a href=\"https:\/\/wp.ufpel.edu.br\/fisiologiavegetal\/files\/2017\/06\/7f8f57ffbe.pdf\">Download<\/a><\/li>\n<\/ul>\n<p>&nbsp;<\/p>\n<ul>\n<li>T\u00edtulo: Atividade respirat\u00f3ria para a separa\u00e7\u00e3o de lotes de sementes de soja, feij\u00e3o e milho.<\/li>\n<li>Mestrando(a): Andrea Bicca Noguez Martins<\/li>\n<li>Orientador: Dario Munt de Moraes<\/li>\n<li><a href=\"https:\/\/wp.ufpel.edu.br\/fisiologiavegetal\/files\/2017\/06\/f8167f0cb2.pdf\">Download<\/a><\/li>\n<\/ul>\n<p>&nbsp;<\/p>\n<ul>\n<li>T\u00edtulo: RADIA\u00c7\u00c3O GAMA E CONSERVA\u00c7\u00c3O IN VITRO DE AMOREIRA-PRETA<\/li>\n<li>Mestrando(a): Nat\u00e1lia Dias Gomes da Silva<\/li>\n<li>Orientador: Jos\u00e9 Antonio Peters<\/li>\n<li><a href=\"https:\/\/wp.ufpel.edu.br\/fisiologiavegetal\/files\/2017\/06\/66c4a34388.pdf\">Download<\/a><\/li>\n<\/ul>\n<p>&nbsp;<\/p>\n<h2>TESES<\/h2>\n<p>&nbsp;<\/p>\n<ul>\n<li>T\u00edtulo: CARACTERIZA\u00c7\u00c3O MORFOFENOL\u00d3GICA E MOLECULAR DE MUTANTES DE ARROZ IRRIGADO<\/li>\n<li>Mestrando(a): ALINE SCHEER DA SILVA<\/li>\n<li>Orientador: Prof. Dr. Jos\u00e9 Antonio Peters<\/li>\n<li><a href=\"https:\/\/wp.ufpel.edu.br\/fisiologiavegetal\/files\/2017\/06\/6e87717674.pdf\">Download<\/a><\/li>\n<\/ul>\n<p>&nbsp;<\/p>\n<ul>\n<li>T\u00edtulo: Cultivo in vitro de Pyrus sp., cultivares Carrick, Cascatense e Ya-Li.<\/li>\n<li>Mestrando(a): ILDA MARICLEI DE CASTRO DA SILVA<\/li>\n<li>Orientador: Prof. Dr. Jos\u00e9 Antonio Peters<\/li>\n<li><a href=\"https:\/\/wp.ufpel.edu.br\/fisiologiavegetal\/files\/2017\/06\/e14b7d892f.pdf\">Download<\/a><\/li>\n<\/ul>\n<p>&nbsp;<\/p>\n<ul>\n<li>T\u00edtulo: EFEITO DO COBRE E SUA INTERA\u00c7\u00c3O COM O ZINCO NO CULTIVO DE PLANTAS DE BATATA-DOCE: ALTERA\u00c7\u00d5ES MORFOFISIOL\u00d3GICAS E BIOQU\u00cdMICAS<\/li>\n<li>Mestrando(a): Cristina Copstein Cuchiara<\/li>\n<li>Orientador: Prof. Dr. Jos\u00e9 Antonio Peters<\/li>\n<li><a href=\"https:\/\/wp.ufpel.edu.br\/fisiologiavegetal\/files\/2017\/06\/c407250e75.pdf\">Download<\/a><\/li>\n<\/ul>\n<p>&nbsp;<\/p>\n<ul>\n<li>T\u00edtulo: ATIVIDADE BIOL\u00d3GICA E PAR\u00c2METROS BIOQU\u00cdMICOS E FISIOL\u00d3GICOS INFLUENCIADOS POR FATORES ABI\u00d3TICOS EM Achillea millefolium L.<\/li>\n<li>Mestrando(a): MILENE CONCEI\u00c7\u00c3O LIMA<\/li>\n<li>Orientador: Luciano do Amarante<\/li>\n<li><a href=\"https:\/\/wp.ufpel.edu.br\/fisiologiavegetal\/files\/2017\/06\/8f3922176e.pdf\">Download<\/a><\/li>\n<\/ul>\n<p>&nbsp;<\/p>\n<ul>\n<li>T\u00edtulo: MULTIPLICA\u00c7\u00c3O E REGENERA\u00c7\u00c3O IN VITRO DE MARMELEIRO<\/li>\n<li>Mestrando(a): Mirian de Farias Ribeiro<\/li>\n<li>Orientador: Valmor Jo\u00e3o Bianchi<\/li>\n<li><a href=\"https:\/\/wp.ufpel.edu.br\/fisiologiavegetal\/files\/2017\/06\/409c70bfa9.pdf\">Download<\/a><\/li>\n<\/ul>\n<p>&nbsp;<\/p>\n<hr \/>\n<h1>2012<\/h1>\n<h2>DISSERTA\u00c7\u00d5ES<\/h2>\n<p>&nbsp;<\/p>\n<ul>\n<li>T\u00edtulo: Diversidade, estrutura e rela\u00e7\u00e3o gen\u00e9tica de porta-enxertos de Prunus avaliados pela an\u00e1lise de caracteres morfol\u00f3gicos e de loci SSR<\/li>\n<li>Mestrando(a): Luis Willian Pacheco Arge<\/li>\n<li>Orientador: Valmor Jo\u00e3o Bianchi<\/li>\n<li><a href=\"https:\/\/wp.ufpel.edu.br\/fisiologiavegetal\/files\/2017\/06\/7922047f10.pdf\">Download<\/a><\/li>\n<\/ul>\n<p>&nbsp;<\/p>\n<ul>\n<li>T\u00edtulo: QUALIDADE FISIOL\u00d3GICA E BIOQU\u00cdMICA DE CULTIVARES DE CEBOLA SUBMETIDA A CONCENTRA\u00c7\u00d5ES DE CLORETO DE S\u00d3DIO<\/li>\n<li>Mestrando(a): Nat\u00e1lia Silveira Corr\u00eaa<\/li>\n<li>Orientador: Nei Fernandes Lopes<\/li>\n<li><a href=\"https:\/\/wp.ufpel.edu.br\/fisiologiavegetal\/files\/2017\/06\/74150d5964.pdf\">Download<\/a><\/li>\n<\/ul>\n<p>&nbsp;<\/p>\n<ul>\n<li>T\u00edtulo: Din\u00e2mica da \u00e1gua e carboidratos durante per\u00edodo de repouso hibernal em pereira e pessegueiro nas condi\u00e7\u00f5es de inverno ameno<\/li>\n<li>Mestrando(a): Leticia Neutzling Rickes<\/li>\n<li>Orientador: Fl\u00e1vio Gilberto Herter<\/li>\n<li><a href=\"https:\/\/wp.ufpel.edu.br\/fisiologiavegetal\/files\/2017\/06\/d81c7f018c.pdf\">Download<\/a><\/li>\n<\/ul>\n<p>&nbsp;<\/p>\n<ul>\n<li>T\u00edtulo: CARACTER\u00cdSTICAS FISIOL\u00d3GICAS E ANAT\u00d4MICAS DE PINH\u00c3O MANSO CONDUZIDOS EM DIFERENTES CONDI\u00c7\u00d5ES DE LUMINOSIDADE.<\/li>\n<li>Mestrando(a): Anderson Augusto Schock<\/li>\n<li>Orientador: Marcos Antonio Baccarin<\/li>\n<li><a href=\"https:\/\/wp.ufpel.edu.br\/fisiologiavegetal\/files\/2017\/06\/c2cf17d3a2.pdf\">Download<\/a><\/li>\n<\/ul>\n<p>&nbsp;<\/p>\n<ul>\n<li>T\u00edtulo: \u00c1cido salic\u00edlico como elicitor abi\u00f3tico no cultivo in vitro de plantas de Alternanthera tenella Colla<\/li>\n<li>Mestrando(a): Isabel Rodrigues Brand\u00e3o<\/li>\n<li>Orientador: Eugenia Jacira Bolacel Braga<\/li>\n<li><a href=\"https:\/\/wp.ufpel.edu.br\/fisiologiavegetal\/files\/2017\/06\/2d17fa3f57.pdf\">Download<\/a><\/li>\n<\/ul>\n<p>&nbsp;<\/p>\n<ul>\n<li>T\u00edtulo: CARACTERIZA\u00c7\u00c3O ANAT\u00d4MICO-FISIOL\u00d3GICA E MOLECULAR DA COMPATIBILIDADE REPRODUTIVA DE AMEIXEIRAS JAPONESA<\/li>\n<li>Mestrando(a): Daniela De Conti<\/li>\n<li>Orientador: Valmor Jo\u00e3o Bianchi<\/li>\n<li><a href=\"https:\/\/wp.ufpel.edu.br\/fisiologiavegetal\/files\/2017\/06\/32f8bfb3f9.pdf\">Download<\/a><\/li>\n<\/ul>\n<p>&nbsp;<\/p>\n<ul>\n<li>T\u00edtulo: Micropropaga\u00e7\u00e3o do porta-enxerto Mr. S. 2\/5 (Prunus cerasifera x Prunus spinosa)<\/li>\n<li>Mestrando(a): Cibele Merched Gallo<\/li>\n<li>Orientador: Elizete Beatriz Radmann<\/li>\n<li><a href=\"https:\/\/wp.ufpel.edu.br\/fisiologiavegetal\/files\/2017\/06\/7ab549532f.pdf\">Download<\/a><\/li>\n<\/ul>\n<p>&nbsp;<\/p>\n<ul>\n<li>T\u00edtulo: ALTERA\u00c7\u00d5ES MORFOFISIOL\u00d3GICAS E BIOQU\u00cdMICAS EM SEMENTES DE MAMONA (Ricinus communis L.) SUBMETIDAS \u00c0 RADIA\u00c7\u00c3O GAMA COBALTO60.<\/li>\n<li>Mestrando(a): Amanda Moreira Lopes<\/li>\n<li>Orientador: Vera L\u00facia Bobrowski<\/li>\n<li><a href=\"https:\/\/wp.ufpel.edu.br\/fisiologiavegetal\/files\/2017\/06\/1c955f4cc8.pdf\">Download<\/a><\/li>\n<\/ul>\n<p>&nbsp;<\/p>\n<h2>TESES<\/h2>\n<p>&nbsp;<\/p>\n<ul>\n<li>T\u00edtulo: QUALIDADE FISIOL\u00d3GICA DE SEMENTES, CRESCIMENTO E PARTI\u00c7\u00c3O DE ASSIMILADOS EM PLANTAS DE RABANETE SUBMETIDAS A DIFERENTES CONCENTRA\u00c7\u00d5ES DE METAIS<\/li>\n<li>Mestrando(a): Rita de C\u00e1ssia Pinheiro de Moraes<\/li>\n<li>Orientador: Nei Fernandes Lopes<\/li>\n<li><a href=\"https:\/\/wp.ufpel.edu.br\/fisiologiavegetal\/files\/2017\/06\/7808311543.pdf\">Download<\/a><\/li>\n<\/ul>\n<p>&nbsp;<\/p>\n<ul>\n<li>T\u00edtulo: MORFOANATOMIA E TEORES DE NUTRIENTES EM GEMAS DE PEREIRA<\/li>\n<li>Mestrando(a): Ana L\u00facia Pereira Nascimento da Silva<\/li>\n<li>Orientador: Fl\u00e1vio Gilberto Herter<\/li>\n<li><a href=\"https:\/\/wp.ufpel.edu.br\/fisiologiavegetal\/files\/2017\/06\/9f1659fde1.pdf\">Download<\/a><\/li>\n<\/ul>\n<p>&nbsp;<\/p>\n<ul>\n<li>A\u00e7\u00e3o de herbicidas sobre a atividade fotossint\u00e9tica de plantas com metabolismo C3 e C4<\/li>\n<li>Doutorando(a): Camila Pinho de Sousa<\/li>\n<li>Orientador: Marcos Antonio Baccarin<\/li>\n<\/ul>\n<p>&nbsp;<\/p>\n<ul>\n<li>T\u00edtulo: Aspectos fisiol\u00f3gicos e bioqu\u00edmicos de gen\u00f3tipos de aveia branca em resposta \u00e0 salinidade<\/li>\n<li>Mestrando(a): Fabiana Carrett Timm<\/li>\n<li>Orientador: Dario Munt de Moraes<\/li>\n<li><a href=\"https:\/\/wp.ufpel.edu.br\/fisiologiavegetal\/files\/2017\/06\/6bb6019b18.pdf\">Download<\/a><\/li>\n<\/ul>\n<p>&nbsp;<\/p>\n<ul>\n<li>T\u00edtulo: FISIOLOGIA DO ESTRESSE SALINO EM ARROZ: CARACTERIZA\u00c7\u00c3O DA RESPOSTA BIOQU\u00cdMICA E MOLECULAR<\/li>\n<li>Mestrando(a): Let\u00edcia Carvalho Benitez<\/li>\n<li>Orientador: Eugenia Jacira Bolacel Braga<\/li>\n<li><a href=\"https:\/\/wp.ufpel.edu.br\/fisiologiavegetal\/files\/2017\/06\/ea830032f4.PDF\">Download<\/a><\/li>\n<\/ul>\n<p>&nbsp;<\/p>\n","protected":false},"excerpt":{"rendered":"<p>2016 DISSERTA\u00c7\u00d5ES &nbsp; T\u00edtulo: PROPAGA\u00c7\u00c3O VEGETATIVA E PAR\u00c2METROS FISIOL\u00d3GICOS DE ERVA-BALEEIRA SOB DIFERENTES CONDI\u00c7\u00d5ES DE LUMINOSIDADE Mestrando(a): Lissane Borges Val\u00e9rio Rodrigues Orientador: Luciano do Amarante Download &nbsp; T\u00edtulo: CONSERVA\u00c7\u00c3O IN VITRO DE AMOREIRA-PRETA VIA CRESCIMENTO LENTO Mestrando(a): Rafaela Silva Formoso Orientador: Leonardo Ferreira Dutra Download &nbsp; T\u00edtulo: SUFLUFENACIL: FISIOLOGIA DA ATIVIDADE HERBICIDA E EFEITO DE [&hellip;]<\/p>\n","protected":false},"author":20,"featured_media":0,"parent":0,"menu_order":0,"comment_status":"closed","ping_status":"closed","template":"","meta":{"jetpack_post_was_ever_published":false,"footnotes":""},"class_list":["post-181","page","type-page","status-publish","hentry","post"],"jetpack_sharing_enabled":true,"jetpack_shortlink":"https:\/\/wp.me\/P8OIzg-2V","_links":{"self":[{"href":"https:\/\/wp.ufpel.edu.br\/fisiologiavegetal\/wp-json\/wp\/v2\/pages\/181","targetHints":{"allow":["GET"]}}],"collection":[{"href":"https:\/\/wp.ufpel.edu.br\/fisiologiavegetal\/wp-json\/wp\/v2\/pages"}],"about":[{"href":"https:\/\/wp.ufpel.edu.br\/fisiologiavegetal\/wp-json\/wp\/v2\/types\/page"}],"author":[{"embeddable":true,"href":"https:\/\/wp.ufpel.edu.br\/fisiologiavegetal\/wp-json\/wp\/v2\/users\/20"}],"replies":[{"embeddable":true,"href":"https:\/\/wp.ufpel.edu.br\/fisiologiavegetal\/wp-json\/wp\/v2\/comments?post=181"}],"version-history":[{"count":9,"href":"https:\/\/wp.ufpel.edu.br\/fisiologiavegetal\/wp-json\/wp\/v2\/pages\/181\/revisions"}],"predecessor-version":[{"id":216,"href":"https:\/\/wp.ufpel.edu.br\/fisiologiavegetal\/wp-json\/wp\/v2\/pages\/181\/revisions\/216"}],"wp:attachment":[{"href":"https:\/\/wp.ufpel.edu.br\/fisiologiavegetal\/wp-json\/wp\/v2\/media?parent=181"}],"curies":[{"name":"wp","href":"https:\/\/api.w.org\/{rel}","templated":true}]}}