{"id":177,"date":"2017-06-02T09:10:58","date_gmt":"2017-06-02T12:10:58","guid":{"rendered":"https:\/\/wp.ufpel.edu.br\/fisiologiavegetal\/?page_id=177"},"modified":"2017-06-02T09:43:56","modified_gmt":"2017-06-02T12:43:56","slug":"dissertacoes-e-teses-2008-2011","status":"publish","type":"page","link":"https:\/\/wp.ufpel.edu.br\/fisiologiavegetal\/dissertacoes-e-teses-2008-2011\/","title":{"rendered":"Disserta\u00e7\u00f5es e Teses 2008 &#8211; 2011"},"content":{"rendered":"<h1>2011<\/h1>\n<h2>DISSERTA\u00c7\u00d5ES<\/h2>\n<p>&nbsp;<\/p>\n<ul>\n<li>T\u00edtulo: Toler\u00e2ncia \u00e0 salinidade induzida pelo \u00e1cido salic\u00edlico em sementes e pl\u00e2ntulas de milho h\u00edbrido<\/li>\n<li>Mestrando(a): Fernanda Reolon Tonel<\/li>\n<li>Orientador: Dario Munt de Moraes<\/li>\n<li><a href=\"https:\/\/wp.ufpel.edu.br\/fisiologiavegetal\/files\/2017\/06\/9e82d8e400.pdf\">Download<\/a><\/li>\n<\/ul>\n<p>&nbsp;<\/p>\n<ul>\n<li>T\u00edtulo: Metabolismo fermentativo em ra\u00edzes e n\u00f3dulos de soja sob condi\u00e7\u00f5es de hipoxia e p\u00f3s-hipoxia<\/li>\n<li>Mestrando(a): Junior Borella<\/li>\n<li>Orientador: Luciano do Amarante<\/li>\n<li><a href=\"https:\/\/wp.ufpel.edu.br\/fisiologiavegetal\/files\/2017\/06\/246b1e4051.pdf\">Download<\/a><\/li>\n<\/ul>\n<p>&nbsp;<\/p>\n<ul>\n<li>T\u00edtulo: Estresses abi\u00f3ticos em plantas transformadas e n\u00e3o transformadas de tomate \u2018Micro-Tom\u2019 com diferentes express\u00f5es da sHSP22 mitocondrial: Efeito do alagamento e de ciclos de alta e baixa temperatura<\/li>\n<li>Mestrando(a): Cristina Moll Huther<\/li>\n<li>Orientador: Marcos Antonio Bacarin<\/li>\n<li><a href=\"https:\/\/wp.ufpel.edu.br\/fisiologiavegetal\/files\/2017\/06\/394c9cd9f2.pdf\">Download<\/a><\/li>\n<\/ul>\n<p>&nbsp;<\/p>\n<ul>\n<li>T\u00edtulo: Caracteriza\u00e7\u00e3o da descend\u00eancia h\u00edbrida e segrega\u00e7\u00e3o de marcadores microssat\u00e9lites em uma popula\u00e7\u00e3o F2 de Prunus sp.<\/li>\n<li>Mestrando(a): Luciana Rodrigues Nogueira Machado<\/li>\n<li>Orientador: Valmor Jo\u00e3o Bianchi<\/li>\n<li><a href=\"https:\/\/wp.ufpel.edu.br\/fisiologiavegetal\/files\/2017\/06\/6888d3d1ee.pdf\">Download<\/a><\/li>\n<\/ul>\n<p>&nbsp;<\/p>\n<ul>\n<li>T\u00edtulo: Trocas gasosas e Metabolismo Antioxidativo em plantas de girassol em resposta ao d\u00e9ficit h\u00eddrico<\/li>\n<li>Mestrando(a): Mar\u00edlia M\u00e9rcia Lima Carvalho Carneiro<\/li>\n<li>Orientador: Sidnei Deuner<\/li>\n<li><a href=\"https:\/\/wp.ufpel.edu.br\/fisiologiavegetal\/files\/2017\/06\/031f827d19.pdf\">Download<\/a><\/li>\n<\/ul>\n<p>&nbsp;<\/p>\n<ul>\n<li>T\u00edtulo: Respostas morfofisiol\u00f3gicas de Ipomoea batatas L. em fun\u00e7\u00e3o da concentra\u00e7\u00e3o de ferro<\/li>\n<li>Mestrando(a): Janete Mariza Adamski<\/li>\n<li>Orientador: Jos\u00e9 Antonio Peters<\/li>\n<li><a href=\"https:\/\/wp.ufpel.edu.br\/fisiologiavegetal\/files\/2017\/06\/ce5bae4805.pdf\">Download<\/a><\/li>\n<\/ul>\n<p>&nbsp;<\/p>\n<ul>\n<li>T\u00edtulo: Estresses abi\u00f3ticos em h\u00edbridos de canola: Efeito do alagamento e de baixas temperaturas<\/li>\n<li>Mestrando(a): Anelise Tessari Perboni<\/li>\n<li>Orientador: Marcos Antonio Bacarin<\/li>\n<li><a href=\"https:\/\/wp.ufpel.edu.br\/fisiologiavegetal\/files\/2017\/06\/c8d48ead4f.pdf\">Download<\/a><\/li>\n<\/ul>\n<p>&nbsp;<\/p>\n<ul>\n<li>T\u00edtulo: PRODU\u00c7\u00c3O DE BETACIANINA, CRESCIMENTO E POTENCIAL BIOATIVO DE PLANTAS DO G\u00caNERO ALTERNANTHERA<\/li>\n<li>Mestrando(a): Al\u00edtcia Moraes Kleinowski<\/li>\n<li>Orientador: Eugenia Jacira Bolacel Braga<\/li>\n<li><a href=\"https:\/\/wp.ufpel.edu.br\/fisiologiavegetal\/files\/2017\/06\/61e8696f76.pdf\">Download<\/a><\/li>\n<\/ul>\n<p>&nbsp;<\/p>\n<h2>TESES<\/h2>\n<p>&nbsp;<\/p>\n<ul>\n<li>T\u00edtulo: ELICITORES ABI\u00d3TICOS NO ESTRESSE OXIDATIVO E NA EXPRESS\u00c3O DE GENE DA ROTA DE BETACIANINA EM Alternanthera philoxeroides (Mart.) Griseb.<\/li>\n<li>Mestrando(a): M\u00e1rcia Vaz Ribeiro<\/li>\n<li>Orientador: Eugenia Jacira Bolacel Braga<\/li>\n<li><a href=\"https:\/\/wp.ufpel.edu.br\/fisiologiavegetal\/files\/2017\/06\/a385d5410c.pdf\">Download<\/a><\/li>\n<\/ul>\n<p>&nbsp;<\/p>\n<ul>\n<li>T\u00edtulo: ATIVIDADE FOTOSSINT\u00c9TICA EM PLANTAS DO G\u00caNERO Prunus<\/li>\n<li>Mestrando(a): Emanuela Garbin Martinazzo<\/li>\n<li>Orientador: Marcos Antonio Bacarin<\/li>\n<li><a href=\"https:\/\/wp.ufpel.edu.br\/fisiologiavegetal\/files\/2017\/06\/cbc6ebd6dd.pdf\">Download<\/a><\/li>\n<\/ul>\n<p>&nbsp;<\/p>\n<ul>\n<li>T\u00edtulo: Caracteriza\u00e7\u00e3o morfol\u00f3gica, fisiol\u00f3gica e bioqu\u00edmica da Corticeira-do-banhado em condi\u00e7\u00f5es de alagamento<\/li>\n<li>Mestrando(a): Cristina Ferreira Larr\u00e9<\/li>\n<li>Orientador: Jos\u00e9 Antonio Peters<\/li>\n<li><a href=\"https:\/\/wp.ufpel.edu.br\/fisiologiavegetal\/files\/2017\/06\/eda629bb47.pdf\">Download<\/a><\/li>\n<\/ul>\n<p>&nbsp;<\/p>\n<ul>\n<li>T\u00edtulo: Altera\u00e7\u00f5es bioqu\u00edmicas, fisiol\u00f3gicas e ultraestruturais em sementes e plantas de tomate expostas ao chumbo<\/li>\n<li>Mestrando(a): Caroline Leivas Moraes<\/li>\n<li>Orientador: Nei Fernandes Lopes<\/li>\n<li><a href=\"https:\/\/wp.ufpel.edu.br\/fisiologiavegetal\/files\/2017\/06\/d6ea5257f8.pdf\">Download<\/a><\/li>\n<\/ul>\n<p>&nbsp;<\/p>\n<ul>\n<li>T\u00edtulo: Par\u00e2metros h\u00eddrico sem angiospermas lenhosas de clima temperado durante os est\u00e1dios de repouso e crescimento<\/li>\n<li>Mestrando(a): Fabiano Sim\u00f5es<\/li>\n<li>Orientador: Fl\u00e1vio Gilberto Harter<\/li>\n<li><a href=\"https:\/\/wp.ufpel.edu.br\/fisiologiavegetal\/files\/2017\/06\/32bb262951.pdf\">Download<\/a><\/li>\n<\/ul>\n<p>&nbsp;<\/p>\n<hr \/>\n<h1>2010<\/h1>\n<h2>DISSERTA\u00c7\u00d5ES<\/h2>\n<p>&nbsp;<\/p>\n<ul>\n<li>T\u00edtulo: CONSERVA\u00c7\u00c3O \u00c0 BAIXA TEMPERATURA E AVALIA\u00c7\u00c3O DA VIABILIDADE DE GR\u00c3OS DE P\u00d3LEN DE MAMONEIRA<\/li>\n<li>Mestrando(a): Cristina Copstein Cuchiara<\/li>\n<li>Orientador: Vera L\u00facia Bobrowski<\/li>\n<\/ul>\n<p>&nbsp;<\/p>\n<ul>\n<li>T\u00edtulo: Crescimento de plantas de arroz sob aplica\u00e7\u00e3o de herbicidas do grupo das imidazolinonas e sua atividade residual em plantas bioindicadoras<\/li>\n<li>Mestrando(a): Camila Pinho de Sousa<\/li>\n<li>Orientador: MARCOS ANTONIO BACARIN<\/li>\n<li><a href=\"https:\/\/wp.ufpel.edu.br\/fisiologiavegetal\/files\/2017\/06\/f5a56a560c.pdf\">Download<\/a><\/li>\n<\/ul>\n<p>&nbsp;<\/p>\n<ul>\n<li>T\u00edtulo: MULTIPLICA\u00c7\u00c3O IN VITRO DE CARQUEJA-GA\u00daCHA (Baccharis riograndesis Malag. &amp; J. E. Vidal)<\/li>\n<li>Mestrando(a): CLARISSA DE SOUZA BORGES<\/li>\n<li>Orientador: VERA L\u00daCIA BOBROWSKI<\/li>\n<li><a href=\"https:\/\/wp.ufpel.edu.br\/fisiologiavegetal\/files\/2017\/06\/73386f5725.pdf\">Download<\/a><\/li>\n<\/ul>\n<p>&nbsp;<\/p>\n<ul>\n<li>T\u00edtulo: MICROPROPAGA\u00c7\u00c3O E ESTRESSE OXIDATIVO DE PEREIRA E MARMELEIRO CULTIVADOS EM MEIO CONTENDO ALUM\u00cdNIO<\/li>\n<li>Mestrando(a): Mirian de Farias Ribeiro<\/li>\n<li>Orientador: M\u00c1RCIA WULFF SCHUCH<\/li>\n<li><a href=\"https:\/\/wp.ufpel.edu.br\/fisiologiavegetal\/files\/2017\/06\/7b3f25a585.pdf\">Download<\/a><\/li>\n<\/ul>\n<p>&nbsp;<\/p>\n<ul>\n<li>T\u00edtulo: CARACTER\u00cdSTICAS AGRON\u00d4MICAS E FISIOL\u00d3GICAS EM PLANTAS ENXERTADAS E N\u00c3O ENXERTADAS DE MINI MELANCIA<\/li>\n<li>Mestrando(a): Tiago Zanatta Aumonde<\/li>\n<li>Orientador: NEI FERNANDES LOPES<\/li>\n<li><a href=\"https:\/\/wp.ufpel.edu.br\/fisiologiavegetal\/files\/2017\/06\/24df9893b6.pdf\">Download<\/a><\/li>\n<\/ul>\n<p>&nbsp;<\/p>\n<ul>\n<li>T\u00edtulo: TEORES DE CARBOIDRATOS EM ESTACAS LENHOSAS DE MIRTILEIRO<\/li>\n<li>Mestrando(a): R\u00c9RINTON JOAB\u00c9L PIRES DE OLIVEIRA<\/li>\n<li>Orientador: VALMOR JO\u00c3O BIANCHI<\/li>\n<li><a href=\"https:\/\/wp.ufpel.edu.br\/fisiologiavegetal\/files\/2017\/06\/28bec38821.pdf\">Download<\/a><\/li>\n<\/ul>\n<p>&nbsp;<\/p>\n<ul>\n<li>T\u00edtulo: Multiplica\u00e7\u00e3o in vitro e produ\u00e7\u00e3o de betacianina em Alternanthera philoxeroides cultivadas sob efeito de elicitores abi\u00f3ticos<\/li>\n<li>Mestrando(a): Janieli Cristina Perotti<\/li>\n<li>Orientador: EUGENIA JACIRA BOLACEL BRAGA<\/li>\n<li><a href=\"https:\/\/wp.ufpel.edu.br\/fisiologiavegetal\/files\/2017\/06\/b7fb768715.pdf\">Download<\/a><\/li>\n<\/ul>\n<p>&nbsp;<\/p>\n<ul>\n<li>T\u00edtulo: Multiplica\u00e7\u00e3o e regenera\u00e7\u00e3o in vitro de marmeleiro, cvs. Adams e MC.<\/li>\n<li>Mestrando(a): ILDA MARICLEI DE CASTRO DA SILVA<\/li>\n<li>Orientador: VALMOR JO\u00c3O BIANCHI<\/li>\n<li><a href=\"https:\/\/wp.ufpel.edu.br\/fisiologiavegetal\/files\/2017\/06\/bdbdf5cfdf.pdf\">Download<\/a><\/li>\n<\/ul>\n<p>&nbsp;<\/p>\n<ul>\n<li>T\u00edtulo: RADIA\u00c7\u00c3O GAMA NA INDU\u00c7\u00c3O DE VARIABILIDADE EM CULTIVARES DE ARROZ IRRIGADO<\/li>\n<li>Mestrando(a): ALINE SCHEER DA SILVA<\/li>\n<li>Orientador: JOS\u00c9 ANTONIO PETERS<\/li>\n<li><a href=\"https:\/\/wp.ufpel.edu.br\/fisiologiavegetal\/files\/2017\/06\/d7ff448d01.pdf\">Download<\/a><\/li>\n<\/ul>\n<p>&nbsp;<\/p>\n<h2>TESES<\/h2>\n<p>&nbsp;<\/p>\n<ul>\n<li>T\u00edtulo: Atividade respirat\u00f3ria e bioqu\u00edmica de sementes de arroz submetidas a diferentes temperaturas<\/li>\n<li>Mestrando(a): PATR\u00cdCIA MARINI MADRUGA<\/li>\n<li>Orientador: DARIO MUNT DE MORAES<\/li>\n<li><a href=\"https:\/\/wp.ufpel.edu.br\/fisiologiavegetal\/files\/2017\/06\/c8632e9ae8.pdf\">Download<\/a><\/li>\n<\/ul>\n<p>&nbsp;<\/p>\n<ul>\n<li>T\u00edtulo: CRESCIMENTO E FOTOSS\u00cdNTESE EM Capsicum baccatum L. E Capsicum frutescens L.<\/li>\n<li>Mestrando(a): FL\u00c1VIA ANGELO BEDUHN<\/li>\n<li>Orientador: MARCOS ANTONIO BACARIN<\/li>\n<li><a href=\"https:\/\/wp.ufpel.edu.br\/fisiologiavegetal\/files\/2017\/06\/700715e6d5.pdf\">Download<\/a><\/li>\n<\/ul>\n<p>&nbsp;<\/p>\n<hr \/>\n<h1>2009<\/h1>\n<h2>DISSERTA\u00c7\u00d5ES<\/h2>\n<p>&nbsp;<\/p>\n<ul>\n<li>T\u00edtulo: RADIA\u00c7\u00c3O GAMA COBALTO-60 NA INDU\u00c7\u00c3O DE VARIABILIDADE EM MAMONA (Ricinus communis L.)<\/li>\n<li>Mestrando(a): Patr\u00edcia Silva Justo Kleinhans<\/li>\n<li>Orientador: Vera L\u00facia Bobrowski<\/li>\n<\/ul>\n<p>&nbsp;<\/p>\n<ul>\n<li>T\u00edtulo: COMPETI\u00c7\u00c3O DE ARROZ (Oryza sativa L.) E CAPIM-ARROZ (Echinochloa spp.) SEMEADOS EM DIVERSAS DENSIDADES AO LONGO DA ONTOGENIA DAS PLANTAS<\/li>\n<li>Mestrando(a): MAURICIO QUADROS DOS SANTOS<\/li>\n<li>Orientador: NEI FERNANDES LOPES<\/li>\n<li><a href=\"https:\/\/wp.ufpel.edu.br\/fisiologiavegetal\/files\/2017\/06\/9bcab784ca.pdf\">Download<\/a><\/li>\n<\/ul>\n<p>&nbsp;<\/p>\n<ul>\n<li>T\u00edtulo: ADUBA\u00c7\u00c3O NITROGENADA E POT\u00c1SSICA E SEUS EFEITOS NA QUALIDADE DE MA\u00c7\u00c3S NA COLHEITA E AP\u00d3S O ARMAZENAMENTO<\/li>\n<li>Mestrando(a): Francielle de Souza<\/li>\n<li>Orientador: FL\u00c1VIO GILBERTO HERTER<\/li>\n<li><a href=\"https:\/\/wp.ufpel.edu.br\/fisiologiavegetal\/files\/2017\/06\/1c15d4b73e.pdf\">Download<\/a><\/li>\n<\/ul>\n<p>&nbsp;<\/p>\n<ul>\n<li>T\u00edtulo: Influ\u00eancia de n\u00edveis de sombreamento sobre o crescimento, produ\u00e7\u00e3o de pigmentos fotossint\u00e9ticos e assimila\u00e7\u00e3o de nitrog\u00eanio em mil-folhas (Achillea millefolium L.)<\/li>\n<li>Mestrando(a): Milene Concei\u00e7\u00e3o Lima<\/li>\n<li>Orientador: LUCIANO DO AMARANTE<\/li>\n<li><a href=\"https:\/\/wp.ufpel.edu.br\/fisiologiavegetal\/files\/2017\/06\/f973b24b2e.pdf\">Download<\/a><\/li>\n<\/ul>\n<p>&nbsp;<\/p>\n<ul>\n<li>T\u00edtulo: VARIABLIDADE GEN\u00c9TICA INDUZIDA POR RADIA\u00c7\u00c3O GAMA EM PEREIRA CULTIVADA IN VITRO<\/li>\n<li>Mestrando(a): CARINA PEREIRA DA SILVA<\/li>\n<li>Orientador: JOS\u00c9 ANTONIO PETERS<\/li>\n<li><a href=\"https:\/\/wp.ufpel.edu.br\/fisiologiavegetal\/files\/2017\/06\/635ba4a3d3.pdf\">Download<\/a><\/li>\n<\/ul>\n<p>&nbsp;<\/p>\n<h2>TESES<\/h2>\n<p>&nbsp;<\/p>\n<ul>\n<li>T\u00edtulo: CARACTER\u00cdSTICAS FISIOL\u00d3GICAS E BIOQU\u00cdMICAS DE PLANTAS DE SOJA [Glycine max (L.) MERRILL] SOB CONDI\u00c7\u00d5ES DE HIPOXIA<\/li>\n<li>Mestrando(a): Rodrigo Nascimento da Silva<\/li>\n<li>Orientador: NEI FERNANDES LOPES<\/li>\n<li><a href=\"https:\/\/wp.ufpel.edu.br\/fisiologiavegetal\/files\/2017\/06\/50e1202e21.pdf\">Download<\/a><\/li>\n<\/ul>\n<p>&nbsp;<\/p>\n<hr \/>\n<h1>2008<\/h1>\n<h2>DISSERTA\u00c7\u00d5ES<\/h2>\n<p>&nbsp;<\/p>\n<ul>\n<li>T\u00edtulo: DESEMPENHO FISIOL\u00d3GICO DE SEMENTES DE ARROZ (Oryza sativa L.) TRATADAS COM 24-EPIBRASSINOL\u00cdDEO<\/li>\n<li>Mestrando(a): Cristina Ferreira Larr\u00e9<\/li>\n<li>Orientador: DARIO MUNT DE MORAES<\/li>\n<li><a href=\"https:\/\/wp.ufpel.edu.br\/fisiologiavegetal\/files\/2017\/06\/ef5f98b262.pdf\">Download<\/a><\/li>\n<\/ul>\n<p>&nbsp;<\/p>\n<ul>\n<li>T\u00edtulo: AN\u00c1LISE DE CRESCIMENTO DE BATATA CV. BARONESA TRANSFORMADA COM GENE DE RESIST\u00caNCIA AO PVY<\/li>\n<li>Mestrando(a): SIMONE POHL<\/li>\n<li>Orientador: JOS\u00c9 ANTONIO PETERS<\/li>\n<li><a href=\"https:\/\/wp.ufpel.edu.br\/fisiologiavegetal\/files\/2017\/06\/5b42d3ac5a.pdf\">Download<\/a><\/li>\n<\/ul>\n<p>&nbsp;<\/p>\n<ul>\n<li>T\u00edtulo: AVALIA\u00c7\u00c3O BIOL\u00d3GICA DE ESTRUTURAS FLORAIS EM MACIEIRA E SUA RELA\u00c7\u00c3O COM A QUALIDADE DO FRUTO<\/li>\n<li>Mestrando(a): Rafael Hansen Madail<\/li>\n<li>Orientador: FL\u00c1VIO GILBERTO HERTER<\/li>\n<li><a href=\"https:\/\/wp.ufpel.edu.br\/fisiologiavegetal\/files\/2017\/06\/7fc00df597.pdf\">Download<\/a><\/li>\n<\/ul>\n<p>&nbsp;<\/p>\n<ul>\n<li>T\u00edtulo: Respostas Bioqu\u00edmicas e Fisiol\u00f3gicas de Plantas Noduladas de Soja submetidas \u00e0 Hipoxia<\/li>\n<li>Mestrando(a): PABLO GERZSON BADINELLI<\/li>\n<li>Orientador: LUCIANO DO AMARANTE<\/li>\n<li><a href=\"https:\/\/wp.ufpel.edu.br\/fisiologiavegetal\/files\/2017\/06\/c861b331cb.pdf\">Download<\/a><\/li>\n<\/ul>\n<p>&nbsp;<\/p>\n<ul>\n<li>T\u00edtulo: CARACTERIZA\u00c7\u00c3O MOLECULAR DE ALELOS-S E DE LOCOS MICROSSAT\u00c9LITES EM Prunus salicina (Lindl.)<\/li>\n<li>Mestrando(a): MONALIZE SALETE MOTA<\/li>\n<li>Orientador: VALMOR JO\u00c3O BIANCHI<\/li>\n<li><a href=\"https:\/\/wp.ufpel.edu.br\/fisiologiavegetal\/files\/2017\/06\/76be88c13c.pdf\">Download<\/a><\/li>\n<\/ul>\n<p>&nbsp;<\/p>\n<ul>\n<li>T\u00edtulo: ESTABELECIMENTO IN VITRO E AN\u00c1LISE DA VARIABILIDADE GEN\u00c9TICA DE ACESSOS DE ESPINHEIRA-SANTA (Maytenus ilicifolia) COLETADOS NO ESTADO DO RIO GRANDE DO SUL<\/li>\n<li>Mestrando(a): M\u00c1RCIA VAZ RIBEIRO<\/li>\n<li>Orientador: EUGENIA JACIRA BOLACEL BRAGA<\/li>\n<li><a href=\"https:\/\/wp.ufpel.edu.br\/fisiologiavegetal\/files\/2017\/06\/d7dc4d86e2.pdf\">Download<\/a><\/li>\n<\/ul>\n<p>&nbsp;<\/p>\n<ul>\n<li>T\u00edtulo: TOLER\u00c2NCIA \u00c0 SALINIDADE AVALIADA EM GEN\u00d3TIPOS DE ARROZ, CULTIVADOS EX VITRO E IN VITRO<\/li>\n<li>Mestrando(a): LET\u00cdCIA CARVALHO BENITEZ<\/li>\n<li>Orientador: EUGENIA JACIRA BOLACEL BRAGA<\/li>\n<li><a href=\"https:\/\/wp.ufpel.edu.br\/fisiologiavegetal\/files\/2017\/06\/5867c0be67.pdf\">Download<\/a><\/li>\n<\/ul>\n<p>&nbsp;<\/p>\n<ul>\n<li>T\u00edtulo: QUALIDADE FISIOL\u00d3GICA DE SEMENTES, CRESCIMENTO E PARTI\u00c7\u00c3O DE ASSIMILADOS EM PLANTAS DE FEIJ\u00c3O (Phaseolus vulgaris L.) TRATADAS COM HERBICIDAS PR\u00c9-EMERGENTES<\/li>\n<li>Mestrando(a): FABIANA CARRETT TIMM<\/li>\n<li>Orientador: NEI FERNANDES LOPES<\/li>\n<li><a href=\"https:\/\/wp.ufpel.edu.br\/fisiologiavegetal\/files\/2017\/06\/e5ca8bbc4a.pdf\">Download<\/a><\/li>\n<\/ul>\n<p>&nbsp;<\/p>\n<ul>\n<li>T\u00edtulo: DESENVOLVIMENTO DE PLANTAS E QUALIDADE FISIOL\u00d3GICA DE SEMENTES DE ARROZ (Oryza sativa L.) SUBMETIDAS A DIVERSAS CONCENTRA\u00c7\u00d5ES DE C\u00c1DMIO<\/li>\n<li>Mestrando(a): ARIADNE RIBEIRO HENRIQUES<\/li>\n<li>Orientador: Dario Munt de Moraes<\/li>\n<li><a href=\"https:\/\/wp.ufpel.edu.br\/fisiologiavegetal\/files\/2017\/06\/892277199d.pdf\">Download<\/a><\/li>\n<\/ul>\n<p>&nbsp;<\/p>\n<h2>TESES<\/h2>\n<p>&nbsp;<\/p>\n<ul>\n<li>T\u00edtulo: DETEC\u00c7\u00c3O DE GENES E EXPRESS\u00c3O ENZIM\u00c1TICA EM CULTIVARES DE ARROZ (Oryza sativa L.) CRESCIDAS SOB ESTRESSE SALINO<\/li>\n<li>Mestrando(a): MARIA DA GRA\u00c7A DE SOUZA LIMA<\/li>\n<li>Orientador: NEI FERNANDES LOPES<\/li>\n<li><a href=\"https:\/\/wp.ufpel.edu.br\/fisiologiavegetal\/files\/2017\/06\/cbd7651542.pdf\">Download<\/a><\/li>\n<\/ul>\n<p>&nbsp;<\/p>\n<ul>\n<li>T\u00edtulo: EXPRESS\u00c3O DE GENES DE ENZIMAS ENVOLVIDAS NO ADO\u00c7AMENTO DE TUB\u00c9RCULOS DE BATATA<\/li>\n<li>Mestrando(a): In\u00eas Ang\u00e9lica Cordeiro Gomes<\/li>\n<li>Orientador: MARCOS ANTONIO BACARIN<\/li>\n<li><a href=\"https:\/\/wp.ufpel.edu.br\/fisiologiavegetal\/files\/2017\/06\/72db95235d.pdf\">Download<\/a><\/li>\n<\/ul>\n<p>&nbsp;<\/p>\n<ul>\n<li>T\u00edtulo: ATIVIDADE RESPIRAT\u00d3RIA COMO M\u00c9TODO ALTERNATIVO NA DIFERENCIA\u00c7\u00c3O DO VIGOR DE LOTES DE SEMENTES<\/li>\n<li>Mestrando(a): CRISTINA RODRIGUES MENDES<\/li>\n<li>Orientador: DARIO MUNT DE MORAES<\/li>\n<li><a href=\"https:\/\/wp.ufpel.edu.br\/fisiologiavegetal\/files\/2017\/06\/86d2e27fcd.pdf\">Download<\/a><\/li>\n<\/ul>\n<p>&nbsp;<\/p>\n<ul>\n<li>T\u00edtulo: CRESCIMENTO, FOTOSS\u00cdNTESE E PARTI\u00c7\u00c3O DE ASSIMILADOS EM GEN\u00d3TIPOS DE ARROZ IRRIGADO<\/li>\n<li>Mestrando(a): ANTELMO RALPH FALQUETO<\/li>\n<li>Orientador: MARCOS ANTONIO BACARIN<\/li>\n<li><a href=\"https:\/\/wp.ufpel.edu.br\/fisiologiavegetal\/files\/2017\/06\/0a8d77ad17.pdf\">Download<\/a><\/li>\n<\/ul>\n<p>&nbsp;<\/p>\n<ul>\n<li>T\u00edtulo: Metabolismo de carboidratos, conte\u00fado de \u00e1gua e necrose floral em pereira (Pyrus sp.) em condi\u00e7\u00f5es de falta de frio<\/li>\n<li>Mestrando(a): Anderson Carlos Marafon<\/li>\n<li>Orientador: FL\u00c1VIO GILBERTO HERTER<\/li>\n<li><a href=\"https:\/\/wp.ufpel.edu.br\/fisiologiavegetal\/files\/2017\/06\/13c4c094e5.pdf\">Download<\/a><\/li>\n<\/ul>\n<p>&nbsp;<\/p>\n","protected":false},"excerpt":{"rendered":"<p>2011 DISSERTA\u00c7\u00d5ES &nbsp; T\u00edtulo: Toler\u00e2ncia \u00e0 salinidade induzida pelo \u00e1cido salic\u00edlico em sementes e pl\u00e2ntulas de milho h\u00edbrido Mestrando(a): Fernanda Reolon Tonel Orientador: Dario Munt de Moraes Download &nbsp; T\u00edtulo: Metabolismo fermentativo em ra\u00edzes e n\u00f3dulos de soja sob condi\u00e7\u00f5es de hipoxia e p\u00f3s-hipoxia Mestrando(a): Junior Borella Orientador: Luciano do Amarante Download &nbsp; T\u00edtulo: Estresses [&hellip;]<\/p>\n","protected":false},"author":20,"featured_media":0,"parent":0,"menu_order":0,"comment_status":"closed","ping_status":"closed","template":"","meta":{"jetpack_post_was_ever_published":false,"footnotes":""},"class_list":["post-177","page","type-page","status-publish","hentry","post"],"jetpack_sharing_enabled":true,"jetpack_shortlink":"https:\/\/wp.me\/P8OIzg-2R","_links":{"self":[{"href":"https:\/\/wp.ufpel.edu.br\/fisiologiavegetal\/wp-json\/wp\/v2\/pages\/177","targetHints":{"allow":["GET"]}}],"collection":[{"href":"https:\/\/wp.ufpel.edu.br\/fisiologiavegetal\/wp-json\/wp\/v2\/pages"}],"about":[{"href":"https:\/\/wp.ufpel.edu.br\/fisiologiavegetal\/wp-json\/wp\/v2\/types\/page"}],"author":[{"embeddable":true,"href":"https:\/\/wp.ufpel.edu.br\/fisiologiavegetal\/wp-json\/wp\/v2\/users\/20"}],"replies":[{"embeddable":true,"href":"https:\/\/wp.ufpel.edu.br\/fisiologiavegetal\/wp-json\/wp\/v2\/comments?post=177"}],"version-history":[{"count":5,"href":"https:\/\/wp.ufpel.edu.br\/fisiologiavegetal\/wp-json\/wp\/v2\/pages\/177\/revisions"}],"predecessor-version":[{"id":203,"href":"https:\/\/wp.ufpel.edu.br\/fisiologiavegetal\/wp-json\/wp\/v2\/pages\/177\/revisions\/203"}],"wp:attachment":[{"href":"https:\/\/wp.ufpel.edu.br\/fisiologiavegetal\/wp-json\/wp\/v2\/media?parent=177"}],"curies":[{"name":"wp","href":"https:\/\/api.w.org\/{rel}","templated":true}]}}