{"id":276,"date":"2018-02-23T14:27:15","date_gmt":"2018-02-23T17:27:15","guid":{"rendered":"https:\/\/wp.ufpel.edu.br\/fisicabacharelado\/?page_id=276"},"modified":"2018-02-23T14:46:08","modified_gmt":"2018-02-23T17:46:08","slug":"apresentacao","status":"publish","type":"page","link":"https:\/\/wp.ufpel.edu.br\/fisicabacharelado\/apresentacao\/","title":{"rendered":"APRESENTA\u00c7\u00c3O"},"content":{"rendered":"<p><span style=\"font-family: arial, helvetica, sans-serif;color: #000000;font-size: 10pt\"><strong>Nome do Curso:<\/strong> Bacharelado em F\u00edsica<\/span><\/p>\n<p><span style=\"font-family: arial, helvetica, sans-serif;color: #000000;font-size: 10pt\"><strong>Modalidade:<\/strong> presencial<\/span><\/p>\n<p><span style=\"font-family: arial, helvetica, sans-serif;color: #000000;font-size: 10pt\"><strong>Natureza do n\u00edvel:<\/strong> bacharelado<\/span><\/p>\n<p><span style=\"font-family: arial, helvetica, sans-serif;color: #000000;font-size: 10pt\"><strong>Titula\u00e7\u00e3o conferida:<\/strong> Bacharel em F\u00edsica<\/span><\/p>\n<p><span style=\"font-family: arial, helvetica, sans-serif;color: #000000;font-size: 10pt\"><strong>Regime Acad\u00eamico:<\/strong> semestral<\/span><\/p>\n<p><span style=\"font-family: arial, helvetica, sans-serif;color: #000000;font-size: 10pt\"><strong>Unidade Acad\u00eamica:<\/strong> Instituto de F\u00edsica e Matem\u00e1tica (IFM)<\/span><\/p>\n<p><span style=\"font-family: arial, helvetica, sans-serif;color: #000000;font-size: 10pt\"><strong>Endere\u00e7o:<\/strong> Instituto de F\u00edsica e Matem\u00e1tica, Universidade Federal de Pelotas, Campus Universit\u00e1rio s\/n, Pr\u00e9dio 5 sala 301, Cap\u00e3o do Le\u00e3o, RS, Brasil.<\/span><\/p>\n<p><span style=\"font-family: arial, helvetica, sans-serif;color: #000000;font-size: 10pt\"><strong>Formas de Ingresso:<\/strong> anual, por meio do Sistema de Sele\u00e7\u00e3o Unificada (SISU) e Programa de Avalia\u00e7\u00e3o da Vida Escolar (PAVE), no primeiro semestre.<\/span><\/p>\n<p><span style=\"font-family: arial, helvetica, sans-serif;color: #000000;font-size: 10pt\"><strong>N\u00famero de vaga por ingresso:<\/strong> 40 vagas pelo SISU e 04 vagas pelo PAVE<\/span><\/p>\n<p><span style=\"font-family: arial, helvetica, sans-serif;color: #000000;font-size: 10pt\"><strong>Turno:<\/strong> integral \u2013 manh\u00e3 e tarde<\/span><\/p>\n<p><span style=\"font-family: arial, helvetica, sans-serif;color: #000000;font-size: 10pt\"><strong>Carga Hor\u00e1ria Total:<\/strong> m\u00ednima de 2.866,7 horas<\/span><\/p>\n<p><span style=\"font-family: arial, helvetica, sans-serif;color: #000000;font-size: 10pt\"><strong>Dura\u00e7\u00e3o:<\/strong> oito (08) semestres (m\u00ednima) a quatorze (14) semestres (m\u00e1xima)<\/span><\/p>\n<p><span style=\"font-family: arial, helvetica, sans-serif;color: #000000;font-size: 10pt\"><strong>In\u00edcio do Curso:<\/strong> primeiro semestre de 2016<\/span><\/p>\n","protected":false},"excerpt":{"rendered":"<p>Nome do Curso: Bacharelado em F\u00edsica Modalidade: presencial Natureza do n\u00edvel: bacharelado Titula\u00e7\u00e3o conferida: Bacharel em F\u00edsica Regime Acad\u00eamico: semestral Unidade Acad\u00eamica: Instituto de F\u00edsica e Matem\u00e1tica (IFM) Endere\u00e7o: Instituto de F\u00edsica e Matem\u00e1tica, Universidade Federal de Pelotas, Campus Universit\u00e1rio s\/n, Pr\u00e9dio 5 sala 301, Cap\u00e3o do Le\u00e3o, RS, Brasil. Formas de Ingresso: anual, por [&hellip;]<\/p>\n","protected":false},"author":366,"featured_media":0,"parent":0,"menu_order":0,"comment_status":"closed","ping_status":"closed","template":"","meta":{"jetpack_post_was_ever_published":false,"footnotes":""},"class_list":["post-276","page","type-page","status-publish","hentry"],"jetpack_sharing_enabled":true,"_links":{"self":[{"href":"https:\/\/wp.ufpel.edu.br\/fisicabacharelado\/wp-json\/wp\/v2\/pages\/276","targetHints":{"allow":["GET"]}}],"collection":[{"href":"https:\/\/wp.ufpel.edu.br\/fisicabacharelado\/wp-json\/wp\/v2\/pages"}],"about":[{"href":"https:\/\/wp.ufpel.edu.br\/fisicabacharelado\/wp-json\/wp\/v2\/types\/page"}],"author":[{"embeddable":true,"href":"https:\/\/wp.ufpel.edu.br\/fisicabacharelado\/wp-json\/wp\/v2\/users\/366"}],"replies":[{"embeddable":true,"href":"https:\/\/wp.ufpel.edu.br\/fisicabacharelado\/wp-json\/wp\/v2\/comments?post=276"}],"version-history":[{"count":4,"href":"https:\/\/wp.ufpel.edu.br\/fisicabacharelado\/wp-json\/wp\/v2\/pages\/276\/revisions"}],"predecessor-version":[{"id":291,"href":"https:\/\/wp.ufpel.edu.br\/fisicabacharelado\/wp-json\/wp\/v2\/pages\/276\/revisions\/291"}],"wp:attachment":[{"href":"https:\/\/wp.ufpel.edu.br\/fisicabacharelado\/wp-json\/wp\/v2\/media?parent=276"}],"curies":[{"name":"wp","href":"https:\/\/api.w.org\/{rel}","templated":true}]}}