{"id":660,"date":"2015-12-22T15:00:19","date_gmt":"2015-12-22T17:00:19","guid":{"rendered":"https:\/\/wp.ufpel.edu.br\/fisica-licenciatura\/?page_id=660"},"modified":"2015-12-22T15:03:46","modified_gmt":"2015-12-22T17:03:46","slug":"curso-e-avaliado-com-nota-4-no-enade","status":"publish","type":"page","link":"https:\/\/wp.ufpel.edu.br\/fisica-licenciatura\/curso-e-avaliado-com-nota-4-no-enade\/","title":{"rendered":"Curso \u00e9 avaliado com nota 4 no ENADE"},"content":{"rendered":"<p style=\"text-align: justify\"><span style=\"color: #000000;font-family: georgia,palatino,serif;font-size: 12pt\">O Curso de Licenciatura em F\u00edsica da UFPel obteve a nota 4, em uma escala que vai de 0 a 5, no \u00faltimo Exame Nacional de Desempenho de Estudantes (Enade), que foi realizado em 23 de novembro de 2014.<\/span><\/p>\n<p style=\"text-align: justify\"><span style=\"color: #000000;font-family: georgia,palatino,serif;font-size: 12pt\">O professor Fernando Jaques Ruiz Sim\u00f5es Junior, Coordenador do Curso, ressaltou: &#8220;ainda temos muito trabalho a fazer para que o Curso alcance a nota m\u00e1xima, mas este 4 demonstra a qualidade de nossos alunos e indica como est\u00e1 nosso trabalho&#8221;.<\/span><\/p>\n","protected":false},"excerpt":{"rendered":"<p>O Curso de Licenciatura em F\u00edsica da UFPel obteve a nota 4, em uma escala que vai de 0 a 5, no \u00faltimo Exame Nacional de Desempenho de Estudantes (Enade), que foi realizado em 23 de novembro de 2014. O professor Fernando Jaques Ruiz Sim\u00f5es Junior, Coordenador do Curso, ressaltou: &#8220;ainda temos muito trabalho a [&hellip;]<\/p>\n","protected":false},"author":366,"featured_media":0,"parent":0,"menu_order":0,"comment_status":"closed","ping_status":"closed","template":"","meta":{"jetpack_post_was_ever_published":false,"footnotes":""},"class_list":["post-660","page","type-page","status-publish","hentry"],"jetpack_sharing_enabled":true,"jetpack_shortlink":"https:\/\/wp.me\/P6RZnX-aE","_links":{"self":[{"href":"https:\/\/wp.ufpel.edu.br\/fisica-licenciatura\/wp-json\/wp\/v2\/pages\/660","targetHints":{"allow":["GET"]}}],"collection":[{"href":"https:\/\/wp.ufpel.edu.br\/fisica-licenciatura\/wp-json\/wp\/v2\/pages"}],"about":[{"href":"https:\/\/wp.ufpel.edu.br\/fisica-licenciatura\/wp-json\/wp\/v2\/types\/page"}],"author":[{"embeddable":true,"href":"https:\/\/wp.ufpel.edu.br\/fisica-licenciatura\/wp-json\/wp\/v2\/users\/366"}],"replies":[{"embeddable":true,"href":"https:\/\/wp.ufpel.edu.br\/fisica-licenciatura\/wp-json\/wp\/v2\/comments?post=660"}],"version-history":[{"count":4,"href":"https:\/\/wp.ufpel.edu.br\/fisica-licenciatura\/wp-json\/wp\/v2\/pages\/660\/revisions"}],"predecessor-version":[{"id":665,"href":"https:\/\/wp.ufpel.edu.br\/fisica-licenciatura\/wp-json\/wp\/v2\/pages\/660\/revisions\/665"}],"wp:attachment":[{"href":"https:\/\/wp.ufpel.edu.br\/fisica-licenciatura\/wp-json\/wp\/v2\/media?parent=660"}],"curies":[{"name":"wp","href":"https:\/\/api.w.org\/{rel}","templated":true}]}}