{"id":3570,"date":"2026-03-09T13:46:58","date_gmt":"2026-03-09T16:46:58","guid":{"rendered":"https:\/\/wp.ufpel.edu.br\/fisica-licenciatura\/?page_id=3570"},"modified":"2026-03-19T10:23:25","modified_gmt":"2026-03-19T13:23:25","slug":"horarios-2026-1","status":"publish","type":"page","link":"https:\/\/wp.ufpel.edu.br\/fisica-licenciatura\/horarios-2026-1\/","title":{"rendered":"Hor\u00e1rios 2026\/1"},"content":{"rendered":"<p>Para facilitar a organiza\u00e7\u00e3o dos hor\u00e1rios dos discentes, disponibilizamos abaixo um arquivo com a grade de disciplinas que ser\u00e3o ofertadas no semestre 2026\/1.<\/p>\n<ul>\n<li><a href=\"https:\/\/wp.ufpel.edu.br\/fisica-licenciatura\/files\/2026\/03\/Horarios2026_1-1.pdf\">Hor\u00e1rios 2026\/1<\/a><\/li>\n<\/ul>\n<p>Esperamos que todos tenham um bom semestre.<\/p>\n","protected":false},"excerpt":{"rendered":"<p>Para facilitar a organiza\u00e7\u00e3o dos hor\u00e1rios dos discentes, disponibilizamos abaixo um arquivo com a grade de disciplinas que ser\u00e3o ofertadas no semestre 2026\/1. Hor\u00e1rios 2026\/1 Esperamos que todos tenham um bom semestre.<\/p>\n","protected":false},"author":1147,"featured_media":0,"parent":0,"menu_order":0,"comment_status":"closed","ping_status":"closed","template":"","meta":{"jetpack_post_was_ever_published":false,"footnotes":""},"class_list":["post-3570","page","type-page","status-publish","hentry"],"jetpack_sharing_enabled":true,"jetpack_shortlink":"https:\/\/wp.me\/P6RZnX-VA","_links":{"self":[{"href":"https:\/\/wp.ufpel.edu.br\/fisica-licenciatura\/wp-json\/wp\/v2\/pages\/3570","targetHints":{"allow":["GET"]}}],"collection":[{"href":"https:\/\/wp.ufpel.edu.br\/fisica-licenciatura\/wp-json\/wp\/v2\/pages"}],"about":[{"href":"https:\/\/wp.ufpel.edu.br\/fisica-licenciatura\/wp-json\/wp\/v2\/types\/page"}],"author":[{"embeddable":true,"href":"https:\/\/wp.ufpel.edu.br\/fisica-licenciatura\/wp-json\/wp\/v2\/users\/1147"}],"replies":[{"embeddable":true,"href":"https:\/\/wp.ufpel.edu.br\/fisica-licenciatura\/wp-json\/wp\/v2\/comments?post=3570"}],"version-history":[{"count":3,"href":"https:\/\/wp.ufpel.edu.br\/fisica-licenciatura\/wp-json\/wp\/v2\/pages\/3570\/revisions"}],"predecessor-version":[{"id":3582,"href":"https:\/\/wp.ufpel.edu.br\/fisica-licenciatura\/wp-json\/wp\/v2\/pages\/3570\/revisions\/3582"}],"wp:attachment":[{"href":"https:\/\/wp.ufpel.edu.br\/fisica-licenciatura\/wp-json\/wp\/v2\/media?parent=3570"}],"curies":[{"name":"wp","href":"https:\/\/api.w.org\/{rel}","templated":true}]}}