{"id":3558,"date":"2026-02-20T14:18:57","date_gmt":"2026-02-20T17:18:57","guid":{"rendered":"https:\/\/wp.ufpel.edu.br\/fisica-licenciatura\/?page_id=3558"},"modified":"2026-02-20T14:18:57","modified_gmt":"2026-02-20T17:18:57","slug":"calendario-2026-1","status":"publish","type":"page","link":"https:\/\/wp.ufpel.edu.br\/fisica-licenciatura\/calendario-2026-1\/","title":{"rendered":"CALEND\u00c1RIO 2026\/1"},"content":{"rendered":"<p align=\"justify\">A partir do dia <strong>23 de mar\u00e7o de 2026<\/strong>\u00a0iniciaremos mais um semestre letivo.<\/p>\n<p align=\"justify\">Abaixo apresentamos alguns pontos importantes:<\/p>\n<p align=\"justify\"><b>1.<\/b> As <strong>aulas iniciar\u00e3o<\/strong> em <strong>23 de mar\u00e7o de 2026<\/strong><strong>\u00a0(segunda-feira)<\/strong>, sendo desenvolvidas ao longo de 18 semanas letivas.<\/p>\n<p align=\"justify\"><b>2.<\/b><b> <\/b>A <b>matr\u00edcula<\/b> em componentes curriculares (disciplinas) <b>ser\u00e1 obrigat\u00f3ria<\/b> em, pelo menos, <strong>8 cr\u00e9ditos<\/strong>.<\/p>\n<p align=\"justify\">O <strong>calend\u00e1rio acad\u00eamico completo para o ano de 2026<\/strong> pode ser encontrado <a href=\"https:\/\/wp.ufpel.edu.br\/cra\/calendarios-academicos\/calendario-academico-2026\/\"><strong>neste link<\/strong><\/a>.<\/p>\n<p align=\"justify\">Desejamos que todos(as) tenham um bom semestre!<\/p>\n","protected":false},"excerpt":{"rendered":"<p>A partir do dia 23 de mar\u00e7o de 2026\u00a0iniciaremos mais um semestre letivo. Abaixo apresentamos alguns pontos importantes: 1. As aulas iniciar\u00e3o em 23 de mar\u00e7o de 2026\u00a0(segunda-feira), sendo desenvolvidas ao longo de 18 semanas letivas. 2. A matr\u00edcula em componentes curriculares (disciplinas) ser\u00e1 obrigat\u00f3ria em, pelo menos, 8 cr\u00e9ditos. O calend\u00e1rio acad\u00eamico completo para [&hellip;]<\/p>\n","protected":false},"author":1147,"featured_media":0,"parent":0,"menu_order":0,"comment_status":"closed","ping_status":"closed","template":"","meta":{"jetpack_post_was_ever_published":false,"footnotes":""},"class_list":["post-3558","page","type-page","status-publish","hentry"],"jetpack_sharing_enabled":true,"jetpack_shortlink":"https:\/\/wp.me\/P6RZnX-Vo","_links":{"self":[{"href":"https:\/\/wp.ufpel.edu.br\/fisica-licenciatura\/wp-json\/wp\/v2\/pages\/3558","targetHints":{"allow":["GET"]}}],"collection":[{"href":"https:\/\/wp.ufpel.edu.br\/fisica-licenciatura\/wp-json\/wp\/v2\/pages"}],"about":[{"href":"https:\/\/wp.ufpel.edu.br\/fisica-licenciatura\/wp-json\/wp\/v2\/types\/page"}],"author":[{"embeddable":true,"href":"https:\/\/wp.ufpel.edu.br\/fisica-licenciatura\/wp-json\/wp\/v2\/users\/1147"}],"replies":[{"embeddable":true,"href":"https:\/\/wp.ufpel.edu.br\/fisica-licenciatura\/wp-json\/wp\/v2\/comments?post=3558"}],"version-history":[{"count":1,"href":"https:\/\/wp.ufpel.edu.br\/fisica-licenciatura\/wp-json\/wp\/v2\/pages\/3558\/revisions"}],"predecessor-version":[{"id":3560,"href":"https:\/\/wp.ufpel.edu.br\/fisica-licenciatura\/wp-json\/wp\/v2\/pages\/3558\/revisions\/3560"}],"wp:attachment":[{"href":"https:\/\/wp.ufpel.edu.br\/fisica-licenciatura\/wp-json\/wp\/v2\/media?parent=3558"}],"curies":[{"name":"wp","href":"https:\/\/api.w.org\/{rel}","templated":true}]}}