{"id":3326,"date":"2025-03-14T11:46:45","date_gmt":"2025-03-14T14:46:45","guid":{"rendered":"https:\/\/wp.ufpel.edu.br\/fisica-licenciatura\/?page_id=3326"},"modified":"2026-04-22T14:49:11","modified_gmt":"2026-04-22T17:49:11","slug":"estudantes-habilitados-ap","status":"publish","type":"page","link":"https:\/\/wp.ufpel.edu.br\/fisica-licenciatura\/estudantes-habilitados-ap\/","title":{"rendered":"Estudantes habilitados (AP)"},"content":{"rendered":"<p>Para o <span style=\"color: #ff0000;\">1<sup>o<\/sup> per\u00edodo (primeiro semestre de 2026)<\/span> da <span style=\"color: #ff0000;\"><strong>Avalia\u00e7\u00e3o Pr\u00e1tica (AP)<\/strong><\/span>, dentro do <strong>Enade das Licenciaturas 2026<\/strong>, temos o seguinte estudante habilitado:<\/p>\n<ul>\n<li>Eduardo Casara Nunes<\/li>\n<\/ul>\n<p>Durante a AP o estudante ser\u00e1 submetido a uma avalia\u00e7\u00e3o da sua pr\u00e1tica de est\u00e1gio supervisionado, referente \u00e0 etapa de reg\u00eancia de classe, realizada pelo supervisor e orientador de est\u00e1gio.<\/p>\n<h4>Etapas para a realiza\u00e7\u00e3o da AP<\/h4>\n<p>O <span style=\"color: #0000ff;\"><strong>estudante habilitado<\/strong><\/span> dever\u00e1 realizar as seguintes etapas obrigat\u00f3rias (na ordem fixada abaixo):<\/p>\n<ol>\n<li style=\"text-align: justify;\">alinhar com o supervisor de est\u00e1gio a data espec\u00edfica para a aula na qual realizar\u00e1 a reg\u00eancia de classe que ser\u00e1 avaliada pelo supervisor;<\/li>\n<li style=\"text-align: justify;\">preencher pelo Sistema Enade (<a href=\"http:\/\/enade.inep.gov.br\">enade.inep.gov.br<\/a>), no prazo de at\u00e9 10 dias corridos antes da aula a ser avaliada pelo supervisor, o formul\u00e1rio denominado <span style=\"color: #0000ff;\">Question\u00e1rio de AP do Estudante<\/span> <span style=\"color: #ff0000;\">(07 de abril a 26 de junho de 2026)<\/span>, no qual dever\u00e1: a) prestar informa\u00e7\u00f5es sobre as atividades desenvolvidas durante o est\u00e1gio curricular supervisionado, as atividades de observa\u00e7\u00e3o e de reg\u00eancia de aulas que realizou no per\u00edodo, sua percep\u00e7\u00e3o sobre o est\u00e1gio e perspectivas profissionais; e b) preencher o <span style=\"color: #0000ff;\">plano da aula<\/span> que ser\u00e1 avaliada pelo supervisor de est\u00e1gio, conforme os campos disponibilizados no Sistema Enade;<\/li>\n<li>realizar a <span style=\"color: #0000ff;\">aula de reg\u00eancia<\/span> (dura\u00e7\u00e3o m\u00ednima de 1 hora-aula) a ser avaliada pelo supervisor de est\u00e1gio.<\/li>\n<\/ol>\n<p>O <span style=\"color: #0000ff;\"><strong>supervisor de est\u00e1gio<\/strong><\/span>, ap\u00f3s o preenchimento do Question\u00e1rio de AP pelo estudante, dever\u00e1 realizar as seguintes etapas obrigat\u00f3rias (na ordem fixada abaixo):<\/p>\n<ol>\n<li style=\"text-align: justify;\">acessar o Sistema Enade (<a href=\"http:\/\/enade.inep.gov.br\">enade.inep.gov.br<\/a>) para preencher os dados pessoais a fim de viabilizar o pagamento do Aux\u00edlio de Avalia\u00e7\u00e3o Educacional (AAE) e para tomar conhecimento do Instrumento de AP <span style=\"color: #ff0000;\">(07 de abril a 07 de julho de 2026)<\/span>;<\/li>\n<li style=\"text-align: justify;\">realizar a <span style=\"color: #ff0000;\">capacita\u00e7\u00e3o online<\/span>, disponibilizada pelo Inep, para a compreens\u00e3o da AP do Enade das Licenciaturas, seus instrumentos avaliativos e ferramentas;<\/li>\n<li style=\"text-align: justify;\"><span style=\"color: #0000ff;\">assistir a aula ministrada pelo estudante<\/span> e realizar a AP de reg\u00eancia de aula, na data previamente acordada, com base no plano de aula apresentado pelo estudante, no qual anotar\u00e1 as observa\u00e7\u00f5es pertinentes, conforme orienta\u00e7\u00f5es do Inep;<\/li>\n<li style=\"text-align: justify;\">preencher o formul\u00e1rio denominado <span style=\"color: #0000ff;\">Instrumento de AP<\/span> <span style=\"color: #0000ff;\">do supervisor de est\u00e1gio<\/span>, via Sistema Enade (<a href=\"http:\/\/enade.inep.gov.br\">enade.inep.gov.br<\/a>), observando os per\u00edodos estabelecidos pelo Inep <span style=\"color: #ff0000;\">(17 de abril a 07 de julho de 2026)<\/span>, no prazo de 10 dias corridos ap\u00f3s a data da aula observada e avaliada. Atrav\u00e9s do <span style=\"color: #0000ff;\">Instrumento de AP<\/span> o supervisor dever\u00e1: a) fornecer informa\u00e7\u00f5es sobre sua forma\u00e7\u00e3o docente, condi\u00e7\u00f5es de trabalho na escola e condi\u00e7\u00f5es do local de atua\u00e7\u00e3o; e b) registrar a avalia\u00e7\u00e3o da atua\u00e7\u00e3o do estudante supervisionado, com base nas informa\u00e7\u00f5es trazidas do Question\u00e1rio de AP do(a) estudante, do plano da aula avaliada e da atua\u00e7\u00e3o do estudante, conforme orienta\u00e7\u00f5es do Inep, e indicar as habilidades demonstradas e a serem desenvolvidas.<\/li>\n<\/ol>\n<p>O <span style=\"color: #0000ff;\"><strong>orientador de est\u00e1gio<\/strong><\/span> dever\u00e1 realizar as seguintes etapas obrigat\u00f3rias (na ordem fixada abaixo):<\/p>\n<ol>\n<li style=\"text-align: justify;\">realizar <span style=\"color: #ff0000;\">capacita\u00e7\u00e3o online<\/span>, disponibilizada pelo Inep, para a compreens\u00e3o da AP do Enade das Licenciaturas, seus instrumentos avaliativos e ferramentas;<\/li>\n<li style=\"text-align: justify;\">preencher o formul\u00e1rio contextual denominado <span style=\"color: #0000ff;\">Question\u00e1rio de AP do Orientador de est\u00e1gio<\/span>, via Sistema Enade (<a href=\"http:\/\/enade.inep.gov.br\">enade.inep.gov.br<\/a>), no per\u00edodo fixado pelo Edital <span style=\"color: #ff0000;\">(17 de abril a 17 de julho de 2026)<\/span>, no qual informar\u00e1: a) sobre sua experi\u00eancia nesta fun\u00e7\u00e3o, sobre as condi\u00e7\u00f5es de acompanhamento e orienta\u00e7\u00e3o de est\u00e1gio na IES; e b) sobre as atividades de est\u00e1gio realizadas pelo estudante inscrito na AP, bem como as contribui\u00e7\u00f5es do est\u00e1gio para o percurso formativo do estudante.<\/li>\n<\/ol>\n<p>&nbsp;<\/p>\n","protected":false},"excerpt":{"rendered":"<p>Para o 1o per\u00edodo (primeiro semestre de 2026) da Avalia\u00e7\u00e3o Pr\u00e1tica (AP), dentro do Enade das Licenciaturas 2026, temos o seguinte estudante habilitado: Eduardo Casara Nunes Durante a AP o estudante ser\u00e1 submetido a uma avalia\u00e7\u00e3o da sua pr\u00e1tica de est\u00e1gio supervisionado, referente \u00e0 etapa de reg\u00eancia de classe, realizada pelo supervisor e orientador de [&hellip;]<\/p>\n","protected":false},"author":1147,"featured_media":0,"parent":0,"menu_order":0,"comment_status":"closed","ping_status":"closed","template":"","meta":{"jetpack_post_was_ever_published":false,"footnotes":""},"class_list":["post-3326","page","type-page","status-publish","hentry"],"jetpack_sharing_enabled":true,"jetpack_shortlink":"https:\/\/wp.me\/P6RZnX-RE","_links":{"self":[{"href":"https:\/\/wp.ufpel.edu.br\/fisica-licenciatura\/wp-json\/wp\/v2\/pages\/3326","targetHints":{"allow":["GET"]}}],"collection":[{"href":"https:\/\/wp.ufpel.edu.br\/fisica-licenciatura\/wp-json\/wp\/v2\/pages"}],"about":[{"href":"https:\/\/wp.ufpel.edu.br\/fisica-licenciatura\/wp-json\/wp\/v2\/types\/page"}],"author":[{"embeddable":true,"href":"https:\/\/wp.ufpel.edu.br\/fisica-licenciatura\/wp-json\/wp\/v2\/users\/1147"}],"replies":[{"embeddable":true,"href":"https:\/\/wp.ufpel.edu.br\/fisica-licenciatura\/wp-json\/wp\/v2\/comments?post=3326"}],"version-history":[{"count":3,"href":"https:\/\/wp.ufpel.edu.br\/fisica-licenciatura\/wp-json\/wp\/v2\/pages\/3326\/revisions"}],"predecessor-version":[{"id":3597,"href":"https:\/\/wp.ufpel.edu.br\/fisica-licenciatura\/wp-json\/wp\/v2\/pages\/3326\/revisions\/3597"}],"wp:attachment":[{"href":"https:\/\/wp.ufpel.edu.br\/fisica-licenciatura\/wp-json\/wp\/v2\/media?parent=3326"}],"curies":[{"name":"wp","href":"https:\/\/api.w.org\/{rel}","templated":true}]}}