{"id":3051,"date":"2024-08-19T09:03:33","date_gmt":"2024-08-19T12:03:33","guid":{"rendered":"https:\/\/wp.ufpel.edu.br\/fisica-licenciatura\/?page_id=3051"},"modified":"2024-08-19T09:26:28","modified_gmt":"2024-08-19T12:26:28","slug":"datas-importantes-2024-2","status":"publish","type":"page","link":"https:\/\/wp.ufpel.edu.br\/fisica-licenciatura\/datas-importantes-2024-2\/","title":{"rendered":"Datas importantes 2024\/2"},"content":{"rendered":"<p style=\"text-align: justify;\">O<span style=\"color: #4c9be6;\"> <a style=\"color: #4c9be6;\" href=\"https:\/\/wp.ufpel.edu.br\/cra\/calendarios-academicos\/calendario-academico-2024\/\"><strong>calend\u00e1rio<\/strong> <strong>acad\u00eamico<\/strong><\/a> <\/span>deve ser sempre consultado para que as datas importantes ao longo do semestre sejam observadas, pois este compilado de datas foi elaborado com o objetivo de ser um material de f\u00e1cil acesso ao discente, servindo como um recurso pr\u00e1tico para consulta r\u00e1pida. No entanto, <span style=\"text-decoration: underline;\"><strong>\u00e9 importante ressaltar que este compilado n\u00e3o substitui o acesso regular ao calend\u00e1rio acad\u00eamico vigente<\/strong><\/span>, o qual \u00e9 a fonte oficial e \u00e9 pass\u00edvel \u00a0de eventuais altera\u00e7\u00f5es. Assim, a consulta ao calend\u00e1rio acad\u00eamico deve ser sempre priorizada e levada em considera\u00e7\u00e3o para qualquer solicita\u00e7\u00e3o ou planejamento acad\u00eamico, garantindo que todas as informa\u00e7\u00f5es estejam atualizadas e corretas. Para o<strong> semestre 2024\/2<\/strong>\u00a0destacamos algumas datas que devem ser observadas com aten\u00e7\u00e3o, como listado abaixo:<\/p>\n<table class=\"aligncenter\" style=\"width: 100%; border-collapse: collapse;\" border=\"1\">\n<tbody>\n<tr style=\"height: 24px; text-align: justify;\">\n<td style=\"width: 1135.238892px; height: 24px;\" colspan=\"2\"><span style=\"color: #800000;\"><strong>OUTUBRO\/2024<\/strong><\/span><\/td>\n<\/tr>\n<tr style=\"height: 24px; text-align: justify;\">\n<td style=\"width: 260.753662px; height: 24px;\"><span style=\"font-size: 10pt;\"><strong>31\/10 (quinta-feira)<\/strong><\/span><\/td>\n<td style=\"width: 871.323486px; height: 24px;\"><span style=\"font-size: 10pt;\"><strong>\u00a0<span style=\"color: #ff0000;\">FIM<\/span>: <\/strong>D<span class=\"cobalto-calendario-descricao\">iscentes solicitarem quebra de pr\u00e9-requisito para 2024\/2 aos Colegiados.<\/span><\/span><\/td>\n<\/tr>\n<tr style=\"height: 24px; text-align: justify;\">\n<td style=\"width: 1135.238892px; height: 20px;\" colspan=\"2\"><span style=\"color: #800000;\"><strong>NOVEMBRO\/2024<\/strong><\/span><\/td>\n<\/tr>\n<tr style=\"height: 24px; text-align: justify;\">\n<td style=\"width: 260.753662px; height: 24px;\"><span style=\"font-size: 10pt;\"><strong style=\"text-align: justify;\"><span class=\"cobalto-calendario-dia\">01\/11 (sexta-feira)<\/span><\/strong><\/span><\/td>\n<td style=\"width: 871.323486px; height: 24px;\"><span style=\"font-size: 10pt;\"><strong style=\"text-align: justify;\"><span style=\"color: #339966;\">IN\u00cdCIO<\/span><\/strong><span style=\"text-align: justify;\">: per\u00edodo de solicita\u00e7\u00e3o de rematr\u00edcula online 2024\/2.<\/span><\/span><\/td>\n<\/tr>\n<tr style=\"height: 24px; text-align: justify;\">\n<td style=\"width: 260.753662px; height: 24px;\"><span style=\"font-size: 10pt;\"><strong style=\"text-align: justify;\"><span class=\"cobalto-calendario-dia\">03\/11 (domingo)<\/span><\/strong><\/span><\/td>\n<td style=\"width: 871.323486px; height: 24px;\"><span style=\"font-size: 10pt;\"><strong style=\"text-align: justify;\"><span style=\"color: #ff0000;\">FIM<\/span><\/strong><span style=\"text-align: justify;\">: per\u00edodo de solicita\u00e7\u00e3o de rematr\u00edcula online 2024\/2.<\/span><\/span><\/td>\n<\/tr>\n<tr style=\"height: 24px; text-align: justify;\">\n<td style=\"width: 260.753662px; height: 24px;\"><span style=\"font-size: 10pt;\"><strong style=\"text-align: justify;\">04\/11 (segunda-feira)<\/strong><\/span><\/td>\n<td style=\"width: 871.323486px; height: 24px;\"><span style=\"font-size: 10pt;\"><span class=\"cobalto-calendario-dia\" style=\"text-align: justify;\">P<\/span><span class=\"cobalto-calendario-descricao\" style=\"text-align: justify;\">rocessamento das solicita\u00e7\u00f5es de rematr\u00edcula online 2024\/2.<\/span><\/span><\/td>\n<\/tr>\n<tr style=\"height: 24px; text-align: justify;\">\n<td style=\"width: 260.753662px; height: 24px;\"><span style=\"font-size: 10pt;\"><strong>05\/11 (ter\u00e7a-feira)<\/strong><\/span><\/td>\n<td style=\"width: 871.323486px; height: 24px;\">\n<div><span class=\"cobalto-calendario-dia\" style=\"font-size: 10pt; text-align: justify; font-family: inherit; color: var(--cor-texto);\"><strong><span class=\"cobalto-calendario-descricao\"><span style=\"color: #339966;\">IN\u00cdCIO<\/span>: <\/span><\/strong><\/span><span style=\"font-family: inherit; color: var(--cor-texto); font-size: 10pt;\">per\u00edodo de solicita\u00e7\u00e3o de trancamento geral de matr\u00edcula para os alunos que n\u00e3o solicitaram matr\u00edcula para 2024\/2 na CRA.<\/span><\/div>\n<div>\n<p><span style=\"font-size: 10pt;\"><span class=\"cobalto-calendario-dia\"><strong><span class=\"cobalto-calendario-descricao\"><span style=\"color: #339966;\">IN\u00cdCIO<\/span>:<\/span><\/strong><\/span>\u00a0<span class=\"cobalto-calendario-dia\" style=\"font-family: inherit; color: var(--cor-texto);\">P<\/span><span style=\"font-family: inherit; color: var(--cor-texto);\">er\u00edodo para os alunos consultarem a rematr\u00edcula online 2024\/2.<\/span><\/span><\/p>\n<\/div>\n<p><span style=\"font-size: 10pt;\"><span class=\"cobalto-calendario-dia\"><strong><span class=\"cobalto-calendario-descricao\"><span style=\"color: #339966;\">IN\u00cdCIO<\/span>:\u00a0<\/span><\/strong><\/span><span style=\"font-family: inherit; color: var(--cor-texto);\">Per\u00edodo para solicita\u00e7\u00e3o de corre\u00e7\u00e3o de matr\u00edcula 2024\/2 no Sistema Acad\u00eamico Cobalto.<\/span><\/span><\/p>\n<p><span style=\"font-size: 10pt;\"><span class=\"cobalto-calendario-dia\"><strong><span class=\"cobalto-calendario-descricao\"><span style=\"color: #339966;\">IN\u00cdCIO<\/span>:<\/span><\/strong><\/span>\u00a0<span style=\"font-family: inherit; color: var(--cor-texto);\">Per\u00edodo de matr\u00edculas 2024\/2 para ingressantes por Transfer\u00eancia, Reop\u00e7\u00e3o, Reingresso, Retomada de Estudos e Portador de T\u00edtulo.<\/span><\/span><\/td>\n<\/tr>\n<tr style=\"height: 24px; text-align: justify;\">\n<td style=\"width: 260.753662px; height: 24px;\"><span style=\"font-size: 10pt;\"><strong>06\/11 (quarta-feira)<\/strong><\/span><\/td>\n<td style=\"width: 871.323486px; height: 24px;\">\n<div><span style=\"font-size: 10pt;\"><strong style=\"text-align: justify; font-family: inherit; color: var(--cor-texto);\"><span class=\"cobalto-calendario-descricao\"><span style=\"color: #ff0000;\">FIM<\/span>:<\/span><\/strong> <span class=\"cobalto-calendario-descricao\" style=\"text-align: justify; font-family: inherit; color: var(--cor-texto);\">Per\u00edodo de matr\u00edculas 2024\/2 para ingressantes por Transfer\u00eancia, Reop\u00e7\u00e3o, Reingresso, Retomada de Estudos e Portador de T\u00edtulo.<\/span><\/span><\/div>\n<div>\n<p><span class=\"cobalto-calendario-descricao\" style=\"font-size: 10pt;\"><strong><span style=\"color: #ff0000;\">FIM<\/span><\/strong>: Per\u00edodo para solicita\u00e7\u00e3o de corre\u00e7\u00e3o de matr\u00edcula 2024\/2 no Sistema Acad\u00eamico Cobalto.<\/span><\/p>\n<\/div>\n<\/td>\n<\/tr>\n<tr style=\"height: 24px; text-align: justify;\">\n<td style=\"width: 260.753662px; height: 24px;\"><span style=\"font-size: 10pt;\"><strong>08\/11 (sexta-feira)<\/strong><\/span><\/td>\n<td style=\"width: 871.323486px; height: 24px;\"><span class=\"cobalto-calendario-descricao\" style=\"font-size: 10pt;\"><strong><span style=\"color: #ff0000;\">FIM<\/span><\/strong>: Discentes protocolarem, nos Colegiados de Curso, recurso ao COCEPE referente a negativa de quebra de pr\u00e9-requisito para 2024\/2.<\/span><\/td>\n<\/tr>\n<tr style=\"height: 24px; text-align: justify;\">\n<td style=\"width: 260.753662px; height: 24px;\"><span style=\"font-size: 10pt;\"><strong>09\/11 (s\u00e1bado)<\/strong><\/span><\/td>\n<td style=\"width: 871.323486px; height: 24px;\"><span style=\"font-size: 10pt;\"><span class=\"cobalto-calendario-dia\"><strong><span class=\"cobalto-calendario-descricao\"><span style=\"color: #339966;\">IN\u00cdCIO<\/span>:<\/span><\/strong><\/span><span class=\"cobalto-calendario-descricao\"> per\u00edodo de solicita\u00e7\u00e3o de matr\u00edcula especial 2024\/2 no Sistema Acad\u00eamico Cobalto.<\/span><\/span><\/td>\n<\/tr>\n<tr style=\"height: 24px;\">\n<td style=\"width: 260.753662px; height: 24px; text-align: justify;\"><span style=\"font-size: 10pt;\"><strong>11\/11 (segunda-feira)<\/strong><\/span><\/td>\n<td style=\"width: 871.323486px; height: 24px; text-align: justify;\">\n<p><span style=\"font-size: 10pt;\"><span class=\"cobalto-calendario-dia\"><strong><span class=\"cobalto-calendario-descricao\"><span style=\"color: #339966;\">IN\u00cdCIO<\/span>:<\/span><\/strong>\u00a0s<\/span><span class=\"cobalto-calendario-descricao\">emestre letivo de 2024\/2.<\/span><\/span><\/p>\n<p><span class=\"cobalto-calendario-descricao\" style=\"font-size: 10pt;\">Recep\u00e7\u00e3o dos discentes ingressantes em 2024\/2 pelos Colegiados de Curso.<\/span><\/p>\n<p><span class=\"cobalto-calendario-descricao\" style=\"font-size: 10pt;\"><strong><span style=\"color: #ff0000;\">FIM<\/span><\/strong>: per\u00edodo de solicita\u00e7\u00e3o de matr\u00edcula especial 2024\/2 no Sistema Acad\u00eamico Cobalto.<\/span><\/td>\n<\/tr>\n<tr style=\"height: 54px;\">\n<td style=\"width: 260.753662px; height: 54px;\"><span style=\"font-size: 10pt;\"><strong>29\/11 (sexta-feira)<\/strong><\/span><\/td>\n<td style=\"width: 871.323486px; height: 54px;\"><span style=\"font-size: 10pt;\"><span class=\"cobalto-calendario-dia\"><span class=\"cobalto-calendario-descricao\"><strong><span class=\"cobalto-calendario-descricao\" style=\"font-size: 10pt;\"><span style=\"color: #ff0000;\">FIM<\/span><\/span><\/strong>: per\u00edodo de solicita\u00e7\u00e3o de trancamento geral de matr\u00edcula para os alunos que n\u00e3o solicitaram matr\u00edcula para 2024\/2.<\/span><\/span><\/span><\/td>\n<\/tr>\n<tr style=\"height: 24px;\">\n<td style=\"width: 1135.238892px; height: 24px;\" colspan=\"2\"><span style=\"color: #800000;\"><strong>DEZEMBRO\/2024<\/strong><\/span><\/td>\n<\/tr>\n<tr style=\"height: 24px;\">\n<td style=\"width: 260.753662px; height: 24px;\"><span style=\"font-size: 10pt;\"><strong>02\/12 (segunda-feira)<\/strong><\/span><\/td>\n<td style=\"width: 871.323486px; height: 24px;\">\n<p><span style=\"font-size: 10pt;\"><span class=\"cobalto-calendario-dia\"><strong><span class=\"cobalto-calendario-descricao\"><span style=\"color: #339966;\">IN\u00cdCIO<\/span>:<\/span><\/strong><\/span><span class=\"cobalto-calendario-descricao\"> per\u00edodo para solicita\u00e7\u00e3o de formatura institucional externa 2024\/2.<\/span><\/span><\/p>\n<p><span style=\"font-size: 10pt;\"><span class=\"cobalto-calendario-dia\"><strong><span class=\"cobalto-calendario-descricao\"><span style=\"color: #339966;\">IN\u00cdCIO<\/span>:<\/span><\/strong><\/span> per\u00edodo de trancamento de componentes curriculares (disciplinas) no Sistema Acad\u00eamico Cobalto 2024\/2.<\/span><\/td>\n<\/tr>\n<tr style=\"height: 48px;\">\n<td style=\"width: 260.753662px; height: 48px;\"><span style=\"font-size: 10pt;\"><strong>09\/12 (segunda-feira)<\/strong><\/span><\/td>\n<td style=\"width: 871.323486px; height: 48px;\">\n<div><span style=\"font-size: 10pt;\"><span class=\"cobalto-calendario-dia\"><strong><span class=\"cobalto-calendario-descricao\"><span style=\"color: #ff0000;\">FIM<\/span>:<\/span><\/strong><\/span><span class=\"cobalto-calendario-descricao\"> per\u00edodo de trancamento de componentes curriculares (disciplinas) no Sistema Acad\u00eamico Cobalto 2024\/2.<\/span><\/span><\/div>\n<\/td>\n<\/tr>\n<tr style=\"height: 24px;\">\n<td style=\"width: 260.753662px; height: 24px;\"><span style=\"font-size: 10pt;\"><strong>16\/12 (segunda-feira)<\/strong><\/span><\/td>\n<td style=\"width: 871.323486px; height: 24px;\"><span style=\"font-size: 10pt;\"><span class=\"cobalto-calendario-dia\"><strong><span class=\"cobalto-calendario-descricao\"><span style=\"color: #ff0000;\">FIM<\/span>:<\/span><\/strong><\/span><span class=\"cobalto-calendario-descricao\"> per\u00edodo para solicita\u00e7\u00e3o de formatura institucional externa 2024\/2.<\/span><\/span><\/td>\n<\/tr>\n<tr style=\"height: 24px;\">\n<td style=\"width: 1135.238892px; height: 24px;\" colspan=\"2\"><span style=\"color: #800000;\"><strong>MAR\u00c7O\/2025<\/strong><\/span><\/td>\n<\/tr>\n<tr style=\"height: 48px;\">\n<td style=\"width: 260.753662px; height: 48px;\"><span style=\"font-size: 10pt;\"><strong>28\/03 (sexta-feira)<\/strong><\/span><\/td>\n<td style=\"width: 871.323486px; height: 48px;\"><span style=\"font-size: 10pt;\"><span class=\"cobalto-calendario-dia\"><strong><span class=\"cobalto-calendario-descricao\"><span style=\"color: #ff0000;\">FIM<\/span>:<\/span><\/strong><span class=\"cobalto-calendario-descricao\"> Prazo final para alunos regularmente matriculados em 2024\/2 solicitarem trancamento geral de matr\u00edcula &#8211; Sistema Cobalto<\/span><\/span>.<\/span><\/td>\n<\/tr>\n<tr style=\"height: 24px;\">\n<td style=\"width: 260.753662px; height: 24px;\"><span style=\"font-size: 10pt;\"><strong>29\/03 (s\u00e1bado)<\/strong><\/span><\/td>\n<td style=\"width: 871.323486px; height: 24px;\"><span style=\"font-size: 10pt;\">\u00daltimo dia letivo de 2024\/2.<\/span><\/td>\n<\/tr>\n<tr style=\"height: 24px;\">\n<td style=\"width: 260.753662px; height: 24px;\"><span style=\"font-size: 10pt;\"><strong>31\/03 (segunda-feira)<\/strong><\/span><\/td>\n<td style=\"width: 871.323486px; height: 24px;\"><span style=\"font-size: 10pt;\"><span class=\"cobalto-calendario-dia\"><strong><span class=\"cobalto-calendario-descricao\"><span style=\"color: #339966;\">IN\u00cdCIO<\/span>:<\/span><\/strong><\/span><span class=\"cobalto-calendario-descricao\"> Per\u00edodo de exames 2024\/2.<\/span><\/span><\/td>\n<\/tr>\n<tr style=\"height: 24px;\">\n<td style=\"width: 1135.238892px; height: 24px;\" colspan=\"2\"><span style=\"color: #800000;\"><strong>ABRIL\/2025<\/strong><\/span><span class=\"cobalto-calendario-dia\"><strong><span class=\"cobalto-calendario-descricao\"><span style=\"color: #339966;\"><br \/>\n<\/span><\/span><\/strong><\/span><\/td>\n<\/tr>\n<tr style=\"height: 24px;\">\n<td style=\"width: 260.753662px; height: 24px;\"><span style=\"font-size: 10pt;\"><strong><span class=\"cobalto-calendario-dia\">05\/04 (s\u00e1bado)<\/span><\/strong><\/span><\/td>\n<td style=\"width: 871.323486px; height: 24px;\"><span class=\"cobalto-calendario-dia\" style=\"font-size: 10pt;\"><strong>\u00a0<span class=\"cobalto-calendario-descricao\"><span style=\"color: #ff0000;\">FIM<\/span>:<\/span><\/strong><span class=\"cobalto-calendario-descricao\"> Per\u00edodo de exames 2024\/2.<\/span><strong><span class=\"cobalto-calendario-descricao\"><span style=\"color: #339966;\"><br \/>\n<\/span><\/span><\/strong><\/span><\/td>\n<\/tr>\n<\/tbody>\n<\/table>\n<p>&nbsp;<\/p>\n","protected":false},"excerpt":{"rendered":"<p>O calend\u00e1rio acad\u00eamico deve ser sempre consultado para que as datas importantes ao longo do semestre sejam observadas, pois este compilado de datas foi elaborado com o objetivo de ser um material de f\u00e1cil acesso ao discente, servindo como um recurso pr\u00e1tico para consulta r\u00e1pida. No entanto, \u00e9 importante ressaltar que este compilado n\u00e3o substitui [&hellip;]<\/p>\n","protected":false},"author":1147,"featured_media":0,"parent":0,"menu_order":0,"comment_status":"closed","ping_status":"closed","template":"","meta":{"jetpack_post_was_ever_published":false,"footnotes":""},"class_list":["post-3051","page","type-page","status-publish","hentry"],"jetpack_sharing_enabled":true,"jetpack_shortlink":"https:\/\/wp.me\/P6RZnX-Nd","_links":{"self":[{"href":"https:\/\/wp.ufpel.edu.br\/fisica-licenciatura\/wp-json\/wp\/v2\/pages\/3051","targetHints":{"allow":["GET"]}}],"collection":[{"href":"https:\/\/wp.ufpel.edu.br\/fisica-licenciatura\/wp-json\/wp\/v2\/pages"}],"about":[{"href":"https:\/\/wp.ufpel.edu.br\/fisica-licenciatura\/wp-json\/wp\/v2\/types\/page"}],"author":[{"embeddable":true,"href":"https:\/\/wp.ufpel.edu.br\/fisica-licenciatura\/wp-json\/wp\/v2\/users\/1147"}],"replies":[{"embeddable":true,"href":"https:\/\/wp.ufpel.edu.br\/fisica-licenciatura\/wp-json\/wp\/v2\/comments?post=3051"}],"version-history":[{"count":11,"href":"https:\/\/wp.ufpel.edu.br\/fisica-licenciatura\/wp-json\/wp\/v2\/pages\/3051\/revisions"}],"predecessor-version":[{"id":3056,"href":"https:\/\/wp.ufpel.edu.br\/fisica-licenciatura\/wp-json\/wp\/v2\/pages\/3051\/revisions\/3056"}],"wp:attachment":[{"href":"https:\/\/wp.ufpel.edu.br\/fisica-licenciatura\/wp-json\/wp\/v2\/media?parent=3051"}],"curies":[{"name":"wp","href":"https:\/\/api.w.org\/{rel}","templated":true}]}}