{"id":2971,"date":"2024-07-25T17:19:08","date_gmt":"2024-07-25T20:19:08","guid":{"rendered":"https:\/\/wp.ufpel.edu.br\/fisica-licenciatura\/?page_id=2971"},"modified":"2024-10-02T10:59:59","modified_gmt":"2024-10-02T13:59:59","slug":"material-de-apoio-enade-2024","status":"publish","type":"page","link":"https:\/\/wp.ufpel.edu.br\/fisica-licenciatura\/material-de-apoio-enade-2024\/","title":{"rendered":"Material de apoio (AT)"},"content":{"rendered":"<p>A realiza\u00e7\u00e3o de cada etapa do <strong>Enade das Licenciaturas 2024<\/strong> deve ser feita de forma aut\u00f4noma e com a maior responsabilidade poss\u00edvel pelos estudantes habilitados. Al\u00e9m de permitir que o estudante verifique se a forma\u00e7\u00e3o recebida no Curso de Licenciatura em F\u00edsica da UFPel est\u00e1 de acordo com as Diretrizes Curriculares Nacionais da \u00e1rea, o resultado obtido pelos estudantes no processo avaliativo do Enade impacta nos conceitos atribu\u00eddos ao Curso, mais especificamente, o Conceito Preliminar de Curso (CPC) e o \u00cdndice Geral de Cursos (IGC).<\/p>\n<p>O Curso de Licenciatura em F\u00edsica da UFPel n\u00e3o realiza treinamento espec\u00edfico para nenhuma das etapas, especialmente para o preenchimento dos question\u00e1rios pelos estudantes, na realiza\u00e7\u00e3o da Avalia\u00e7\u00e3o Te\u00f3rica (AT) e na Avalia\u00e7\u00e3o da Pr\u00e1tica (AP), que s\u00e3o de car\u00e1ter individual. Dito isto, para auxiliar os estudantes habilitados (exclu\u00eddos os ingressantes 2024\/1) oferecemos alguns materiais de divulga\u00e7\u00e3o e apoio do <strong>Enade<\/strong>, direcionadas para cada uma das etapas fixadas pelo <a href=\"https:\/\/wp.ufpel.edu.br\/fisica-licenciatura\/files\/2024\/07\/Edital-Enade-2024-INEP.pdf\">Edital Inep N<sup>o<\/sup> 124<\/a>:<\/p>\n<ul>\n<li><a href=\"https:\/\/wp.ufpel.edu.br\/fisica-licenciatura\/files\/2024\/09\/cadastroEstudanteENADE2024.pdf\"><strong>Cadastro do estudante<\/strong><\/a><strong>:<\/strong> preenchido pelo estudante de 02\/09 a 23\/11\/2024<\/li>\n<li style=\"text-align: justify;\"><a href=\"https:\/\/wp.ufpel.edu.br\/fisica-licenciatura\/files\/2024\/09\/questionarioEstudanteENADE2024.pdf\"><strong>Question\u00e1rio do estudante<\/strong><\/a>: preenchido pelo estudante de 02\/09 a 23\/11\/2024<\/li>\n<li><a href=\"https:\/\/wp.ufpel.edu.br\/fisica-licenciatura\/files\/2024\/09\/avaliacaoTeoricaENADE2024.pdf\"><strong>Avalia\u00e7\u00e3o te\u00f3rica (AT)<\/strong><\/a>: prova realizada pelo estudante no dia 24\/11\/2024<\/li>\n<li><a href=\"https:\/\/wp.ufpel.edu.br\/fisica-licenciatura\/files\/2024\/09\/Cartaz_ENADE-2024_rev01.pdf\">Cartaz de divulga\u00e7\u00e3o do Enade<\/a> das Licenciaturas 2024;<\/li>\n<li><a href=\"https:\/\/wp.ufpel.edu.br\/fisica-licenciatura\/files\/2024\/09\/FA_sica___Lic___PORTARIA_NA__264__DE_28_DE_JUNHO_DE_2024___PORTARIA_NA__264__DE_28_DE_JUNHO_DE_2024___DOU___Imprensa_Nacional.pdf\">Matriz de Refer\u00eancia<\/a> da Licenciatura em F\u00edsica para a Avalia\u00e7\u00e3o Te\u00f3rica (AT);<\/li>\n<li><a href=\"https:\/\/www.gov.br\/inep\/pt-br\/areas-de-atuacao\/avaliacao-e-exames-educacionais\/enade\">Site do Enade<\/a>: question\u00e1rios, provas, gabaritos e resultados de edi\u00e7\u00f5es anteriores do Enade.<\/li>\n<\/ul>\n<p><strong>ATEN\u00c7\u00c3O: Os materiais acima servem t\u00e3o somente para auxiliar os estudantes habilitados ao longo do processo e para que estes tenham uma ideia de como o Enade \u00e9 estruturado. O Curso n\u00e3o far\u00e1 o estudo de quest\u00f5es de edi\u00e7\u00f5es anteriores do Enade com os estudantes habilitados para o Enade das Licenciaturas 2024.\u00a0<\/strong><\/p>\n","protected":false},"excerpt":{"rendered":"<p>A realiza\u00e7\u00e3o de cada etapa do Enade das Licenciaturas 2024 deve ser feita de forma aut\u00f4noma e com a maior responsabilidade poss\u00edvel pelos estudantes habilitados. Al\u00e9m de permitir que o estudante verifique se a forma\u00e7\u00e3o recebida no Curso de Licenciatura em F\u00edsica da UFPel est\u00e1 de acordo com as Diretrizes Curriculares Nacionais da \u00e1rea, o [&hellip;]<\/p>\n","protected":false},"author":1147,"featured_media":0,"parent":0,"menu_order":0,"comment_status":"closed","ping_status":"closed","template":"","meta":{"jetpack_post_was_ever_published":false,"footnotes":""},"class_list":["post-2971","page","type-page","status-publish","hentry"],"jetpack_sharing_enabled":true,"jetpack_shortlink":"https:\/\/wp.me\/P6RZnX-LV","_links":{"self":[{"href":"https:\/\/wp.ufpel.edu.br\/fisica-licenciatura\/wp-json\/wp\/v2\/pages\/2971","targetHints":{"allow":["GET"]}}],"collection":[{"href":"https:\/\/wp.ufpel.edu.br\/fisica-licenciatura\/wp-json\/wp\/v2\/pages"}],"about":[{"href":"https:\/\/wp.ufpel.edu.br\/fisica-licenciatura\/wp-json\/wp\/v2\/types\/page"}],"author":[{"embeddable":true,"href":"https:\/\/wp.ufpel.edu.br\/fisica-licenciatura\/wp-json\/wp\/v2\/users\/1147"}],"replies":[{"embeddable":true,"href":"https:\/\/wp.ufpel.edu.br\/fisica-licenciatura\/wp-json\/wp\/v2\/comments?post=2971"}],"version-history":[{"count":20,"href":"https:\/\/wp.ufpel.edu.br\/fisica-licenciatura\/wp-json\/wp\/v2\/pages\/2971\/revisions"}],"predecessor-version":[{"id":3130,"href":"https:\/\/wp.ufpel.edu.br\/fisica-licenciatura\/wp-json\/wp\/v2\/pages\/2971\/revisions\/3130"}],"wp:attachment":[{"href":"https:\/\/wp.ufpel.edu.br\/fisica-licenciatura\/wp-json\/wp\/v2\/media?parent=2971"}],"curies":[{"name":"wp","href":"https:\/\/api.w.org\/{rel}","templated":true}]}}