{"id":2850,"date":"2024-03-07T15:42:55","date_gmt":"2024-03-07T18:42:55","guid":{"rendered":"https:\/\/wp.ufpel.edu.br\/fisica-licenciatura\/?page_id=2850"},"modified":"2024-09-06T16:21:57","modified_gmt":"2024-09-06T19:21:57","slug":"administracao","status":"publish","type":"page","link":"https:\/\/wp.ufpel.edu.br\/fisica-licenciatura\/administracao\/","title":{"rendered":"GEST\u00c3O"},"content":{"rendered":"<p><span style=\"font-family: 'comic sans ms', sans-serif; font-size: 10pt;\">A gest\u00e3o do Curso de Licenciatura em F\u00edsica da UFPel \u00e9 realizada pelo <span style=\"color: #0000ff;\"><strong>Colegiado do Curso<\/strong><\/span>, presidido por uma <span style=\"color: #0000ff;\"><strong>Coordena\u00e7\u00e3o de Curso<\/strong><\/span> escolhida entre seus membros, auxiliado pelo <span style=\"color: #0000ff;\"><strong>N\u00facleo Docente Estruturante (NDE)<\/strong><\/span>. <\/span><\/p>\n<p><span style=\"font-family: 'comic sans ms', sans-serif; font-size: 10pt;\">A secretaria do Curso est\u00e1 localizada na sala 335 do pr\u00e9dio 5 do Instituto de F\u00edsica e Matem\u00e1tica, campus Cap\u00e3o do Le\u00e3o, sendo atendida pelo servidor Michael Goldas.\u00a0<\/span><\/p>\n","protected":false},"excerpt":{"rendered":"<p>A gest\u00e3o do Curso de Licenciatura em F\u00edsica da UFPel \u00e9 realizada pelo Colegiado do Curso, presidido por uma Coordena\u00e7\u00e3o de Curso escolhida entre seus membros, auxiliado pelo N\u00facleo Docente Estruturante (NDE). A secretaria do Curso est\u00e1 localizada na sala 335 do pr\u00e9dio 5 do Instituto de F\u00edsica e Matem\u00e1tica, campus Cap\u00e3o do Le\u00e3o, sendo [&hellip;]<\/p>\n","protected":false},"author":1147,"featured_media":0,"parent":0,"menu_order":0,"comment_status":"closed","ping_status":"closed","template":"","meta":{"jetpack_post_was_ever_published":false,"footnotes":""},"class_list":["post-2850","page","type-page","status-publish","hentry"],"jetpack_sharing_enabled":true,"jetpack_shortlink":"https:\/\/wp.me\/P6RZnX-JY","_links":{"self":[{"href":"https:\/\/wp.ufpel.edu.br\/fisica-licenciatura\/wp-json\/wp\/v2\/pages\/2850","targetHints":{"allow":["GET"]}}],"collection":[{"href":"https:\/\/wp.ufpel.edu.br\/fisica-licenciatura\/wp-json\/wp\/v2\/pages"}],"about":[{"href":"https:\/\/wp.ufpel.edu.br\/fisica-licenciatura\/wp-json\/wp\/v2\/types\/page"}],"author":[{"embeddable":true,"href":"https:\/\/wp.ufpel.edu.br\/fisica-licenciatura\/wp-json\/wp\/v2\/users\/1147"}],"replies":[{"embeddable":true,"href":"https:\/\/wp.ufpel.edu.br\/fisica-licenciatura\/wp-json\/wp\/v2\/comments?post=2850"}],"version-history":[{"count":7,"href":"https:\/\/wp.ufpel.edu.br\/fisica-licenciatura\/wp-json\/wp\/v2\/pages\/2850\/revisions"}],"predecessor-version":[{"id":3104,"href":"https:\/\/wp.ufpel.edu.br\/fisica-licenciatura\/wp-json\/wp\/v2\/pages\/2850\/revisions\/3104"}],"wp:attachment":[{"href":"https:\/\/wp.ufpel.edu.br\/fisica-licenciatura\/wp-json\/wp\/v2\/media?parent=2850"}],"curies":[{"name":"wp","href":"https:\/\/api.w.org\/{rel}","templated":true}]}}