{"id":28,"date":"2015-02-04T11:42:42","date_gmt":"2015-02-04T13:42:42","guid":{"rendered":"https:\/\/wp.ufpel.edu.br\/fisica-licenciatura\/?page_id=28"},"modified":"2024-03-07T15:26:00","modified_gmt":"2024-03-07T18:26:00","slug":"colegiado","status":"publish","type":"page","link":"https:\/\/wp.ufpel.edu.br\/fisica-licenciatura\/colegiado\/","title":{"rendered":"COLEGIADO_OLD"},"content":{"rendered":"<p style=\"text-align: justify;\"><span style=\"font-family: georgia,palatino; font-size: 10pt; color: #000000;\">\u00a0\u00a0\u00a0\u00a0 Segundo o Estatuto e o Regimento Geral da UFPel, o Colegiado de Curso \u00e9 o \u00f3rg\u00e3o de coordena\u00e7\u00e3o did\u00e1tica que tem por finalidade superintender o ensino no \u00e2mbito de cada curso.<\/span><\/p>\n<p style=\"text-align: justify;\"><span style=\"font-family: georgia,palatino; font-size: 10pt; color: #000000;\">\u00a0\u00a0\u00a0\u00a0 O Colegiado de Curso \u00e9 dirigido por um Coordenador e deve ter representa\u00e7\u00e3o dos Departamentos que oferecem disciplinas para o curso, al\u00e9m do Chefe do Departamento da \u00e1rea do curso e da representa\u00e7\u00e3o discente, na propor\u00e7\u00e3o de 1\/5.<\/span><\/p>\n<p style=\"text-align: justify;\"><span style=\"font-family: georgia,palatino; font-size: 10pt; color: #000000;\">Atualmente, s\u00e3o membros do Colegiado do Curso de Licenciatura em F\u00edsica:<\/span><\/p>\n<p style=\"text-align: justify;\"><span style=\"font-family: georgia,palatino; font-size: 10pt; color: #000000;\">\u00a0<\/span><\/p>\n<ul style=\"text-align: justify;\">\n<li><span style=\"font-family: georgia,palatino; font-size: 10pt; color: #000000;\"><strong>Coordenador:<\/strong> Prof. Fernando Jaques Ruiz Sim\u00f5es Junior;<\/span><span style=\"font-family: georgia,palatino; font-size: 10pt; color: #000000;\"><br \/>\n<\/span><\/li>\n<\/ul>\n<p>&nbsp;<\/p>\n<ul>\n<li><strong><span style=\"font-family: georgia,palatino; font-size: 10pt; color: #000000;\">\u00c1rea Profissionalizante:<\/span><\/strong><\/li>\n<\/ul>\n<p style=\"padding-left: 30px;\"><span style=\"font-family: georgia,palatino; font-size: 10pt; color: #000000;\">1.<strong> Departamento de F\u00edsica \u2013 IFM<\/strong>: Prof. Alexandre Diehl, Prof. \u00c1lvaro Leonardi Ayala Filho, Prof. M\u00e1rio Luiz Lopes da Silva e Prof. Victor Paulo Barros Gon\u00e7alves; Suplentes: Prof. Paulo S\u00e9rgio Kuhn e Prof. Rafael Cavagnoli;<\/span><\/p>\n<p style=\"text-align: justify;\"><span style=\"font-family: georgia,palatino; font-size: 10pt; color: #000000;\">\u00a0<\/span><\/p>\n<ul>\n<li><strong><span style=\"font-family: georgia,palatino; font-size: 10pt; color: #000000;\">\u00c1rea B\u00e1sica:<\/span><\/strong><\/li>\n<\/ul>\n<ol style=\"text-align: justify;\">\n<li><span style=\"font-family: georgia,palatino; font-size: 10pt; color: #000000;\"><strong>Departamento de Matem\u00e1tica e Estat\u00edstica \u2013 IFM<\/strong>: Prof. Gl\u00eanio Aguiar Gon\u00e7alves; Suplente: Prof. F\u00e1bio Silva Botelho;<\/span><\/li>\n<li><span style=\"font-family: georgia,palatino; font-size: 10pt; color: #000000;\"><strong>Departamento de Ensino \u2013 FaE<\/strong>: Prof\u00aa. Carla Gon\u00e7alves Rodrigues; Suplente: Prof\u00aa. Elisa dos Santos Vanti;<\/span><\/li>\n<li><span style=\"font-family: georgia,palatino; font-size: 10pt; color: #000000;\"><strong>Departamento de Fundamentos da Educa\u00e7\u00e3o \u2013 FaE<\/strong>: Prof. Armando Manuel de Oliveira Cruz; Suplente: Prof. Jovino Pizzi;<\/span><\/li>\n<\/ol>\n<p style=\"text-align: justify;\"><span style=\"font-family: georgia,palatino; font-size: 10pt; color: #000000;\">\u00a0<\/span><\/p>\n<ul style=\"text-align: justify;\">\n<li><span style=\"font-family: georgia,palatino; font-size: 10pt; color: #000000;\"><strong>Representantes Discentes:<\/strong> Acad\u00eamicos Jos\u00e9 Fernando de Freitas Avelar Fernandes e Paulo Roberto dos Reis da Rosa.<\/span><\/li>\n<\/ul>\n<p style=\"text-align: justify;\"><span style=\"font-family: georgia,palatino; font-size: 10pt; color: #000000;\">\u00a0<\/span><\/p>\n<p style=\"text-align: justify;\"><span style=\"font-family: georgia,palatino; font-size: 10pt; color: #000000;\">\u00a0\u00a0\u00a0\u00a0 A Secretaria do Colegiado do Curso de Licenciatura em F\u00edsica est\u00e1 situada no pr\u00e9dio 05, sala 301 do Instituto de F\u00edsica e Matem\u00e1tica, sendo equipada com um microcomputador, uma impressora laser, uma linha telef\u00f4nica e demais equipamentos necess\u00e1rios ao adequado atendimento dos discentes do curso.<\/span><\/p>\n<p style=\"text-align: justify;\"><span style=\"font-family: georgia,palatino; font-size: 10pt; color: #000000;\">\u00a0\u00a0\u00a0\u00a0 O Coordenador do Curso de Licenciatura em F\u00edsica (junto ao Coordenador do Curso de Licenciatura em Matem\u00e1tica) \u00e9 respons\u00e1vel pelo Laborat\u00f3rio de Inform\u00e1tica das Licenciaturas. O laborat\u00f3rio disponibiliza aos alunos, professores e algumas disciplinas dos dois cursos, uma rede local de microcomputadores ligada \u00e0 Rede Internet, na qual est\u00e3o instalados softwares da \u00c1rea de F\u00edsica e de Matem\u00e1tica. No laborat\u00f3rio tamb\u00e9m s\u00e3o oferecidos aos alunos cursos b\u00e1sicos ministrados por monitores. <\/span><\/p>\n","protected":false},"excerpt":{"rendered":"<p>\u00a0\u00a0\u00a0\u00a0 Segundo o Estatuto e o Regimento Geral da UFPel, o Colegiado de Curso \u00e9 o \u00f3rg\u00e3o de coordena\u00e7\u00e3o did\u00e1tica que tem por finalidade superintender o ensino no \u00e2mbito de cada curso. \u00a0\u00a0\u00a0\u00a0 O Colegiado de Curso \u00e9 dirigido por um Coordenador e deve ter representa\u00e7\u00e3o dos Departamentos que oferecem disciplinas para o curso, al\u00e9m [&hellip;]<\/p>\n","protected":false},"author":366,"featured_media":0,"parent":0,"menu_order":0,"comment_status":"closed","ping_status":"closed","template":"","meta":{"jetpack_post_was_ever_published":false,"footnotes":""},"class_list":["post-28","page","type-page","status-publish","hentry"],"jetpack_sharing_enabled":true,"jetpack_shortlink":"https:\/\/wp.me\/P6RZnX-s","_links":{"self":[{"href":"https:\/\/wp.ufpel.edu.br\/fisica-licenciatura\/wp-json\/wp\/v2\/pages\/28","targetHints":{"allow":["GET"]}}],"collection":[{"href":"https:\/\/wp.ufpel.edu.br\/fisica-licenciatura\/wp-json\/wp\/v2\/pages"}],"about":[{"href":"https:\/\/wp.ufpel.edu.br\/fisica-licenciatura\/wp-json\/wp\/v2\/types\/page"}],"author":[{"embeddable":true,"href":"https:\/\/wp.ufpel.edu.br\/fisica-licenciatura\/wp-json\/wp\/v2\/users\/366"}],"replies":[{"embeddable":true,"href":"https:\/\/wp.ufpel.edu.br\/fisica-licenciatura\/wp-json\/wp\/v2\/comments?post=28"}],"version-history":[{"count":6,"href":"https:\/\/wp.ufpel.edu.br\/fisica-licenciatura\/wp-json\/wp\/v2\/pages\/28\/revisions"}],"predecessor-version":[{"id":2845,"href":"https:\/\/wp.ufpel.edu.br\/fisica-licenciatura\/wp-json\/wp\/v2\/pages\/28\/revisions\/2845"}],"wp:attachment":[{"href":"https:\/\/wp.ufpel.edu.br\/fisica-licenciatura\/wp-json\/wp\/v2\/media?parent=28"}],"curies":[{"name":"wp","href":"https:\/\/api.w.org\/{rel}","templated":true}]}}

<p style="text-align: justify;"><span style="font-family: georgia,palatino; font-size: 10pt; color: #000000;">     Segundo o Estatuto e o Regimento Geral da UFPel, o Colegiado de Curso é o órgão de coordenação didática que tem por finalidade superintender o ensino no âmbito de cada curso.</span></p>
<p style="text-align: justify;"><span style="font-family: georgia,palatino; font-size: 10pt; color: #000000;">     O Colegiado de Curso é dirigido por um Coordenador e deve ter representação dos Departamentos que oferecem disciplinas para o curso, além do Chefe do Departamento da área do curso e da representação discente, na proporção de 1/5.</span></p>
<p style="text-align: justify;"><span style="font-family: georgia,palatino; font-size: 10pt; color: #000000;">Atualmente, são membros do Colegiado do Curso de Licenciatura em Física:</span></p>
<p style="text-align: justify;"><span style="font-family: georgia,palatino; font-size: 10pt; color: #000000;"> </span></p>
<ul style="text-align: justify;">
<li><span style="font-family: georgia,palatino; font-size: 10pt; color: #000000;"><strong>Coordenador:</strong> Prof. Fernando Jaques Ruiz Simões Junior;</span><span style="font-family: georgia,palatino; font-size: 10pt; color: #000000;"><br />
</span></li>
</ul>
<p>&nbsp;</p>
<ul>
<li><strong><span style="font-family: georgia,palatino; font-size: 10pt; color: #000000;">Área Profissionalizante:</span></strong></li>
</ul>
<p style="padding-left: 30px;"><span style="font-family: georgia,palatino; font-size: 10pt; color: #000000;">1.<strong> Departamento de Física – IFM</strong>: Prof. Alexandre Diehl, Prof. Álvaro Leonardi Ayala Filho, Prof. Mário Luiz Lopes da Silva e Prof. Victor Paulo Barros Gonçalves; Suplentes: Prof. Paulo Sérgio Kuhn e Prof. Rafael Cavagnoli;</span></p>
<p style="text-align: justify;"><span style="font-family: georgia,palatino; font-size: 10pt; color: #000000;"> </span></p>
<ul>
<li><strong><span style="font-family: georgia,palatino; font-size: 10pt; color: #000000;">Área Básica:</span></strong></li>
</ul>
<ol style="text-align: justify;">
<li><span style="font-family: georgia,palatino; font-size: 10pt; color: #000000;"><strong>Departamento de Matemática e Estatística – IFM</strong>: Prof. Glênio Aguiar Gonçalves; Suplente: Prof. Fábio Silva Botelho;</span></li>
<li><span style="font-family: georgia,palatino; font-size: 10pt; color: #000000;"><strong>Departamento de Ensino – FaE</strong>: Profª. Carla Gonçalves Rodrigues; Suplente: Profª. Elisa dos Santos Vanti;</span></li>
<li><span style="font-family: georgia,palatino; font-size: 10pt; color: #000000;"><strong>Departamento de Fundamentos da Educação – FaE</strong>: Prof. Armando Manuel de Oliveira Cruz; Suplente: Prof. Jovino Pizzi;</span></li>
</ol>
<p style="text-align: justify;"><span style="font-family: georgia,palatino; font-size: 10pt; color: #000000;"> </span></p>
<ul style="text-align: justify;">
<li><span style="font-family: georgia,palatino; font-size: 10pt; color: #000000;"><strong>Representantes Discentes:</strong> Acadêmicos José Fernando de Freitas Avelar Fernandes e Paulo Roberto dos Reis da Rosa.</span></li>
</ul>
<p style="text-align: justify;"><span style="font-family: georgia,palatino; font-size: 10pt; color: #000000;"> </span></p>
<p style="text-align: justify;"><span style="font-family: georgia,palatino; font-size: 10pt; color: #000000;">     A Secretaria do Colegiado do Curso de Licenciatura em Física está situada no prédio 05, sala 301 do Instituto de Física e Matemática, sendo equipada com um microcomputador, uma impressora laser, uma linha telefônica e demais equipamentos necessários ao adequado atendimento dos discentes do curso.</span></p>
<p style="text-align: justify;"><span style="font-family: georgia,palatino; font-size: 10pt; color: #000000;">     O Coordenador do Curso de Licenciatura em Física (junto ao Coordenador do Curso de Licenciatura em Matemática) é responsável pelo Laboratório de Informática das Licenciaturas. O laboratório disponibiliza aos alunos, professores e algumas disciplinas dos dois cursos, uma rede local de microcomputadores ligada à Rede Internet, na qual estão instalados softwares da Área de Física e de Matemática. No laboratório também são oferecidos aos alunos cursos básicos ministrados por monitores. </span></p>

<p>     Segundo o Estatuto e o Regimento Geral da UFPel, o Colegiado de Curso é o órgão de coordenação didática que tem por finalidade superintender o ensino no âmbito de cada curso.      O Colegiado de Curso é dirigido por um Coordenador e deve ter representação dos Departamentos que oferecem disciplinas para o curso, além [&hellip;]</p>
