{"id":2790,"date":"2024-03-07T11:23:07","date_gmt":"2024-03-07T14:23:07","guid":{"rendered":"https:\/\/wp.ufpel.edu.br\/fisica-licenciatura\/?page_id=2790"},"modified":"2024-03-07T11:23:07","modified_gmt":"2024-03-07T14:23:07","slug":"objetivos-2","status":"publish","type":"page","link":"https:\/\/wp.ufpel.edu.br\/fisica-licenciatura\/objetivos-2\/","title":{"rendered":"OBJETIVOS"},"content":{"rendered":"<p lang=\"pt-BR\"><span style=\"color: #0000ff;\"><strong><span style=\"font-family: 'comic sans ms', sans-serif; font-size: 10pt;\">Objetivo geral<\/span><\/strong><\/span><\/p>\n<p class=\"western\" lang=\"pt-BR\"><span style=\"font-family: 'comic sans ms', sans-serif; font-size: 10pt;\">O Curso de Licenciatura em F\u00edsica da UFPel, em acordo com a Resolu\u00e7\u00e3o CNE\/CP N\u00ba 02, a Pol\u00edtica Institucional da UFPel para a Forma\u00e7\u00e3o Inicial e Continuada de Professores da Educa\u00e7\u00e3o B\u00e1sica e as Diretrizes Curriculares Nacionais para os Cursos de Bacharelado e Licenciatura em F\u00edsica, prima para que o seu PPC tenha por objetivo compreender a doc\u00eancia como uma a\u00e7\u00e3o educativa e como um processo pedag\u00f3gico intencional e met\u00f3dico. Esta compreens\u00e3o envolve conhecimentos espec\u00edficos, interdisciplinares e pedag\u00f3gicos, conceitos, princ\u00edpios e objetivos da forma\u00e7\u00e3o, que se desenvolvem na constru\u00e7\u00e3o e apropria\u00e7\u00e3o dos valores \u00e9ticos, lingu\u00edsticos, est\u00e9ticos e pol\u00edticos do conhecimento inerentes \u00e0 s\u00f3lida forma\u00e7\u00e3o cient\u00edfica e cultural do ensinar\/aprender, \u00e0 sociabiliza\u00e7\u00e3o e constru\u00e7\u00e3o de conhecimentos e sua inova\u00e7\u00e3o, em di\u00e1logo constante entre diferentes vis\u00f5es de mundo.<\/span><\/p>\n<p class=\"western\" lang=\"pt-BR\"><span style=\"font-family: 'comic sans ms', sans-serif; font-size: 10pt;\">De acordo com estas premissas, o Curso de Licenciatura em F\u00edsica, especificamente, tem por objetivo geral formar professores de F\u00edsica com conhecimentos, habilidades e atitudes inerentes a um profissional capacitado para atua\u00e7\u00e3o na Educa\u00e7\u00e3o B\u00e1sica, com capacidade de transforma\u00e7\u00e3o, atrav\u00e9s da a\u00e7\u00e3o pedag\u00f3gica e de gest\u00e3o escolar baseada no m\u00e9todo cient\u00edfico e na an\u00e1lise cr\u00edtica da realidade.<\/span><\/p>\n<p lang=\"pt-BR\"><span style=\"color: #0000ff;\"><strong><span style=\"font-family: 'comic sans ms', sans-serif; font-size: 10pt;\">Objetivos Espec\u00edficos<\/span><\/strong><\/span><\/p>\n<p class=\"western\" lang=\"pt-BR\"><span style=\"font-family: 'comic sans ms', sans-serif; font-size: 10pt;\">S\u00e3o objetivos espec\u00edficos do Curso de Licenciatura em F\u00edsica:<\/span><\/p>\n<ul>\n<li><span style=\"font-family: 'comic sans ms', sans-serif; font-size: 10pt;\">oferecer um s\u00f3lido embasamento te\u00f3rico da \u00e1rea da F\u00edsica, envolvendo sua evolu\u00e7\u00e3o hist\u00f3rica e suas aplica\u00e7\u00f5es;<\/span><\/li>\n<li><span style=\"font-family: 'comic sans ms', sans-serif; font-size: 10pt;\">promover a capacita\u00e7\u00e3o pedag\u00f3gica que permitir\u00e1 aos licenciados assumir a condu\u00e7\u00e3o do processo de ensino de forma adequada;<\/span><\/li>\n<li><span style=\"font-family: 'comic sans ms', sans-serif; font-size: 10pt;\">desenvolver habilidades e compet\u00eancias inerentes \u00e0 pr\u00e1tica do Ensino de F\u00edsica;<\/span><\/li>\n<li><span style=\"font-family: 'comic sans ms', sans-serif; font-size: 10pt;\">desenvolver o comprometimento do Ensino de F\u00edsica com o aprimoramento cultural que deve embasar o Ensino Fundamental e M\u00e9dio;<\/span><\/li>\n<li><span style=\"font-family: 'comic sans ms', sans-serif; font-size: 10pt;\">capacitar o licenciado de acordo com os conhecimentos produzidos na \u00e1rea de pesquisa em Ensino de F\u00edsica, ou seja, os conhecimentos sobre novas abordagens, novas metodologias e novos conte\u00fados para o Ensino da F\u00edsica;<\/span><\/li>\n<li><span style=\"font-family: 'comic sans ms', sans-serif; font-size: 10pt;\">contextualizar o Curso de forma a manter o licenciado em contato com a realidade escolar, preparando-o para atuar na gest\u00e3o dessa realidade;<\/span><\/li>\n<li><span style=\"font-family: 'comic sans ms', sans-serif; font-size: 10pt;\">fornecer aos alunos a base para a forma\u00e7\u00e3o de futuros pesquisadores e\/ou professores universit\u00e1rios.<\/span><\/li>\n<\/ul>\n","protected":false},"excerpt":{"rendered":"<p>Objetivo geral O Curso de Licenciatura em F\u00edsica da UFPel, em acordo com a Resolu\u00e7\u00e3o CNE\/CP N\u00ba 02, a Pol\u00edtica Institucional da UFPel para a Forma\u00e7\u00e3o Inicial e Continuada de Professores da Educa\u00e7\u00e3o B\u00e1sica e as Diretrizes Curriculares Nacionais para os Cursos de Bacharelado e Licenciatura em F\u00edsica, prima para que o seu PPC tenha [&hellip;]<\/p>\n","protected":false},"author":1147,"featured_media":0,"parent":0,"menu_order":0,"comment_status":"closed","ping_status":"closed","template":"","meta":{"jetpack_post_was_ever_published":false,"footnotes":""},"class_list":["post-2790","page","type-page","status-publish","hentry"],"jetpack_sharing_enabled":true,"jetpack_shortlink":"https:\/\/wp.me\/P6RZnX-J0","_links":{"self":[{"href":"https:\/\/wp.ufpel.edu.br\/fisica-licenciatura\/wp-json\/wp\/v2\/pages\/2790","targetHints":{"allow":["GET"]}}],"collection":[{"href":"https:\/\/wp.ufpel.edu.br\/fisica-licenciatura\/wp-json\/wp\/v2\/pages"}],"about":[{"href":"https:\/\/wp.ufpel.edu.br\/fisica-licenciatura\/wp-json\/wp\/v2\/types\/page"}],"author":[{"embeddable":true,"href":"https:\/\/wp.ufpel.edu.br\/fisica-licenciatura\/wp-json\/wp\/v2\/users\/1147"}],"replies":[{"embeddable":true,"href":"https:\/\/wp.ufpel.edu.br\/fisica-licenciatura\/wp-json\/wp\/v2\/comments?post=2790"}],"version-history":[{"count":1,"href":"https:\/\/wp.ufpel.edu.br\/fisica-licenciatura\/wp-json\/wp\/v2\/pages\/2790\/revisions"}],"predecessor-version":[{"id":2792,"href":"https:\/\/wp.ufpel.edu.br\/fisica-licenciatura\/wp-json\/wp\/v2\/pages\/2790\/revisions\/2792"}],"wp:attachment":[{"href":"https:\/\/wp.ufpel.edu.br\/fisica-licenciatura\/wp-json\/wp\/v2\/media?parent=2790"}],"curies":[{"name":"wp","href":"https:\/\/api.w.org\/{rel}","templated":true}]}}