{"id":2770,"date":"2024-03-06T17:14:13","date_gmt":"2024-03-06T20:14:13","guid":{"rendered":"https:\/\/wp.ufpel.edu.br\/fisica-licenciatura\/?page_id=2770"},"modified":"2024-03-06T17:18:56","modified_gmt":"2024-03-06T20:18:56","slug":"calendario-2024-1","status":"publish","type":"page","link":"https:\/\/wp.ufpel.edu.br\/fisica-licenciatura\/calendario-2024-1\/","title":{"rendered":"CALEND\u00c1RIO 2024\/1"},"content":{"rendered":"<p style=\"text-align: justify;\" align=\"justify\"><span style=\"font-family: Liberation Sans, sans-serif; color: #000000;\"><span style=\"font-size: medium;\">A partir do dia <strong>15 de abril de 2024<\/strong>\u00a0iniciaremos mais um semestre letivo.\u00a0<\/span><\/span><\/p>\n<p align=\"justify\"><span style=\"font-family: Liberation Sans, sans-serif; color: #000000;\"><span style=\"font-size: medium;\">Abaixo apresentamos alguns pontos importantes:<\/span><\/span><\/p>\n<p align=\"justify\"><span style=\"font-family: Liberation Sans, sans-serif; color: #000000;\"><span style=\"font-size: medium;\"><span style=\"color: #000000;\"><b>1.<\/b><\/span> O pr\u00f3ximo per\u00edodo (abril\/julho) ser\u00e1 referente ao <strong>semestre letivo 2024\/1<\/strong>;<\/span><\/span><\/p>\n<p align=\"justify\"><span style=\"font-family: Liberation Sans, sans-serif; color: #000000;\"><span style=\"font-size: medium;\"><span style=\"color: #000000;\"><b>2.<\/b><\/span> As <strong>aulas iniciar\u00e3o<\/strong> em <strong>15 de abril de 2024<\/strong>\u00a0de forma 100% presencial.<\/span><\/span><\/p>\n<p align=\"justify\"><span style=\"font-family: Liberation Sans, sans-serif; color: #000000;\"><span style=\"font-size: medium;\"><span style=\"color: #000000;\"><b>3.<\/b><\/span><b> <\/b><span style=\"color: #000000;\"><b>A<\/b><\/span> <span style=\"color: #000000;\"><b>matr\u00edcula<\/b><\/span> <span style=\"color: #000000;\">em componentes curriculares (disciplinas)<\/span> <span style=\"color: #000000;\"><b>ser\u00e1 obrigat\u00f3ria<\/b>, em pelo menos 8 cr\u00e9ditos:<\/span><\/span><\/span><\/p>\n<p align=\"justify\"><span style=\"font-family: Liberation Sans, sans-serif; color: #000000;\"><span style=\"font-size: medium;\"><span style=\"color: #000000;\">a<\/span><span style=\"color: #000000;\">) ingressantes em 2024\/1 ser\u00e3o matriculados(as) pelo Colegiado n<\/span><span style=\"color: #000000;\">o<\/span><span style=\"color: #000000;\">s 6 <\/span><span style=\"color: #000000;\">componentes curriculares <\/span><span style=\"color: #000000;\">do primeiro semestre do Curso;<\/span><\/span><\/span><\/p>\n<p align=\"justify\">b) a <span style=\"font-family: Liberation Sans, sans-serif; color: #000000;\"><span style=\"font-size: medium;\"><b>rematr\u00edcula <\/b><\/span><\/span><span style=\"font-family: Liberation Sans, sans-serif; color: #000000;\"><span style=\"font-size: medium;\">(somente para discentes com ingresso anterior a 2024\/1) ser\u00e1 de <strong>01 a 03 de abril de 2024<\/strong>;<\/span><\/span><\/p>\n<p align=\"justify\">c) a <strong>corre\u00e7\u00e3o de matr\u00edcula<\/strong> <span style=\"font-family: Liberation Sans, sans-serif; color: #000000;\"><span style=\"font-size: medium;\">(somente para discentes com ingresso anterior a 2024\/1) ser\u00e1 de <strong>05 a 08 de abril de 2024<\/strong>;<\/span><\/span><\/p>\n<p align=\"justify\">c) a <strong>matr\u00edcula especial<\/strong> <span style=\"font-family: Liberation Sans, sans-serif; color: #000000;\"><span style=\"font-size: medium;\">(somente para discentes com ingresso anterior a 2024\/1) ser\u00e1 de <strong>13 a 15 de abril de 2024<\/strong>.<\/span><\/span><\/p>\n<p align=\"justify\"><span style=\"font-family: Liberation Sans, sans-serif; color: #000000;\"><span style=\"font-size: medium;\">As datas importante do calend\u00e1rio acad\u00eamico 2024\/1 podem ser encontradas neste <a href=\"https:\/\/wp.ufpel.edu.br\/cra\/calendarios-academicos\/\">link<\/a>.<\/span><\/span><\/p>\n<p align=\"justify\"><span style=\"font-family: Liberation Sans, sans-serif; color: #000000;\"><span style=\"font-size: medium;\">Esperamos que todos(as) tenham um <\/span><\/span><span style=\"font-family: Liberation Sans, sans-serif; color: #000000;\"><span style=\"font-size: medium;\">bom semestre!<\/span><\/span><\/p>\n","protected":false},"excerpt":{"rendered":"<p>A partir do dia 15 de abril de 2024\u00a0iniciaremos mais um semestre letivo.\u00a0 Abaixo apresentamos alguns pontos importantes: 1. O pr\u00f3ximo per\u00edodo (abril\/julho) ser\u00e1 referente ao semestre letivo 2024\/1; 2. As aulas iniciar\u00e3o em 15 de abril de 2024\u00a0de forma 100% presencial. 3. A matr\u00edcula em componentes curriculares (disciplinas) ser\u00e1 obrigat\u00f3ria, em pelo menos 8 [&hellip;]<\/p>\n","protected":false},"author":1147,"featured_media":0,"parent":0,"menu_order":0,"comment_status":"closed","ping_status":"closed","template":"","meta":{"jetpack_post_was_ever_published":false,"footnotes":""},"class_list":["post-2770","page","type-page","status-publish","hentry"],"jetpack_sharing_enabled":true,"jetpack_shortlink":"https:\/\/wp.me\/P6RZnX-IG","_links":{"self":[{"href":"https:\/\/wp.ufpel.edu.br\/fisica-licenciatura\/wp-json\/wp\/v2\/pages\/2770","targetHints":{"allow":["GET"]}}],"collection":[{"href":"https:\/\/wp.ufpel.edu.br\/fisica-licenciatura\/wp-json\/wp\/v2\/pages"}],"about":[{"href":"https:\/\/wp.ufpel.edu.br\/fisica-licenciatura\/wp-json\/wp\/v2\/types\/page"}],"author":[{"embeddable":true,"href":"https:\/\/wp.ufpel.edu.br\/fisica-licenciatura\/wp-json\/wp\/v2\/users\/1147"}],"replies":[{"embeddable":true,"href":"https:\/\/wp.ufpel.edu.br\/fisica-licenciatura\/wp-json\/wp\/v2\/comments?post=2770"}],"version-history":[{"count":4,"href":"https:\/\/wp.ufpel.edu.br\/fisica-licenciatura\/wp-json\/wp\/v2\/pages\/2770\/revisions"}],"predecessor-version":[{"id":3169,"href":"https:\/\/wp.ufpel.edu.br\/fisica-licenciatura\/wp-json\/wp\/v2\/pages\/2770\/revisions\/3169"}],"wp:attachment":[{"href":"https:\/\/wp.ufpel.edu.br\/fisica-licenciatura\/wp-json\/wp\/v2\/media?parent=2770"}],"curies":[{"name":"wp","href":"https:\/\/api.w.org\/{rel}","templated":true}]}}

CALENDÁRIO 2024/1

<p style="text-align: justify;" align="justify"><span style="font-family: Liberation Sans, sans-serif; color: #000000;"><span style="font-size: medium;">A partir do dia <strong>15 de abril de 2024</strong> iniciaremos mais um semestre letivo. </span></span></p>
<p align="justify"><span style="font-family: Liberation Sans, sans-serif; color: #000000;"><span style="font-size: medium;">Abaixo apresentamos alguns pontos importantes:</span></span></p>
<p align="justify"><span style="font-family: Liberation Sans, sans-serif; color: #000000;"><span style="font-size: medium;"><span style="color: #000000;"><b>1.</b></span> O próximo período (abril/julho) será referente ao <strong>semestre letivo 2024/1</strong>;</span></span></p>
<p align="justify"><span style="font-family: Liberation Sans, sans-serif; color: #000000;"><span style="font-size: medium;"><span style="color: #000000;"><b>2.</b></span> As <strong>aulas iniciarão</strong> em <strong>15 de abril de 2024</strong> de forma 100% presencial.</span></span></p>
<p align="justify"><span style="font-family: Liberation Sans, sans-serif; color: #000000;"><span style="font-size: medium;"><span style="color: #000000;"><b>3.</b></span><b> </b><span style="color: #000000;"><b>A</b></span> <span style="color: #000000;"><b>matrícula</b></span> <span style="color: #000000;">em componentes curriculares (disciplinas)</span> <span style="color: #000000;"><b>será obrigatória</b>, em pelo menos 8 créditos:</span></span></span></p>
<p align="justify"><span style="font-family: Liberation Sans, sans-serif; color: #000000;"><span style="font-size: medium;"><span style="color: #000000;">a</span><span style="color: #000000;">) ingressantes em 2024/1 serão matriculados(as) pelo Colegiado n</span><span style="color: #000000;">o</span><span style="color: #000000;">s 6 </span><span style="color: #000000;">componentes curriculares </span><span style="color: #000000;">do primeiro semestre do Curso;</span></span></span></p>
<p align="justify">b) a <span style="font-family: Liberation Sans, sans-serif; color: #000000;"><span style="font-size: medium;"><b>rematrícula </b></span></span><span style="font-family: Liberation Sans, sans-serif; color: #000000;"><span style="font-size: medium;">(somente para discentes com ingresso anterior a 2024/1) será de <strong>01 a 03 de abril de 2024</strong>;</span></span></p>
<p align="justify">c) a <strong>correção de matrícula</strong> <span style="font-family: Liberation Sans, sans-serif; color: #000000;"><span style="font-size: medium;">(somente para discentes com ingresso anterior a 2024/1) será de <strong>05 a 08 de abril de 2024</strong>;</span></span></p>
<p align="justify">c) a <strong>matrícula especial</strong> <span style="font-family: Liberation Sans, sans-serif; color: #000000;"><span style="font-size: medium;">(somente para discentes com ingresso anterior a 2024/1) será de <strong>13 a 15 de abril de 2024</strong>.</span></span></p>
<p align="justify"><span style="font-family: Liberation Sans, sans-serif; color: #000000;"><span style="font-size: medium;">As datas importante do calendário acadêmico 2024/1 podem ser encontradas neste <a href="https://wp.ufpel.edu.br/cra/calendarios-academicos/">link</a>.</span></span></p>
<p align="justify"><span style="font-family: Liberation Sans, sans-serif; color: #000000;"><span style="font-size: medium;">Esperamos que todos(as) tenham um </span></span><span style="font-family: Liberation Sans, sans-serif; color: #000000;"><span style="font-size: medium;">bom semestre!</span></span></p>

<p>A partir do dia 15 de abril de 2024 iniciaremos mais um semestre letivo.  Abaixo apresentamos alguns pontos importantes: 1. O próximo período (abril/julho) será referente ao semestre letivo 2024/1; 2. As aulas iniciarão em 15 de abril de 2024 de forma 100% presencial. 3. A matrícula em componentes curriculares (disciplinas) será obrigatória, em pelo menos 8 [&hellip;]</p>
