{"id":244,"date":"2015-02-09T10:51:14","date_gmt":"2015-02-09T12:51:14","guid":{"rendered":"https:\/\/wp.ufpel.edu.br\/fisica-licenciatura\/?page_id=244"},"modified":"2015-02-09T10:51:14","modified_gmt":"2015-02-09T12:51:14","slug":"historico-escolar","status":"publish","type":"page","link":"https:\/\/wp.ufpel.edu.br\/fisica-licenciatura\/historico-escolar\/","title":{"rendered":"HIST\u00d3RICO ESCOLAR"},"content":{"rendered":"<p style=\"text-align: justify\"><span style=\"font-family: georgia,palatino;font-size: 12pt;color: #000000\">Art. 83. O registro das atividades curriculares realizadas pelo discente deve compor o seu Hist\u00f3rico Escolar, que pode ser Parcial ou Final.<\/span><\/p>\n<p style=\"text-align: justify\"><span style=\"font-family: georgia,palatino;font-size: 12pt;color: #000000\">\u00a7 1\u00ba. Hist\u00f3rico Escolar Parcial \u00e9 o documento que demonstra, antes da conclus\u00e3o do curso, o percurso de integraliza\u00e7\u00e3o curricular do discente.<\/span><\/p>\n<p style=\"text-align: justify\"><span style=\"font-family: georgia,palatino;font-size: 12pt;color: #000000\">\u00a7 2\u00ba. Hist\u00f3rico Escolar Final \u00e9 o documento que demonstra, ap\u00f3s a conclus\u00e3o do curso, o percurso completo de integraliza\u00e7\u00e3o curricular do discente.<\/span><\/p>\n<p style=\"text-align: justify\"><span style=\"font-family: georgia,palatino;font-size: 12pt;color: #000000\">Art. 84. A certifica\u00e7\u00e3o do Hist\u00f3rico Escolar Parcial e do Hist\u00f3rico Escolar Final \u00e9 da compet\u00eancia exclusiva da Diretoria de Registros Acad\u00eamicos.<\/span><\/p>\n<p><span style=\"font-size: 12pt;color: #000000\">\u00a0<\/span><\/p>\n<p style=\"text-align: right\"><span style=\"font-family: georgia,palatino;font-size: 12pt;color: #000000\">Fonte: REGULAMENTO DO ENSINO DE GRADUA\u00c7\u00c3O NA UFPEL<\/span><\/p>\n","protected":false},"excerpt":{"rendered":"<p>Art. 83. O registro das atividades curriculares realizadas pelo discente deve compor o seu Hist\u00f3rico Escolar, que pode ser Parcial ou Final. \u00a7 1\u00ba. Hist\u00f3rico Escolar Parcial \u00e9 o documento que demonstra, antes da conclus\u00e3o do curso, o percurso de integraliza\u00e7\u00e3o curricular do discente. \u00a7 2\u00ba. Hist\u00f3rico Escolar Final \u00e9 o documento que demonstra, ap\u00f3s [&hellip;]<\/p>\n","protected":false},"author":366,"featured_media":0,"parent":0,"menu_order":0,"comment_status":"closed","ping_status":"closed","template":"","meta":{"jetpack_post_was_ever_published":false,"footnotes":""},"class_list":["post-244","page","type-page","status-publish","hentry"],"jetpack_sharing_enabled":true,"jetpack_shortlink":"https:\/\/wp.me\/P6RZnX-3W","_links":{"self":[{"href":"https:\/\/wp.ufpel.edu.br\/fisica-licenciatura\/wp-json\/wp\/v2\/pages\/244","targetHints":{"allow":["GET"]}}],"collection":[{"href":"https:\/\/wp.ufpel.edu.br\/fisica-licenciatura\/wp-json\/wp\/v2\/pages"}],"about":[{"href":"https:\/\/wp.ufpel.edu.br\/fisica-licenciatura\/wp-json\/wp\/v2\/types\/page"}],"author":[{"embeddable":true,"href":"https:\/\/wp.ufpel.edu.br\/fisica-licenciatura\/wp-json\/wp\/v2\/users\/366"}],"replies":[{"embeddable":true,"href":"https:\/\/wp.ufpel.edu.br\/fisica-licenciatura\/wp-json\/wp\/v2\/comments?post=244"}],"version-history":[{"count":1,"href":"https:\/\/wp.ufpel.edu.br\/fisica-licenciatura\/wp-json\/wp\/v2\/pages\/244\/revisions"}],"predecessor-version":[{"id":245,"href":"https:\/\/wp.ufpel.edu.br\/fisica-licenciatura\/wp-json\/wp\/v2\/pages\/244\/revisions\/245"}],"wp:attachment":[{"href":"https:\/\/wp.ufpel.edu.br\/fisica-licenciatura\/wp-json\/wp\/v2\/media?parent=244"}],"curies":[{"name":"wp","href":"https:\/\/api.w.org\/{rel}","templated":true}]}}