{"id":238,"date":"2015-02-09T10:19:29","date_gmt":"2015-02-09T12:19:29","guid":{"rendered":"https:\/\/wp.ufpel.edu.br\/fisica-licenciatura\/?page_id=238"},"modified":"2015-02-09T10:19:29","modified_gmt":"2015-02-09T12:19:29","slug":"transferencia","status":"publish","type":"page","link":"https:\/\/wp.ufpel.edu.br\/fisica-licenciatura\/transferencia\/","title":{"rendered":"TRANSFER\u00caNCIA"},"content":{"rendered":"<p style=\"text-align: justify\"><span style=\"font-family: georgia,palatino;font-size: 12pt;color: #000000\">Art. 79. Ser\u00e1 concedida transfer\u00eancia volunt\u00e1ria quando se tratar de aluno regularmente vinculado em curso de gradua\u00e7\u00e3o de outras IES, mediante processo seletivo, regulamentado por meio de Resolu\u00e7\u00e3o do COCEPE.<\/span><\/p>\n<p style=\"text-align: justify\"><span style=\"font-family: georgia,palatino;font-size: 12pt;color: #000000\">Par\u00e1grafo \u00fanico &#8211; Para efeito deste artigo, o curso de origem do aluno dever\u00e1 ser reconhecido pelo Minist\u00e9rio da Educa\u00e7\u00e3o ou ter seu funcionamento autorizado pelo\u00f3rg\u00e3o competente da IES, em se tratando de universidades e centros universit\u00e1rios. No caso de faculdade ou institui\u00e7\u00e3o equiparada, o funcionamento do curso deve ser autorizado diretamente pelo Minist\u00e9rio da Educa\u00e7\u00e3o, nos termos da legisla\u00e7\u00e3o vigente.<\/span><\/p>\n<p style=\"text-align: justify\"><span style=\"font-family: georgia,palatino;font-size: 12pt;color: #000000\">Art. 80. A transfer\u00eancia compuls\u00f3ria ser\u00e1 concedida na forma da lei.<\/span><\/p>\n<p><span style=\"font-size: 12pt;color: #000000\">\u00a0<\/span><\/p>\n<p style=\"text-align: right\"><span style=\"font-family: georgia,palatino;font-size: 12pt;color: #000000\">Fonte: REGULAMENTO DO ENSINO DE GRADUA\u00c7\u00c3O NA UFPEL<\/span><\/p>\n","protected":false},"excerpt":{"rendered":"<p>Art. 79. Ser\u00e1 concedida transfer\u00eancia volunt\u00e1ria quando se tratar de aluno regularmente vinculado em curso de gradua\u00e7\u00e3o de outras IES, mediante processo seletivo, regulamentado por meio de Resolu\u00e7\u00e3o do COCEPE. Par\u00e1grafo \u00fanico &#8211; Para efeito deste artigo, o curso de origem do aluno dever\u00e1 ser reconhecido pelo Minist\u00e9rio da Educa\u00e7\u00e3o ou ter seu funcionamento autorizado [&hellip;]<\/p>\n","protected":false},"author":366,"featured_media":0,"parent":0,"menu_order":0,"comment_status":"closed","ping_status":"closed","template":"","meta":{"jetpack_post_was_ever_published":false,"footnotes":""},"class_list":["post-238","page","type-page","status-publish","hentry"],"jetpack_sharing_enabled":true,"jetpack_shortlink":"https:\/\/wp.me\/P6RZnX-3Q","_links":{"self":[{"href":"https:\/\/wp.ufpel.edu.br\/fisica-licenciatura\/wp-json\/wp\/v2\/pages\/238","targetHints":{"allow":["GET"]}}],"collection":[{"href":"https:\/\/wp.ufpel.edu.br\/fisica-licenciatura\/wp-json\/wp\/v2\/pages"}],"about":[{"href":"https:\/\/wp.ufpel.edu.br\/fisica-licenciatura\/wp-json\/wp\/v2\/types\/page"}],"author":[{"embeddable":true,"href":"https:\/\/wp.ufpel.edu.br\/fisica-licenciatura\/wp-json\/wp\/v2\/users\/366"}],"replies":[{"embeddable":true,"href":"https:\/\/wp.ufpel.edu.br\/fisica-licenciatura\/wp-json\/wp\/v2\/comments?post=238"}],"version-history":[{"count":1,"href":"https:\/\/wp.ufpel.edu.br\/fisica-licenciatura\/wp-json\/wp\/v2\/pages\/238\/revisions"}],"predecessor-version":[{"id":239,"href":"https:\/\/wp.ufpel.edu.br\/fisica-licenciatura\/wp-json\/wp\/v2\/pages\/238\/revisions\/239"}],"wp:attachment":[{"href":"https:\/\/wp.ufpel.edu.br\/fisica-licenciatura\/wp-json\/wp\/v2\/media?parent=238"}],"curies":[{"name":"wp","href":"https:\/\/api.w.org\/{rel}","templated":true}]}}