{"id":2334,"date":"2022-02-10T18:52:24","date_gmt":"2022-02-10T21:52:24","guid":{"rendered":"https:\/\/wp.ufpel.edu.br\/fisica-licenciatura\/?page_id=2334"},"modified":"2024-03-08T16:27:00","modified_gmt":"2024-03-08T19:27:00","slug":"matriz-curricular","status":"publish","type":"page","link":"https:\/\/wp.ufpel.edu.br\/fisica-licenciatura\/matriz-curricular\/","title":{"rendered":"MATRIZ CURRICULAR"},"content":{"rendered":"<p><span style=\"font-family: 'comic sans ms', sans-serif; font-size: 10pt;\">O\u00a0<strong>Curso de Licenciatura em F\u00edsica da UFPel<\/strong>\u00a0est\u00e1 na\u00a0<span style=\"color: #ff0000;\"><strong>vers\u00e3o curricular 9<\/strong><\/span>. Nesta p\u00e1gina listamos as tr\u00eas \u00faltimas vers\u00f5es curriculares, com a tabela correspondente \u00e0 matriz curricular de cada vers\u00e3o.<\/span><\/p>\n<ul>\n<li style=\"text-align: justify;\"><span style=\"font-family: 'comic sans ms', sans-serif; font-size: 10pt;\"><a href=\"https:\/\/wp.ufpel.edu.br\/fisica-licenciatura\/files\/2024\/03\/curriculo_curso_2900_V9.pdf\"><strong>Curr\u00edculo 9<\/strong><\/a><strong><span style=\"color: #ff0000;\"> (atual)<\/span>:<\/strong> discentes com ingresso a partir de 2023\/1. Discentes com ingresso anterior poder\u00e3o optar pela transi\u00e7\u00e3o para este curr\u00edculo.<\/span><\/li>\n<li><span style=\"font-family: 'comic sans ms', sans-serif; font-size: 10pt;\"><strong><a href=\"https:\/\/wp.ufpel.edu.br\/fisica-licenciatura\/files\/2024\/03\/curriculo_curso_2900_V8.pdf\">Curr\u00edculo 8<\/a>:<\/strong> discentes com ingresso anterior a 2023\/1.<\/span><\/li>\n<li><span style=\"font-family: 'comic sans ms', sans-serif; font-size: 10pt;\"><strong><a href=\"https:\/\/wp.ufpel.edu.br\/fisica-licenciatura\/files\/2024\/03\/curriculo_curso_2900_V7.pdf\">Curr\u00edculo 7<\/a>:<\/strong>\u00a0n\u00e3o temos discentes nesta vers\u00e3o curricular.<\/span><\/li>\n<\/ul>\n<p>&nbsp;<\/p>\n","protected":false},"excerpt":{"rendered":"<p>O\u00a0Curso de Licenciatura em F\u00edsica da UFPel\u00a0est\u00e1 na\u00a0vers\u00e3o curricular 9. Nesta p\u00e1gina listamos as tr\u00eas \u00faltimas vers\u00f5es curriculares, com a tabela correspondente \u00e0 matriz curricular de cada vers\u00e3o. Curr\u00edculo 9 (atual): discentes com ingresso a partir de 2023\/1. Discentes com ingresso anterior poder\u00e3o optar pela transi\u00e7\u00e3o para este curr\u00edculo. Curr\u00edculo 8: discentes com ingresso anterior [&hellip;]<\/p>\n","protected":false},"author":1147,"featured_media":0,"parent":0,"menu_order":0,"comment_status":"closed","ping_status":"closed","template":"","meta":{"jetpack_post_was_ever_published":false,"footnotes":""},"class_list":["post-2334","page","type-page","status-publish","hentry"],"jetpack_sharing_enabled":true,"jetpack_shortlink":"https:\/\/wp.me\/P6RZnX-BE","_links":{"self":[{"href":"https:\/\/wp.ufpel.edu.br\/fisica-licenciatura\/wp-json\/wp\/v2\/pages\/2334","targetHints":{"allow":["GET"]}}],"collection":[{"href":"https:\/\/wp.ufpel.edu.br\/fisica-licenciatura\/wp-json\/wp\/v2\/pages"}],"about":[{"href":"https:\/\/wp.ufpel.edu.br\/fisica-licenciatura\/wp-json\/wp\/v2\/types\/page"}],"author":[{"embeddable":true,"href":"https:\/\/wp.ufpel.edu.br\/fisica-licenciatura\/wp-json\/wp\/v2\/users\/1147"}],"replies":[{"embeddable":true,"href":"https:\/\/wp.ufpel.edu.br\/fisica-licenciatura\/wp-json\/wp\/v2\/comments?post=2334"}],"version-history":[{"count":10,"href":"https:\/\/wp.ufpel.edu.br\/fisica-licenciatura\/wp-json\/wp\/v2\/pages\/2334\/revisions"}],"predecessor-version":[{"id":2870,"href":"https:\/\/wp.ufpel.edu.br\/fisica-licenciatura\/wp-json\/wp\/v2\/pages\/2334\/revisions\/2870"}],"wp:attachment":[{"href":"https:\/\/wp.ufpel.edu.br\/fisica-licenciatura\/wp-json\/wp\/v2\/media?parent=2334"}],"curies":[{"name":"wp","href":"https:\/\/api.w.org\/{rel}","templated":true}]}}