{"id":2182,"date":"2021-08-24T12:59:25","date_gmt":"2021-08-24T15:59:25","guid":{"rendered":"https:\/\/wp.ufpel.edu.br\/fisica-licenciatura\/?page_id=2182"},"modified":"2021-08-24T13:47:39","modified_gmt":"2021-08-24T16:47:39","slug":"diretrizes-para-a-prova-enade-2021","status":"publish","type":"page","link":"https:\/\/wp.ufpel.edu.br\/fisica-licenciatura\/diretrizes-para-a-prova-enade-2021\/","title":{"rendered":"Diretrizes para a prova Enade 2021"},"content":{"rendered":"<p style=\"text-align: justify\">O Instituto Nacional de Estudo Educacionais An\u00edsio Teixeira (INEP) publicou no dia 23\/08\/2021 as <strong>Portarias No 386 e 405<\/strong>, que disp\u00f5em sobre <strong>diretrizes de prova, componentes de forma\u00e7\u00e3o geral\u00a0 e componentes espec\u00edficos da \u00e1rea de F\u00edsica<\/strong>, modalidade Licenciatura, no \u00e2mbito do Exame Nacional de Desempenho dos Estudantes (Enade), edi\u00e7\u00e3o 2021. A prova, que ser\u00e1 realizada de forma presencial no dia 14\/11\/2021 no Campus Cap\u00e3o do Le\u00e3o, ter\u00e1 dura\u00e7\u00e3o de 04 (quatro) horas, sendo constitu\u00edda pelo componente de Forma\u00e7\u00e3o Geral, comum a todas as \u00e1reas, e pelo componente espec\u00edfico de cada \u00e1rea.<\/p>\n<p style=\"text-align: justify\">Nos links abaixo disponibilizamos as Portarias No 385 e 405, relativas aos componentes de Forma\u00e7\u00e3o Geral e espec\u00edficos da \u00e1rea de F\u00edsica, que devem ser lidas por todos os discentes inscritos como concluintes na edi\u00e7\u00e3o Enade 2021:<\/p>\n<ul>\n<li><a href=\"https:\/\/www.in.gov.br\/en\/web\/dou\/-\/portaria-n-386-de-23-de-agosto-de-2021-340157960\">PORTARIA N\u00ba 386, DE 23 DE AGOSTO DE 2021: Forma\u00e7\u00e3o Geral<\/a><\/li>\n<li><a href=\"https:\/\/wp.ufpel.edu.br\/fisica-licenciatura\/files\/2021\/08\/Fisica-licenciatura-PORTARIA-No-405-DE-23-DE-AGOSTO-DE-2021.pdf\">PORTARIA N\u00ba 405, DE 23 DE AGOSTO DE 2021: componente espec\u00edfico da \u00e1rea de F\u00edsica<\/a><\/li>\n<\/ul>\n","protected":false},"excerpt":{"rendered":"<p>O Instituto Nacional de Estudo Educacionais An\u00edsio Teixeira (INEP) publicou no dia 23\/08\/2021 as Portarias No 386 e 405, que disp\u00f5em sobre diretrizes de prova, componentes de forma\u00e7\u00e3o geral\u00a0 e componentes espec\u00edficos da \u00e1rea de F\u00edsica, modalidade Licenciatura, no \u00e2mbito do Exame Nacional de Desempenho dos Estudantes (Enade), edi\u00e7\u00e3o 2021. A prova, que ser\u00e1 realizada [&hellip;]<\/p>\n","protected":false},"author":1147,"featured_media":0,"parent":0,"menu_order":0,"comment_status":"closed","ping_status":"closed","template":"","meta":{"jetpack_post_was_ever_published":false,"footnotes":""},"class_list":["post-2182","page","type-page","status-publish","hentry"],"jetpack_sharing_enabled":true,"jetpack_shortlink":"https:\/\/wp.me\/P6RZnX-zc","_links":{"self":[{"href":"https:\/\/wp.ufpel.edu.br\/fisica-licenciatura\/wp-json\/wp\/v2\/pages\/2182","targetHints":{"allow":["GET"]}}],"collection":[{"href":"https:\/\/wp.ufpel.edu.br\/fisica-licenciatura\/wp-json\/wp\/v2\/pages"}],"about":[{"href":"https:\/\/wp.ufpel.edu.br\/fisica-licenciatura\/wp-json\/wp\/v2\/types\/page"}],"author":[{"embeddable":true,"href":"https:\/\/wp.ufpel.edu.br\/fisica-licenciatura\/wp-json\/wp\/v2\/users\/1147"}],"replies":[{"embeddable":true,"href":"https:\/\/wp.ufpel.edu.br\/fisica-licenciatura\/wp-json\/wp\/v2\/comments?post=2182"}],"version-history":[{"count":5,"href":"https:\/\/wp.ufpel.edu.br\/fisica-licenciatura\/wp-json\/wp\/v2\/pages\/2182\/revisions"}],"predecessor-version":[{"id":2191,"href":"https:\/\/wp.ufpel.edu.br\/fisica-licenciatura\/wp-json\/wp\/v2\/pages\/2182\/revisions\/2191"}],"wp:attachment":[{"href":"https:\/\/wp.ufpel.edu.br\/fisica-licenciatura\/wp-json\/wp\/v2\/media?parent=2182"}],"curies":[{"name":"wp","href":"https:\/\/api.w.org\/{rel}","templated":true}]}}