{"id":2148,"date":"2021-08-02T21:23:16","date_gmt":"2021-08-03T00:23:16","guid":{"rendered":"https:\/\/wp.ufpel.edu.br\/fisica-licenciatura\/?page_id=2148"},"modified":"2021-08-02T21:23:16","modified_gmt":"2021-08-03T00:23:16","slug":"material-de-divulgacao-e-apoio-ao-estudante","status":"publish","type":"page","link":"https:\/\/wp.ufpel.edu.br\/fisica-licenciatura\/material-de-divulgacao-e-apoio-ao-estudante\/","title":{"rendered":"Material de divulga\u00e7\u00e3o e apoio ao estudante"},"content":{"rendered":"<p style=\"text-align: justify\">Nesta p\u00e1gina oferecemos os materiais de divulga\u00e7\u00e3o do <strong>Enade 2021<\/strong>, voltados para o apoio aos discentes que far\u00e3o as etapas fixadas pelo <a href=\"https:\/\/wp.ufpel.edu.br\/fisica-licenciatura\/files\/2021\/07\/Edital36INEP.pdf\">Edital Enade 36<\/a> (exclu\u00eddos os ingressantes 2021\/1):<\/p>\n<ul>\n<li><a href=\"https:\/\/wp.ufpel.edu.br\/cpi\/files\/2021\/07\/Primeiro-Acesso-ao-Sistema-Enade-Estudante.pdf\">Tutorial de primeiro acesso ao Sistema Enade e autentica\u00e7\u00e3o gov.br<\/a><\/li>\n<li><a href=\"https:\/\/wp.ufpel.edu.br\/cpi\/files\/2021\/08\/Enade-2021-Manual-Auxiliar-do-Estudante.pdf\">Manual auxiliar do estudante &#8211; Enade 2021<\/a><\/li>\n<li><a href=\"https:\/\/wp.ufpel.edu.br\/cpi\/files\/2021\/08\/Cartaz_ENADE-2021END-rev02.pdf\">Cartaz de divulga\u00e7\u00e3o do Enade 2021<\/a><\/li>\n<\/ul>\n<p>&nbsp;<\/p>\n","protected":false},"excerpt":{"rendered":"<p>Nesta p\u00e1gina oferecemos os materiais de divulga\u00e7\u00e3o do Enade 2021, voltados para o apoio aos discentes que far\u00e3o as etapas fixadas pelo Edital Enade 36 (exclu\u00eddos os ingressantes 2021\/1): Tutorial de primeiro acesso ao Sistema Enade e autentica\u00e7\u00e3o gov.br Manual auxiliar do estudante &#8211; Enade 2021 Cartaz de divulga\u00e7\u00e3o do Enade 2021 &nbsp;<\/p>\n","protected":false},"author":1147,"featured_media":0,"parent":0,"menu_order":0,"comment_status":"closed","ping_status":"closed","template":"","meta":{"jetpack_post_was_ever_published":false,"footnotes":""},"class_list":["post-2148","page","type-page","status-publish","hentry"],"jetpack_sharing_enabled":true,"jetpack_shortlink":"https:\/\/wp.me\/P6RZnX-yE","_links":{"self":[{"href":"https:\/\/wp.ufpel.edu.br\/fisica-licenciatura\/wp-json\/wp\/v2\/pages\/2148","targetHints":{"allow":["GET"]}}],"collection":[{"href":"https:\/\/wp.ufpel.edu.br\/fisica-licenciatura\/wp-json\/wp\/v2\/pages"}],"about":[{"href":"https:\/\/wp.ufpel.edu.br\/fisica-licenciatura\/wp-json\/wp\/v2\/types\/page"}],"author":[{"embeddable":true,"href":"https:\/\/wp.ufpel.edu.br\/fisica-licenciatura\/wp-json\/wp\/v2\/users\/1147"}],"replies":[{"embeddable":true,"href":"https:\/\/wp.ufpel.edu.br\/fisica-licenciatura\/wp-json\/wp\/v2\/comments?post=2148"}],"version-history":[{"count":1,"href":"https:\/\/wp.ufpel.edu.br\/fisica-licenciatura\/wp-json\/wp\/v2\/pages\/2148\/revisions"}],"predecessor-version":[{"id":2150,"href":"https:\/\/wp.ufpel.edu.br\/fisica-licenciatura\/wp-json\/wp\/v2\/pages\/2148\/revisions\/2150"}],"wp:attachment":[{"href":"https:\/\/wp.ufpel.edu.br\/fisica-licenciatura\/wp-json\/wp\/v2\/media?parent=2148"}],"curies":[{"name":"wp","href":"https:\/\/api.w.org\/{rel}","templated":true}]}}