{"id":2081,"date":"2021-07-23T21:47:28","date_gmt":"2021-07-24T00:47:28","guid":{"rendered":"https:\/\/wp.ufpel.edu.br\/fisica-licenciatura\/?page_id=2081"},"modified":"2021-07-23T22:02:43","modified_gmt":"2021-07-24T01:02:43","slug":"transicao-curricular-para-a-versao-8","status":"publish","type":"page","link":"https:\/\/wp.ufpel.edu.br\/fisica-licenciatura\/transicao-curricular-para-a-versao-8\/","title":{"rendered":"TRANSI\u00c7\u00c3O CURRICULAR"},"content":{"rendered":"<p style=\"text-align: justify\">Em dezembro de 2019 o COCEPE aprovou a vers\u00e3o 8 do curr\u00edculo do Curso de Licenciatura em F\u00edsica. Assim, todos os ingressantes a partir do calend\u00e1rio 2020\/1 est\u00e3o automaticamente enquadrados nesta vers\u00e3o, considerada no sistema COBALTO como a atual do curso. As diferen\u00e7as entre as vers\u00f5es 7 e 8 do curr\u00edculo podem ser encontradas na aba &#8220;O CURSO&#8221; + &#8220;PROJETO PEDAG\u00d3GICO DE CURSO&#8221;.<\/p>\n<p style=\"text-align: justify\">Como no momento da aprova\u00e7\u00e3o t\u00ednhamos discentes na vers\u00e3o 7 do curr\u00edculo, o Colegiado definiu como Regra de Transi\u00e7\u00e3o Curricular para a nova vers\u00e3o do curr\u00edculo o texto que se segue, constante na se\u00e7\u00e3o 3.11 do novo Projeto Pedag\u00f3gico do Curso (PPC):<\/p>\n<p align=\"justify\"><em><span style=\"font-family: Times New Roman, serif\">&#8220;Esta proposta curricular, que passar\u00e1 a ser definida como curr\u00edculo 8, entrar\u00e1 em vigor a partir do semestre letivo 2020\/1. Os alunos que ingressaram no Curso em per\u00edodo anterior a 2020\/1 (curr\u00edculo 7, 3.280 horas) poder\u00e3o migrar para o curr\u00edculo 8, ap\u00f3s passar pela an\u00e1lise do Colegiado do Curso sobre a sua viabilidade, podendo integralizar o Curso com a mesma carga hor\u00e1ria do curr\u00edculo 8, ou seja, 3.255 horas.<\/span><\/em><\/p>\n<p align=\"justify\"><span style=\"font-family: Times New Roman, serif\"><em>Os alunos com ingresso anterior a 2020\/1, que at\u00e9 o final de 2019\/2 n\u00e3o integralizaram um total de 78 cr\u00e9ditos de disciplinas obrigat\u00f3rias do curr\u00edculo 7, ser\u00e3o transitados para o curr\u00edculo 8. Por outro lado, os alunos que permanecerem no curr\u00edculo 7 ter\u00e3o at\u00e9 o encerramento do semestre letivo 2022\/1 para o integralizarem totalmente. Caso n\u00e3o consigam, sua situa\u00e7\u00e3o acad\u00eamica quanto \u00e0 transi\u00e7\u00e3o curricular ser\u00e1 analisada pelo Colegiado do Curso.<\/em> <\/span><\/p>\n<p align=\"justify\"><em><span style=\"font-family: Times New Roman, serif\">A t\u00edtulo de transi\u00e7\u00e3o curricular, os alunos com data de ingresso no Curso anterior a 2020\/1 que transitarem para o curr\u00edculo 8, poder\u00e3o utilizar a carga hor\u00e1ria de 170 horas de Forma\u00e7\u00e3o Livre no processo de integraliza\u00e7\u00e3o da carga hor\u00e1ria total, do conjunto de componentes curriculares optativos (210 horas \u2013 14 cr\u00e9ditos) ou Forma\u00e7\u00e3o Complementar (Estudos Integradores) (210 horas \u2013 14 cr\u00e9ditos) desse curr\u00edculo, podendo esta integraliza\u00e7\u00e3o se dar de maneira concomitante. A valida\u00e7\u00e3o das horas de Forma\u00e7\u00e3o Livre ser\u00e1 feita pelo Colegiado, atrav\u00e9s da CEI, usando como refer\u00eancia as possibilidades de atividades enquadradas como Estudos Integradores, como indicadas no ap\u00eandice I deste PPC.<\/span><\/em><\/p>\n<p align=\"justify\"><em><span style=\"font-family: Times New Roman, serif\">A t\u00edtulo de transi\u00e7\u00e3o curricular, est\u00e1 mantida a regra de que os alunos com ingresso no Curso anterior a 2017\/1, que cursaram as disciplinas de Fundamentos de F\u00edsica (11090059) e de Matem\u00e1tica Elementar (11100066), poder\u00e3o utilizar a sua carga hor\u00e1ria para o c\u00f4mputo da carga hor\u00e1ria em disciplinas optativas, desde que tenham cursado as disciplinas de F\u00edsica Geral A (11090055), F\u00edsica Geral B (11090056), F\u00edsica Geral C (11090057) e F\u00edsica Geral D (11090058), todas de 6 cr\u00e9ditos, pois dessa forma n\u00e3o ser\u00e1 gerado preju\u00edzo para a totalidade de cr\u00e9ditos e carga hor\u00e1ria obrigat\u00f3ria do curr\u00edculo a que estiverem vinculados.<\/span><\/em><\/p>\n<p align=\"justify\"><em><span style=\"font-family: Times New Roman, serif\">No que tange \u00e0 equival\u00eancia entre componentes curriculares, al\u00e9m das demais equival\u00eancias indicadas no Quadro 10 a seguir, ser\u00e1 concedida a equival\u00eancia entre as disciplinas de F\u00edsica Geral A (11090055) e F\u00edsica B\u00e1sica I (11090032), F\u00edsica Geral B (11090056) e F\u00edsica B\u00e1sica II (11090033), F\u00edsica Geral C (11090057) e F\u00edsica B\u00e1sica III (11090034), e, finalmente, F\u00edsica Geral D (11090058) e F\u00edsica B\u00e1sica IV (11090035). As equival\u00eancias acima definidas ser\u00e3o revistas a partir do semestre letivo 2022\/1, quando poder\u00e3o ser renovadas por um per\u00edodo definido pelo Colegiado do Curso.<\/span><\/em><\/p>\n<p align=\"justify\"><em><span style=\"font-family: Times New Roman, serif\">Durante a transi\u00e7\u00e3o curricular, os estudantes que cursaram Simula\u00e7\u00f5es Computacionais no Ensino de F\u00edsica (11090044) e forem transitados para o curr\u00edculo 8, ter\u00e3o o aproveitamento dessa componente curricular para a dispensa das componentes curriculares Metodologia Computacional no Ensino de F\u00edsica A (11090086) e Aplicativos Computacionais para a F\u00edsica (11090046), ou apenas para Metodologia Computacional no Ensino de F\u00edsica A (11090086), se tiverem cursado tamb\u00e9m a componente curricular Aplicativos Computacionais para a F\u00edsica (11090046).<\/span><\/em><\/p>\n<p align=\"justify\"><em><span style=\"font-family: Times New Roman, serif\">Durante a transi\u00e7\u00e3o curricular, os pr\u00e9-requisitos das componentes curriculares, tanto obrigat\u00f3rias quanto optativas, ser\u00e3o considerados de forma diferenciada.<\/span><\/em><\/p>\n<p align=\"justify\"><span style=\"font-family: Times New Roman, serif\"><em>Esta proposta curricular entrar\u00e1 em vigor a partir de sua aprova\u00e7\u00e3o no COCEPE e passam a valer as regras de transi\u00e7\u00e3o curricular.&#8221;<\/em> <\/span><\/p>\n<p align=\"justify\">\n","protected":false},"excerpt":{"rendered":"<p>Em dezembro de 2019 o COCEPE aprovou a vers\u00e3o 8 do curr\u00edculo do Curso de Licenciatura em F\u00edsica. Assim, todos os ingressantes a partir do calend\u00e1rio 2020\/1 est\u00e3o automaticamente enquadrados nesta vers\u00e3o, considerada no sistema COBALTO como a atual do curso. As diferen\u00e7as entre as vers\u00f5es 7 e 8 do curr\u00edculo podem ser encontradas na [&hellip;]<\/p>\n","protected":false},"author":1147,"featured_media":0,"parent":0,"menu_order":0,"comment_status":"closed","ping_status":"closed","template":"","meta":{"jetpack_post_was_ever_published":false,"footnotes":""},"class_list":["post-2081","page","type-page","status-publish","hentry"],"jetpack_sharing_enabled":true,"jetpack_shortlink":"https:\/\/wp.me\/P6RZnX-xz","_links":{"self":[{"href":"https:\/\/wp.ufpel.edu.br\/fisica-licenciatura\/wp-json\/wp\/v2\/pages\/2081","targetHints":{"allow":["GET"]}}],"collection":[{"href":"https:\/\/wp.ufpel.edu.br\/fisica-licenciatura\/wp-json\/wp\/v2\/pages"}],"about":[{"href":"https:\/\/wp.ufpel.edu.br\/fisica-licenciatura\/wp-json\/wp\/v2\/types\/page"}],"author":[{"embeddable":true,"href":"https:\/\/wp.ufpel.edu.br\/fisica-licenciatura\/wp-json\/wp\/v2\/users\/1147"}],"replies":[{"embeddable":true,"href":"https:\/\/wp.ufpel.edu.br\/fisica-licenciatura\/wp-json\/wp\/v2\/comments?post=2081"}],"version-history":[{"count":4,"href":"https:\/\/wp.ufpel.edu.br\/fisica-licenciatura\/wp-json\/wp\/v2\/pages\/2081\/revisions"}],"predecessor-version":[{"id":2088,"href":"https:\/\/wp.ufpel.edu.br\/fisica-licenciatura\/wp-json\/wp\/v2\/pages\/2081\/revisions\/2088"}],"wp:attachment":[{"href":"https:\/\/wp.ufpel.edu.br\/fisica-licenciatura\/wp-json\/wp\/v2\/media?parent=2081"}],"curies":[{"name":"wp","href":"https:\/\/api.w.org\/{rel}","templated":true}]}}

TRANSIÇÃO CURRICULAR

<p style="text-align: justify">Em dezembro de 2019 o COCEPE aprovou a versão 8 do currículo do Curso de Licenciatura em Física. Assim, todos os ingressantes a partir do calendário 2020/1 estão automaticamente enquadrados nesta versão, considerada no sistema COBALTO como a atual do curso. As diferenças entre as versões 7 e 8 do currículo podem ser encontradas na aba &#8220;O CURSO&#8221; + &#8220;PROJETO PEDAGÓGICO DE CURSO&#8221;.</p>
<p style="text-align: justify">Como no momento da aprovação tínhamos discentes na versão 7 do currículo, o Colegiado definiu como Regra de Transição Curricular para a nova versão do currículo o texto que se segue, constante na seção 3.11 do novo Projeto Pedagógico do Curso (PPC):</p>
<p align="justify"><em><span style="font-family: Times New Roman, serif">&#8220;Esta proposta curricular, que passará a ser definida como currículo 8, entrará em vigor a partir do semestre letivo 2020/1. Os alunos que ingressaram no Curso em período anterior a 2020/1 (currículo 7, 3.280 horas) poderão migrar para o currículo 8, após passar pela análise do Colegiado do Curso sobre a sua viabilidade, podendo integralizar o Curso com a mesma carga horária do currículo 8, ou seja, 3.255 horas.</span></em></p>
<p align="justify"><span style="font-family: Times New Roman, serif"><em>Os alunos com ingresso anterior a 2020/1, que até o final de 2019/2 não integralizaram um total de 78 créditos de disciplinas obrigatórias do currículo 7, serão transitados para o currículo 8. Por outro lado, os alunos que permanecerem no currículo 7 terão até o encerramento do semestre letivo 2022/1 para o integralizarem totalmente. Caso não consigam, sua situação acadêmica quanto à transição curricular será analisada pelo Colegiado do Curso.</em> </span></p>
<p align="justify"><em><span style="font-family: Times New Roman, serif">A título de transição curricular, os alunos com data de ingresso no Curso anterior a 2020/1 que transitarem para o currículo 8, poderão utilizar a carga horária de 170 horas de Formação Livre no processo de integralização da carga horária total, do conjunto de componentes curriculares optativos (210 horas – 14 créditos) ou Formação Complementar (Estudos Integradores) (210 horas – 14 créditos) desse currículo, podendo esta integralização se dar de maneira concomitante. A validação das horas de Formação Livre será feita pelo Colegiado, através da CEI, usando como referência as possibilidades de atividades enquadradas como Estudos Integradores, como indicadas no apêndice I deste PPC.</span></em></p>
<p align="justify"><em><span style="font-family: Times New Roman, serif">A título de transição curricular, está mantida a regra de que os alunos com ingresso no Curso anterior a 2017/1, que cursaram as disciplinas de Fundamentos de Física (11090059) e de Matemática Elementar (11100066), poderão utilizar a sua carga horária para o cômputo da carga horária em disciplinas optativas, desde que tenham cursado as disciplinas de Física Geral A (11090055), Física Geral B (11090056), Física Geral C (11090057) e Física Geral D (11090058), todas de 6 créditos, pois dessa forma não será gerado prejuízo para a totalidade de créditos e carga horária obrigatória do currículo a que estiverem vinculados.</span></em></p>
<p align="justify"><em><span style="font-family: Times New Roman, serif">No que tange à equivalência entre componentes curriculares, além das demais equivalências indicadas no Quadro 10 a seguir, será concedida a equivalência entre as disciplinas de Física Geral A (11090055) e Física Básica I (11090032), Física Geral B (11090056) e Física Básica II (11090033), Física Geral C (11090057) e Física Básica III (11090034), e, finalmente, Física Geral D (11090058) e Física Básica IV (11090035). As equivalências acima definidas serão revistas a partir do semestre letivo 2022/1, quando poderão ser renovadas por um período definido pelo Colegiado do Curso.</span></em></p>
<p align="justify"><em><span style="font-family: Times New Roman, serif">Durante a transição curricular, os estudantes que cursaram Simulações Computacionais no Ensino de Física (11090044) e forem transitados para o currículo 8, terão o aproveitamento dessa componente curricular para a dispensa das componentes curriculares Metodologia Computacional no Ensino de Física A (11090086) e Aplicativos Computacionais para a Física (11090046), ou apenas para Metodologia Computacional no Ensino de Física A (11090086), se tiverem cursado também a componente curricular Aplicativos Computacionais para a Física (11090046).</span></em></p>
<p align="justify"><em><span style="font-family: Times New Roman, serif">Durante a transição curricular, os pré-requisitos das componentes curriculares, tanto obrigatórias quanto optativas, serão considerados de forma diferenciada.</span></em></p>
<p align="justify"><span style="font-family: Times New Roman, serif"><em>Esta proposta curricular entrará em vigor a partir de sua aprovação no COCEPE e passam a valer as regras de transição curricular.&#8221;</em> </span></p>
<p align="justify">

<p>Em dezembro de 2019 o COCEPE aprovou a versão 8 do currículo do Curso de Licenciatura em Física. Assim, todos os ingressantes a partir do calendário 2020/1 estão automaticamente enquadrados nesta versão, considerada no sistema COBALTO como a atual do curso. As diferenças entre as versões 7 e 8 do currículo podem ser encontradas na [&hellip;]</p>
