{"id":204,"date":"2015-02-06T13:34:16","date_gmt":"2015-02-06T15:34:16","guid":{"rendered":"https:\/\/wp.ufpel.edu.br\/fisica-licenciatura\/?page_id=204"},"modified":"2021-07-21T23:17:37","modified_gmt":"2021-07-22T02:17:37","slug":"matricula","status":"publish","type":"page","link":"https:\/\/wp.ufpel.edu.br\/fisica-licenciatura\/matricula\/","title":{"rendered":"MATR\u00cdCULA"},"content":{"rendered":"<h3 style=\"text-align: justify\">Defini\u00e7\u00e3o<\/h3>\n<p style=\"text-align: justify\">A matr\u00edcula nos cursos de Gradua\u00e7\u00e3o da UFPel define o v\u00ednculo dos discentes com a Universidade. O regramento da matr\u00edcula \u00e9 definido pelo Regulamento de Ensino de Gradua\u00e7\u00e3o da Universidade Federal de Pelotas, aprovado pela <a href=\"https:\/\/ccs2.ufpel.edu.br\/wp\/wp-content\/uploads\/2018\/09\/Regulamento-Ensino-de-Graduacao.pdf\">RESOLU\u00c7\u00c3O N\u00ba 29, DE 13 DE SETEMBRO DE 2018<\/a> do Conselho Coordenador do Ensino, da Pesquisa e da Extens\u00e3o (COCEPE).<\/p>\n","protected":false},"excerpt":{"rendered":"<p>Defini\u00e7\u00e3o A matr\u00edcula nos cursos de Gradua\u00e7\u00e3o da UFPel define o v\u00ednculo dos discentes com a Universidade. O regramento da matr\u00edcula \u00e9 definido pelo Regulamento de Ensino de Gradua\u00e7\u00e3o da Universidade Federal de Pelotas, aprovado pela RESOLU\u00c7\u00c3O N\u00ba 29, DE 13 DE SETEMBRO DE 2018 do Conselho Coordenador do Ensino, da Pesquisa e da Extens\u00e3o [&hellip;]<\/p>\n","protected":false},"author":366,"featured_media":0,"parent":0,"menu_order":0,"comment_status":"closed","ping_status":"closed","template":"","meta":{"jetpack_post_was_ever_published":false,"footnotes":""},"class_list":["post-204","page","type-page","status-publish","hentry"],"jetpack_sharing_enabled":true,"jetpack_shortlink":"https:\/\/wp.me\/P6RZnX-3i","_links":{"self":[{"href":"https:\/\/wp.ufpel.edu.br\/fisica-licenciatura\/wp-json\/wp\/v2\/pages\/204","targetHints":{"allow":["GET"]}}],"collection":[{"href":"https:\/\/wp.ufpel.edu.br\/fisica-licenciatura\/wp-json\/wp\/v2\/pages"}],"about":[{"href":"https:\/\/wp.ufpel.edu.br\/fisica-licenciatura\/wp-json\/wp\/v2\/types\/page"}],"author":[{"embeddable":true,"href":"https:\/\/wp.ufpel.edu.br\/fisica-licenciatura\/wp-json\/wp\/v2\/users\/366"}],"replies":[{"embeddable":true,"href":"https:\/\/wp.ufpel.edu.br\/fisica-licenciatura\/wp-json\/wp\/v2\/comments?post=204"}],"version-history":[{"count":5,"href":"https:\/\/wp.ufpel.edu.br\/fisica-licenciatura\/wp-json\/wp\/v2\/pages\/204\/revisions"}],"predecessor-version":[{"id":2005,"href":"https:\/\/wp.ufpel.edu.br\/fisica-licenciatura\/wp-json\/wp\/v2\/pages\/204\/revisions\/2005"}],"wp:attachment":[{"href":"https:\/\/wp.ufpel.edu.br\/fisica-licenciatura\/wp-json\/wp\/v2\/media?parent=204"}],"curies":[{"name":"wp","href":"https:\/\/api.w.org\/{rel}","templated":true}]}}