{"id":2015,"date":"2021-07-21T23:27:30","date_gmt":"2021-07-22T02:27:30","guid":{"rendered":"https:\/\/wp.ufpel.edu.br\/fisica-licenciatura\/?page_id=2015"},"modified":"2021-07-21T23:27:30","modified_gmt":"2021-07-22T02:27:30","slug":"cancelamento-de-matricula","status":"publish","type":"page","link":"https:\/\/wp.ufpel.edu.br\/fisica-licenciatura\/cancelamento-de-matricula\/","title":{"rendered":"Cancelamento de matr\u00edcula"},"content":{"rendered":"<h3><b>Defini\u00e7\u00e3o<\/b><\/h3>\n<p style=\"text-align: justify\">O cancelamento de matr\u00edcula \u00e9 destinado ao discente que n\u00e3o pretende manter o seu v\u00ednculo com a UFPel.<\/p>\n<h3><b>Como Solicitar<\/b><\/h3>\n<p style=\"text-align: justify\">O cancelamento deve ser solicitado pela central de atendimento, na p\u00e1gina <a href=\"https:\/\/atendimento.ufpel.edu.br\/\">https:\/\/atendimento.ufpel.edu.br\/<\/a>. O discente precisa enviar \u00e0 CRA o requerimento de cancelamento de matr\u00edcula preenchido e assinado, acompanhado da c\u00f3pia digitalizada do seu documento de identifica\u00e7\u00e3o.<\/p>\n<p>Caso seja necess\u00e1rio, o comprovante de cancelamento pode ser solicitado junto ao cancelamento da matr\u00edcula.<\/p>\n<p>Para maiores informa\u00e7\u00f5es, <a href=\"https:\/\/wp.ufpel.edu.br\/cra\/cancelamento-de-matricula\/\">consulte o site do CRA<\/a>.<\/p>\n<p>&nbsp;<\/p>\n","protected":false},"excerpt":{"rendered":"<p>Defini\u00e7\u00e3o O cancelamento de matr\u00edcula \u00e9 destinado ao discente que n\u00e3o pretende manter o seu v\u00ednculo com a UFPel. Como Solicitar O cancelamento deve ser solicitado pela central de atendimento, na p\u00e1gina https:\/\/atendimento.ufpel.edu.br\/. O discente precisa enviar \u00e0 CRA o requerimento de cancelamento de matr\u00edcula preenchido e assinado, acompanhado da c\u00f3pia digitalizada do seu documento [&hellip;]<\/p>\n","protected":false},"author":1147,"featured_media":0,"parent":0,"menu_order":0,"comment_status":"closed","ping_status":"closed","template":"","meta":{"jetpack_post_was_ever_published":false,"footnotes":""},"class_list":["post-2015","page","type-page","status-publish","hentry"],"jetpack_sharing_enabled":true,"jetpack_shortlink":"https:\/\/wp.me\/P6RZnX-wv","_links":{"self":[{"href":"https:\/\/wp.ufpel.edu.br\/fisica-licenciatura\/wp-json\/wp\/v2\/pages\/2015","targetHints":{"allow":["GET"]}}],"collection":[{"href":"https:\/\/wp.ufpel.edu.br\/fisica-licenciatura\/wp-json\/wp\/v2\/pages"}],"about":[{"href":"https:\/\/wp.ufpel.edu.br\/fisica-licenciatura\/wp-json\/wp\/v2\/types\/page"}],"author":[{"embeddable":true,"href":"https:\/\/wp.ufpel.edu.br\/fisica-licenciatura\/wp-json\/wp\/v2\/users\/1147"}],"replies":[{"embeddable":true,"href":"https:\/\/wp.ufpel.edu.br\/fisica-licenciatura\/wp-json\/wp\/v2\/comments?post=2015"}],"version-history":[{"count":1,"href":"https:\/\/wp.ufpel.edu.br\/fisica-licenciatura\/wp-json\/wp\/v2\/pages\/2015\/revisions"}],"predecessor-version":[{"id":2017,"href":"https:\/\/wp.ufpel.edu.br\/fisica-licenciatura\/wp-json\/wp\/v2\/pages\/2015\/revisions\/2017"}],"wp:attachment":[{"href":"https:\/\/wp.ufpel.edu.br\/fisica-licenciatura\/wp-json\/wp\/v2\/media?parent=2015"}],"curies":[{"name":"wp","href":"https:\/\/api.w.org\/{rel}","templated":true}]}}