{"id":201,"date":"2015-02-06T13:33:21","date_gmt":"2015-02-06T15:33:21","guid":{"rendered":"https:\/\/wp.ufpel.edu.br\/fisica-licenciatura\/?page_id=201"},"modified":"2015-02-06T13:33:21","modified_gmt":"2015-02-06T15:33:21","slug":"regime-academico","status":"publish","type":"page","link":"https:\/\/wp.ufpel.edu.br\/fisica-licenciatura\/regime-academico\/","title":{"rendered":"REGIME ACAD\u00caMICO"},"content":{"rendered":"<p style=\"text-align: justify\"><span style=\"font-family: georgia,palatino;font-size: 12pt;color: #000000\">Art. 9\u00ba. Para fins de matr\u00edcula e de acompanhamento acad\u00eamico, a Universidade Federal de Pelotas admitir\u00e1 os seguintes regimes:<\/span><\/p>\n<p><span style=\"font-family: georgia,palatino;font-size: 12pt;color: #000000\">I &#8211; o Regime Acad\u00eamico Seriado;<\/span><\/p>\n<p><span style=\"font-family: georgia,palatino;font-size: 12pt;color: #000000\">II &#8211; o Regime Acad\u00eamico por Atividades Curriculares.<\/span><\/p>\n<p style=\"text-align: justify\"><span style=\"font-family: georgia,palatino;font-size: 12pt;color: #000000\">\u00a7 1\u00ba. O Regime Acad\u00eamico Seriado caracteriza-se pela matr\u00edcula, em cada per\u00edodo letivo, em um conjunto de atividades curriculares definido no projeto pedag\u00f3gico de curso.<\/span><\/p>\n<p style=\"text-align: justify\"><span style=\"font-family: georgia,palatino;font-size: 12pt;color: #000000\">\u00a7 2\u00ba. O Regime Acad\u00eamico por Atividades Curriculares caracteriza-se pela matr\u00edcula em atividades curriculares independentes, observados os crit\u00e9rios e requisitos necess\u00e1rios e constantes do projeto pedag\u00f3gico de curso.<\/span><\/p>\n<p style=\"text-align: justify\"><span style=\"font-family: georgia,palatino;font-size: 12pt;color: #000000\">\u00a7 3\u00ba. O Curso que optar pelo regime acad\u00eamico por atividades curriculares dever\u00e1 estabelecer, de acordo com o projeto pedag\u00f3gico de curso, um conjunto m\u00ednimo de atividades curriculares a serem cursadas sequencialmente, a fim de garantir uma s\u00f3lida forma\u00e7\u00e3o acad\u00eamico-profissional, sem comprometer a aquisi\u00e7\u00e3o das habilidades e compet\u00eancias necess\u00e1rias ao perfil profissional do egresso.<\/span><\/p>\n<p style=\"text-align: justify\"><span style=\"font-family: georgia,palatino;font-size: 12pt;color: #000000\">\u00a7 4\u00ba. Para o Curso optar pelo regime acad\u00eamico por atividades curriculares dever\u00e1 obter aprova\u00e7\u00e3o em todas as inst\u00e2ncias deliberativas da Unidade Acad\u00eamica \u00e0 qual esteja vinculado, bem como pelo COCEPE.<\/span><\/p>\n<p style=\"text-align: justify\"><span style=\"font-family: georgia,palatino;font-size: 12pt;color: #000000\">\u00a7 5\u00ba. Se o regime acad\u00eamico adotado pelo curso for por Atividades Curriculares poder\u00e1 o discente construir o seu percurso acad\u00eamico desde que obede\u00e7a aos crit\u00e9rios e aos requisitos previstos no projeto pedag\u00f3gico de curso.<\/span><\/p>\n<p><span style=\"font-size: 12pt;color: #000000\">\u00a0<\/span><\/p>\n<p style=\"text-align: right\"><span style=\"font-family: georgia,palatino;font-size: 12pt;color: #000000\">Fonte: REGULAMENTO DO ENSINO DE GRADUA\u00c7\u00c3O NA UFPEL<\/span><\/p>\n","protected":false},"excerpt":{"rendered":"<p>Art. 9\u00ba. Para fins de matr\u00edcula e de acompanhamento acad\u00eamico, a Universidade Federal de Pelotas admitir\u00e1 os seguintes regimes: I &#8211; o Regime Acad\u00eamico Seriado; II &#8211; o Regime Acad\u00eamico por Atividades Curriculares. \u00a7 1\u00ba. O Regime Acad\u00eamico Seriado caracteriza-se pela matr\u00edcula, em cada per\u00edodo letivo, em um conjunto de atividades curriculares definido no projeto [&hellip;]<\/p>\n","protected":false},"author":366,"featured_media":0,"parent":0,"menu_order":0,"comment_status":"closed","ping_status":"closed","template":"","meta":{"jetpack_post_was_ever_published":false,"footnotes":""},"class_list":["post-201","page","type-page","status-publish","hentry"],"jetpack_sharing_enabled":true,"jetpack_shortlink":"https:\/\/wp.me\/P6RZnX-3f","_links":{"self":[{"href":"https:\/\/wp.ufpel.edu.br\/fisica-licenciatura\/wp-json\/wp\/v2\/pages\/201","targetHints":{"allow":["GET"]}}],"collection":[{"href":"https:\/\/wp.ufpel.edu.br\/fisica-licenciatura\/wp-json\/wp\/v2\/pages"}],"about":[{"href":"https:\/\/wp.ufpel.edu.br\/fisica-licenciatura\/wp-json\/wp\/v2\/types\/page"}],"author":[{"embeddable":true,"href":"https:\/\/wp.ufpel.edu.br\/fisica-licenciatura\/wp-json\/wp\/v2\/users\/366"}],"replies":[{"embeddable":true,"href":"https:\/\/wp.ufpel.edu.br\/fisica-licenciatura\/wp-json\/wp\/v2\/comments?post=201"}],"version-history":[{"count":1,"href":"https:\/\/wp.ufpel.edu.br\/fisica-licenciatura\/wp-json\/wp\/v2\/pages\/201\/revisions"}],"predecessor-version":[{"id":202,"href":"https:\/\/wp.ufpel.edu.br\/fisica-licenciatura\/wp-json\/wp\/v2\/pages\/201\/revisions\/202"}],"wp:attachment":[{"href":"https:\/\/wp.ufpel.edu.br\/fisica-licenciatura\/wp-json\/wp\/v2\/media?parent=201"}],"curies":[{"name":"wp","href":"https:\/\/api.w.org\/{rel}","templated":true}]}}

REGIME ACADÊMICO

<p style="text-align: justify"><span style="font-family: georgia,palatino;font-size: 12pt;color: #000000">Art. 9º. Para fins de matrícula e de acompanhamento acadêmico, a Universidade Federal de Pelotas admitirá os seguintes regimes:</span></p>
<p><span style="font-family: georgia,palatino;font-size: 12pt;color: #000000">I &#8211; o Regime Acadêmico Seriado;</span></p>
<p><span style="font-family: georgia,palatino;font-size: 12pt;color: #000000">II &#8211; o Regime Acadêmico por Atividades Curriculares.</span></p>
<p style="text-align: justify"><span style="font-family: georgia,palatino;font-size: 12pt;color: #000000">§ 1º. O Regime Acadêmico Seriado caracteriza-se pela matrícula, em cada período letivo, em um conjunto de atividades curriculares definido no projeto pedagógico de curso.</span></p>
<p style="text-align: justify"><span style="font-family: georgia,palatino;font-size: 12pt;color: #000000">§ 2º. O Regime Acadêmico por Atividades Curriculares caracteriza-se pela matrícula em atividades curriculares independentes, observados os critérios e requisitos necessários e constantes do projeto pedagógico de curso.</span></p>
<p style="text-align: justify"><span style="font-family: georgia,palatino;font-size: 12pt;color: #000000">§ 3º. O Curso que optar pelo regime acadêmico por atividades curriculares deverá estabelecer, de acordo com o projeto pedagógico de curso, um conjunto mínimo de atividades curriculares a serem cursadas sequencialmente, a fim de garantir uma sólida formação acadêmico-profissional, sem comprometer a aquisição das habilidades e competências necessárias ao perfil profissional do egresso.</span></p>
<p style="text-align: justify"><span style="font-family: georgia,palatino;font-size: 12pt;color: #000000">§ 4º. Para o Curso optar pelo regime acadêmico por atividades curriculares deverá obter aprovação em todas as instâncias deliberativas da Unidade Acadêmica à qual esteja vinculado, bem como pelo COCEPE.</span></p>
<p style="text-align: justify"><span style="font-family: georgia,palatino;font-size: 12pt;color: #000000">§ 5º. Se o regime acadêmico adotado pelo curso for por Atividades Curriculares poderá o discente construir o seu percurso acadêmico desde que obedeça aos critérios e aos requisitos previstos no projeto pedagógico de curso.</span></p>
<p><span style="font-size: 12pt;color: #000000"> </span></p>
<p style="text-align: right"><span style="font-family: georgia,palatino;font-size: 12pt;color: #000000">Fonte: REGULAMENTO DO ENSINO DE GRADUAÇÃO NA UFPEL</span></p>

<p>Art. 9º. Para fins de matrícula e de acompanhamento acadêmico, a Universidade Federal de Pelotas admitirá os seguintes regimes: I &#8211; o Regime Acadêmico Seriado; II &#8211; o Regime Acadêmico por Atividades Curriculares. § 1º. O Regime Acadêmico Seriado caracteriza-se pela matrícula, em cada período letivo, em um conjunto de atividades curriculares definido no projeto [&hellip;]</p>
