{"id":1945,"date":"2021-07-18T18:37:26","date_gmt":"2021-07-18T21:37:26","guid":{"rendered":"https:\/\/wp.ufpel.edu.br\/fisica-licenciatura\/?page_id=1945"},"modified":"2024-07-25T13:42:54","modified_gmt":"2024-07-25T16:42:54","slug":"enade-2021","status":"publish","type":"page","link":"https:\/\/wp.ufpel.edu.br\/fisica-licenciatura\/enade-2021\/","title":{"rendered":"Enade 2021"},"content":{"rendered":"<p style=\"text-align: justify;\">Este ano o Curso de Licenciatura em F\u00edsica foi enquadrado como participante do Exame Nacional de Desempenho Acad\u00eamico (<strong>Enade<\/strong>), edi\u00e7\u00e3o 2021. <span dir=\"ltr\" role=\"presentation\">Originalmente previsto para 2020, em fun\u00e7\u00e3o da pandemia Covid-19, <strong>o Enade ser\u00e1 realizado no dia <\/strong><strong>14 de novembro de 2021<\/strong>, como definido pelo <a href=\"https:\/\/wp.ufpel.edu.br\/fisica-licenciatura\/files\/2021\/07\/Edital36INEP.pdf\">Edital n\u00ba 36<\/a>, de 12 de Julho de 2021, do Instituto Nacional de Estudos e Pesquisas Educacionais An\u00edsio Teixeira (Inep), e pela <a href=\"https:\/\/wp.ufpel.edu.br\/fisica-licenciatura\/files\/2021\/07\/PortariaDOU494.pdf\">Portaria n\u00ba 494<\/a>, de 8 de julho de 2021, do Ministro de Estado da Educa\u00e7\u00e3o.<\/span><\/p>\n<h4>Quem est\u00e1 habilitado para o Enade 2021?<\/h4>\n<p style=\"text-align: justify;\">No Curso de Licenciatura em F\u00edsica, s\u00e3o considerados habilitados os discentes enquadrados nas seguintes condi\u00e7\u00f5es:<\/p>\n<ul>\n<li style=\"text-align: justify;\"><strong>ingressantes:<\/strong> aqueles que tenham iniciado o respectivo curso no ano de 2021, estejam devidamente matriculados e tenham de 0 a 25% da carga hor\u00e1ria m\u00ednima do curr\u00edculo do curso integralizada at\u00e9 o \u00faltimo dia do per\u00edodo de retifica\u00e7\u00e3o de inscri\u00e7\u00f5es do Enade 2021 (29\/08\/2021);<\/li>\n<li style=\"text-align: justify;\"><strong>concluintes:<\/strong> aqueles que tenham integralizado 80% ou mais da carga hor\u00e1ria m\u00ednima do curr\u00edculo do curso definido pelas IES e n\u00e3o tenham colado grau at\u00e9 o \u00faltimo dia do per\u00edodo de retifica\u00e7\u00e3o de inscri\u00e7\u00f5es do Enade 2021 (29\/08\/2021), ou aqueles com previs\u00e3o de integraliza\u00e7\u00e3o de 100% da carga hor\u00e1ria do curso at\u00e9 julho de 2022.<\/li>\n<\/ul>\n<p style=\"text-align: justify;\">Os estudantes ingressantes habilitados, devidamente inscritos pelas IES, ficar\u00e3o dispensados da participa\u00e7\u00e3o no Enade 2021, tendo sua situa\u00e7\u00e3o de regularidade atribu\u00edda pelo INEP, conforme o item 19 do <a href=\"https:\/\/wp.ufpel.edu.br\/fisica-licenciatura\/files\/2021\/07\/Edital36INEP.pdf\">Edital <span dir=\"ltr\" role=\"presentation\">n\u00ba 36<\/span><\/a>.<\/p>\n<p style=\"text-align: justify;\">Os estudantes concluintes habilitados, devidamente inscritos pelas IES, ficam convocados para participa\u00e7\u00e3o nas etapas do Enade 2021, tendo sua regularidade atribu\u00edda, conforme item 6.2 do <a href=\"https:\/\/wp.ufpel.edu.br\/fisica-licenciatura\/files\/2021\/07\/Edital36INEP.pdf\">Edital <span dir=\"ltr\" role=\"presentation\">n\u00ba 36<\/span><\/a>.<\/p>\n<p style=\"text-align: justify;\">A inscri\u00e7\u00e3o dos estudantes ingressantes e concluintes habilitados ser\u00e1 feita pelo Coordenador do Curso, no per\u00edodo de 19\/07\/2021 a 08\/08\/2021 (at\u00e9 23h59, hor\u00e1rio de Bras\u00edlia). A r<span dir=\"ltr\" role=\"presentation\">eti<\/span><span class=\"markedContent\"><span dir=\"ltr\" role=\"presentation\">fi<\/span><\/span><span dir=\"ltr\" role=\"presentation\">ca\u00e7\u00e3o de enquadramento e de inscri\u00e7\u00f5es ser\u00e1 feita pelo Procurador Educacional Institucional e pelo Coordenador do Curso, no per\u00edodo de 09\/08\/2021 a 29\/08\/2021 (at\u00e9 23h59, hor\u00e1rio de Bras\u00edlia). <\/span><\/p>\n<p style=\"text-align: justify;\">At\u00e9 o momento o curso j\u00e1 fez a inscri\u00e7\u00e3o como <strong>concluintes habilitados<\/strong>, como definido acima, para os seguintes discentes:<\/p>\n<ul>\n<li>Gabriel Martins dos Santos<\/li>\n<li>Jo\u00e3o Paulo Cerqueira dos Santos F\u00e9lix<\/li>\n<li>Ramon Goulart da Silva<\/li>\n<li>Sarah Esther da Silva Saab<\/li>\n<li>Thiago Kurz Pedra<\/li>\n<li>Victor Braz Iturriet<\/li>\n<\/ul>\n<p style=\"text-align: justify;\"><strong>ATEN\u00c7\u00c3O:<\/strong> At\u00e9 o limite do per\u00edodo de retifica\u00e7\u00e3o de inscri\u00e7\u00f5es (29\/08\/2021) a rela\u00e7\u00e3o de ingressantes e concluintes habilitados poder\u00e1 ser alterada.<\/p>\n<h4>Quais s\u00e3o as etapas do Enade 2021 (apenas para os concluintes)?<\/h4>\n<p style=\"text-align: justify;\">Os estudantes concluintes habilitados, devidamente inscritos pelas IES, dever\u00e3o cumprir as seguintes etapas, definidas pelo <a href=\"https:\/\/wp.ufpel.edu.br\/fisica-licenciatura\/files\/2021\/07\/Edital36INEP.pdf\">Edital <span dir=\"ltr\" role=\"presentation\">n\u00ba 36<\/span><\/a>:<\/p>\n<ol>\n<li style=\"text-align: justify;\"><strong>preenchimento do cadastro do estudante (item 10):<\/strong> realizado pelo estudante no sistema Enade, dispon\u00edvel no endere\u00e7o <a href=\"http:\/\/enade.inep.gov.br\">enade.inep.gov.br<\/a>, no per\u00edodo de <strong>19\/07\/2021 a 13\/11\/2021<\/strong> (at\u00e9 as 23h59, hor\u00e1rio de Bras\u00edlia). O preenchimento do cadastro do estudante \u00e9 condi\u00e7\u00e3o para a realiza\u00e7\u00e3o das demais etapas do Enade;<\/li>\n<li style=\"text-align: justify;\"><strong>question\u00e1rio do estudante (item 12):<\/strong> instrumento de car\u00e1ter obrigat\u00f3rio, dever\u00e1 ser preenchido completamente pelos estudantes, exclusivamente no sistema Enade, dispon\u00edvel no endere\u00e7o <a href=\"http:\/\/enade.inep.gov.br\">enade.inep.gov.br<\/a>, de <strong>30\/08\/2021 a 13\/11\/2021<\/strong>;<\/li>\n<li style=\"text-align: justify;\"><strong>realiza\u00e7\u00e3o da prova (itens 13 e 14):<\/strong> instrumento de car\u00e1ter obrigat\u00f3rio, o estudante realizar\u00e1 a <strong>prova de forma presencial<\/strong> no munic\u00edpio de funcionamento do curso, no caso <strong>Cap\u00e3o do Le\u00e3o, RS<\/strong>, no <strong>dia 14\/11\/2021<\/strong>. A prova ter\u00e1 dura\u00e7\u00e3o m\u00e1xima de 4 horas, com <strong>in\u00edcio as 13h30 e t\u00e9rmino as 17h30<\/strong>. Os port\u00f5es do local de prova se abrem as 12h, com fechamento as 13h.<\/li>\n<\/ol>\n<p style=\"text-align: justify;\">Para auxiliar os estudantes, um pequeno tutorial para as etapas que precedem \u00e0 realiza\u00e7\u00e3o da prova do dia 14\/11\/2021 pode ser encontrada <a href=\"https:\/\/wp.ufpel.edu.br\/fisica-licenciatura\/files\/2021\/07\/ENADE2021_tutorialEstudanteConcluinte.pdf\">neste link<\/a>.<\/p>\n<p style=\"text-align: justify;\"><strong>\u00c9 importante ressaltar que o tutorial acima n\u00e3o substitui a leitura completa<\/strong> <strong>do<\/strong> <a href=\"https:\/\/wp.ufpel.edu.br\/fisica-licenciatura\/files\/2021\/07\/Edital36INEP.pdf\">Edital <span dir=\"ltr\" role=\"presentation\">n\u00ba 36<\/span><\/a>. <span dir=\"ltr\" role=\"presentation\"> Antes de efetuar qualquer a\u00e7\u00e3o, os estudantes concluintes habilitados dever\u00e3o ler o Edital, <\/span><span dir=\"ltr\" role=\"presentation\">os anexos e os atos normativos nele mencionados, para tomarem ci\u00eancia de todas as condi\u00e7\u00f5es neles <\/span><span dir=\"ltr\" role=\"presentation\">estabelecidas e certi<\/span><span class=\"markedContent\"><span dir=\"ltr\" role=\"presentation\">fi<\/span><\/span><span dir=\"ltr\" role=\"presentation\">carem-se de que preenchem todos os requisitos para o Enade 2021.<\/span><\/p>\n<h4>Diretrizes para a prova Enade 2021<\/h4>\n<p style=\"text-align: justify;\">O Instituto Nacional de Estudo Educacionais An\u00edsio Teixeira (INEP) publicou no dia 23\/08\/2021 as <strong>Portarias No 386 e 405<\/strong>, que disp\u00f5em sobre <strong>diretrizes de prova, componentes de forma\u00e7\u00e3o geral\u00a0 e componentes espec\u00edficos da \u00e1rea de F\u00edsica<\/strong>, modalidade Licenciatura, no \u00e2mbito do Exame Nacional de Desempenho dos Estudantes (Enade), edi\u00e7\u00e3o 2021. A prova, que ser\u00e1 realizada de forma presencial no dia 14\/11\/2021 no Campus Cap\u00e3o do Le\u00e3o, ter\u00e1 dura\u00e7\u00e3o de 04 (quatro) horas, sendo constitu\u00edda pelo componente de Forma\u00e7\u00e3o Geral, comum a todas as \u00e1reas, e pelo componente espec\u00edfico de cada \u00e1rea.<\/p>\n<p style=\"text-align: justify;\">Nos links abaixo disponibilizamos as Portarias No 385 e 405, relativas aos componentes de Forma\u00e7\u00e3o Geral e espec\u00edficos da \u00e1rea de F\u00edsica, que devem ser lidas por todos os discentes inscritos como concluintes na edi\u00e7\u00e3o Enade 2021:<\/p>\n<ul>\n<li><a href=\"https:\/\/www.in.gov.br\/en\/web\/dou\/-\/portaria-n-386-de-23-de-agosto-de-2021-340157960\">PORTARIA N\u00ba 386, DE 23 DE AGOSTO DE 2021: Forma\u00e7\u00e3o Geral<\/a><\/li>\n<li><a href=\"https:\/\/wp.ufpel.edu.br\/fisica-licenciatura\/files\/2021\/08\/Fisica-licenciatura-PORTARIA-No-405-DE-23-DE-AGOSTO-DE-2021.pdf\">PORTARIA N\u00ba 405, DE 23 DE AGOSTO DE 2021: componente espec\u00edfico da \u00e1rea de F\u00edsica<\/a><\/li>\n<\/ul>\n<h4>Material de divulga\u00e7\u00e3o e apoio ao estudante<\/h4>\n<p style=\"text-align: justify;\">Nesta p\u00e1gina oferecemos os materiais de divulga\u00e7\u00e3o do <strong>Enade 2021<\/strong>, voltados para o apoio aos discentes que far\u00e3o as etapas fixadas pelo <a href=\"https:\/\/wp.ufpel.edu.br\/fisica-licenciatura\/files\/2021\/07\/Edital36INEP.pdf\">Edital Enade 36<\/a> (exclu\u00eddos os ingressantes 2021\/1):<\/p>\n<ul>\n<li><a href=\"https:\/\/wp.ufpel.edu.br\/cpi\/files\/2021\/07\/Primeiro-Acesso-ao-Sistema-Enade-Estudante.pdf\">Tutorial de primeiro acesso ao Sistema Enade e autentica\u00e7\u00e3o gov.br<\/a><\/li>\n<li><a href=\"https:\/\/wp.ufpel.edu.br\/cpi\/files\/2021\/08\/Enade-2021-Manual-Auxiliar-do-Estudante.pdf\">Manual auxiliar do estudante &#8211; Enade 2021<\/a><\/li>\n<li><a href=\"https:\/\/wp.ufpel.edu.br\/cpi\/files\/2021\/08\/Cartaz_ENADE-2021END-rev02.pdf\">Cartaz de divulga\u00e7\u00e3o do Enade 2021<\/a><\/li>\n<\/ul>\n","protected":false},"excerpt":{"rendered":"<p>Este ano o Curso de Licenciatura em F\u00edsica foi enquadrado como participante do Exame Nacional de Desempenho Acad\u00eamico (Enade), edi\u00e7\u00e3o 2021. Originalmente previsto para 2020, em fun\u00e7\u00e3o da pandemia Covid-19, o Enade ser\u00e1 realizado no dia 14 de novembro de 2021, como definido pelo Edital n\u00ba 36, de 12 de Julho de 2021, do Instituto [&hellip;]<\/p>\n","protected":false},"author":1147,"featured_media":0,"parent":0,"menu_order":0,"comment_status":"closed","ping_status":"closed","template":"","meta":{"jetpack_post_was_ever_published":false,"footnotes":""},"class_list":["post-1945","page","type-page","status-publish","hentry"],"jetpack_sharing_enabled":true,"jetpack_shortlink":"https:\/\/wp.me\/P6RZnX-vn","_links":{"self":[{"href":"https:\/\/wp.ufpel.edu.br\/fisica-licenciatura\/wp-json\/wp\/v2\/pages\/1945","targetHints":{"allow":["GET"]}}],"collection":[{"href":"https:\/\/wp.ufpel.edu.br\/fisica-licenciatura\/wp-json\/wp\/v2\/pages"}],"about":[{"href":"https:\/\/wp.ufpel.edu.br\/fisica-licenciatura\/wp-json\/wp\/v2\/types\/page"}],"author":[{"embeddable":true,"href":"https:\/\/wp.ufpel.edu.br\/fisica-licenciatura\/wp-json\/wp\/v2\/users\/1147"}],"replies":[{"embeddable":true,"href":"https:\/\/wp.ufpel.edu.br\/fisica-licenciatura\/wp-json\/wp\/v2\/comments?post=1945"}],"version-history":[{"count":30,"href":"https:\/\/wp.ufpel.edu.br\/fisica-licenciatura\/wp-json\/wp\/v2\/pages\/1945\/revisions"}],"predecessor-version":[{"id":2937,"href":"https:\/\/wp.ufpel.edu.br\/fisica-licenciatura\/wp-json\/wp\/v2\/pages\/1945\/revisions\/2937"}],"wp:attachment":[{"href":"https:\/\/wp.ufpel.edu.br\/fisica-licenciatura\/wp-json\/wp\/v2\/media?parent=1945"}],"curies":[{"name":"wp","href":"https:\/\/api.w.org\/{rel}","templated":true}]}}