{"id":18,"date":"2015-02-04T11:02:15","date_gmt":"2015-02-04T13:02:15","guid":{"rendered":"https:\/\/wp.ufpel.edu.br\/fisica-licenciatura\/?page_id=18"},"modified":"2024-09-06T16:21:33","modified_gmt":"2024-09-06T19:21:33","slug":"contato","status":"publish","type":"page","link":"https:\/\/wp.ufpel.edu.br\/fisica-licenciatura\/contato\/","title":{"rendered":"CONTATO"},"content":{"rendered":"<address>\u00a0<\/address>\n<address><span style=\"font-family: arial, helvetica, sans-serif; font-size: 10pt; color: #000000;\"><strong>Coordenador:<\/strong> Prof. Dr. Alexandre Diehl<br \/>\n<\/span><\/address>\n<address><span style=\"font-family: arial, helvetica, sans-serif;\">\u00a0<\/span><\/address>\n<address><span style=\"font-family: arial, helvetica, sans-serif; font-size: 10pt; color: #000000;\"><strong>Secret\u00e1rio: <\/strong>Michael Goldas<\/span><\/address>\n<address><span style=\"font-family: arial, helvetica, sans-serif;\">\u00a0<\/span><\/address>\n<address><span style=\"font-family: arial, helvetica, sans-serif; font-size: 10pt; color: #000000;\">Telefone: (53) 3275-7375<\/span><\/address>\n<address><span style=\"font-family: arial, helvetica, sans-serif;\">\u00a0<\/span><\/address>\n<address><span style=\"font-family: arial, helvetica, sans-serif; font-size: 10pt; color: #000000;\">E-mail: <\/span><span style=\"font-family: arial, helvetica, sans-serif; font-size: 10pt; color: #000000;\"><span style=\"color: #0000ff;\">cclf@ufpel.edu.br<\/span><\/span><\/address>\n<address><span style=\"font-family: arial, helvetica, sans-serif; font-size: 10pt; color: #000000;\"><span style=\"color: #0000ff;\">\u00a0 \u00a0 \u00a0 \u00a0 \u00a0 \u00a0 cclfisica@gmail.com<\/span><\/span><\/address>\n<address><span style=\"font-family: arial, helvetica, sans-serif;\">\u00a0<\/span><\/address>\n<address><span style=\"font-family: arial, helvetica, sans-serif; font-size: 10pt; color: #000000;\">Localiza\u00e7\u00e3o: sala 335 , pr\u00e9dio 05 \u2013 Campus Cap\u00e3o do Le\u00e3o<\/span><\/address>\n<address>\u00a0<\/address>\n<address>\u00a0 <img class=\"alignnone wp-image-1109 size-large\" src=\"https:\/\/wp.ufpel.edu.br\/fisica-licenciatura\/files\/2015\/02\/Facebook2-1024x240.jpg\" alt=\"\" width=\"1024\" height=\"240\" srcset=\"https:\/\/wp.ufpel.edu.br\/fisica-licenciatura\/files\/2015\/02\/Facebook2-1024x240.jpg 1024w, https:\/\/wp.ufpel.edu.br\/fisica-licenciatura\/files\/2015\/02\/Facebook2-400x94.jpg 400w, https:\/\/wp.ufpel.edu.br\/fisica-licenciatura\/files\/2015\/02\/Facebook2-768x180.jpg 768w, https:\/\/wp.ufpel.edu.br\/fisica-licenciatura\/files\/2015\/02\/Facebook2.jpg 1492w\" sizes=\"(max-width: 1024px) 100vw, 1024px\" \/><\/address>\n<address><span style=\"font-family: arial, helvetica, sans-serif; font-size: 10pt;\"><span style=\"color: #000000;\"><strong>Facebook:<\/strong><\/span><a href=\"https:\/\/www.facebook.com\/F%C3%ADsica-UFPel-440879366000264\/\" target=\"_blank\" rel=\"noopener noreferrer\"><span style=\"text-decoration: underline; color: #0000ff;\"> https:\/\/www.facebook.com\/F\u00edsica-UFPel-440879366000264\/<\/span><\/a><\/span><\/address>\n","protected":false},"excerpt":{"rendered":"<p>\u00a0 Coordenador: Prof. Dr. Alexandre Diehl \u00a0 Secret\u00e1rio: Michael Goldas \u00a0 Telefone: (53) 3275-7375 \u00a0 E-mail: cclf@ufpel.edu.br \u00a0 \u00a0 \u00a0 \u00a0 \u00a0 \u00a0 cclfisica@gmail.com \u00a0 Localiza\u00e7\u00e3o: sala 335 , pr\u00e9dio 05 \u2013 Campus Cap\u00e3o do Le\u00e3o \u00a0 \u00a0 Facebook: https:\/\/www.facebook.com\/F\u00edsica-UFPel-440879366000264\/<\/p>\n","protected":false},"author":366,"featured_media":0,"parent":0,"menu_order":0,"comment_status":"closed","ping_status":"closed","template":"","meta":{"jetpack_post_was_ever_published":false,"footnotes":""},"class_list":["post-18","page","type-page","status-publish","hentry"],"jetpack_sharing_enabled":true,"jetpack_shortlink":"https:\/\/wp.me\/P6RZnX-i","_links":{"self":[{"href":"https:\/\/wp.ufpel.edu.br\/fisica-licenciatura\/wp-json\/wp\/v2\/pages\/18","targetHints":{"allow":["GET"]}}],"collection":[{"href":"https:\/\/wp.ufpel.edu.br\/fisica-licenciatura\/wp-json\/wp\/v2\/pages"}],"about":[{"href":"https:\/\/wp.ufpel.edu.br\/fisica-licenciatura\/wp-json\/wp\/v2\/types\/page"}],"author":[{"embeddable":true,"href":"https:\/\/wp.ufpel.edu.br\/fisica-licenciatura\/wp-json\/wp\/v2\/users\/366"}],"replies":[{"embeddable":true,"href":"https:\/\/wp.ufpel.edu.br\/fisica-licenciatura\/wp-json\/wp\/v2\/comments?post=18"}],"version-history":[{"count":30,"href":"https:\/\/wp.ufpel.edu.br\/fisica-licenciatura\/wp-json\/wp\/v2\/pages\/18\/revisions"}],"predecessor-version":[{"id":3103,"href":"https:\/\/wp.ufpel.edu.br\/fisica-licenciatura\/wp-json\/wp\/v2\/pages\/18\/revisions\/3103"}],"wp:attachment":[{"href":"https:\/\/wp.ufpel.edu.br\/fisica-licenciatura\/wp-json\/wp\/v2\/media?parent=18"}],"curies":[{"name":"wp","href":"https:\/\/api.w.org\/{rel}","templated":true}]}}