{"id":3211,"date":"2022-08-11T16:53:24","date_gmt":"2022-08-11T19:53:24","guid":{"rendered":"https:\/\/wp.ufpel.edu.br\/filosofiaead\/?page_id=3211"},"modified":"2022-09-09T11:11:22","modified_gmt":"2022-09-09T14:11:22","slug":"sao-sepe","status":"publish","type":"page","link":"https:\/\/wp.ufpel.edu.br\/filosofiaead\/polos\/sao-sepe\/","title":{"rendered":"S\u00c3O SEP\u00c9"},"content":{"rendered":"<p><strong>POLO S\u00c3O SEP\u00c9<\/strong><\/p>\n<p><strong>Endere\u00e7o<\/strong><br \/>\nRua Coronel Ver\u00edssimo, 1400<br \/>\nCentro<br \/>\nS\u00e3o Sep\u00e9 &#8211; RS<br \/>\nCEP: 97340000<\/p>\n<p><strong>Telefone<\/strong><br \/>\n(55) 3233.1924<\/p>\n<p><strong>E-mail<\/strong><br \/>\nsmec.pedagogico@gmail.com<\/p>\n","protected":false},"excerpt":{"rendered":"<p>POLO S\u00c3O SEP\u00c9 Endere\u00e7o Rua Coronel Ver\u00edssimo, 1400 Centro S\u00e3o Sep\u00e9 &#8211; RS CEP: 97340000 Telefone (55) 3233.1924 E-mail smec.pedagogico@gmail.com<\/p>\n","protected":false},"author":1247,"featured_media":0,"parent":3174,"menu_order":0,"comment_status":"closed","ping_status":"closed","template":"","meta":{"jetpack_post_was_ever_published":false,"footnotes":""},"class_list":["post-3211","page","type-page","status-publish","hentry"],"jetpack_sharing_enabled":true,"jetpack_shortlink":"https:\/\/wp.me\/P6RZ2P-PN","publishpress_future_action":{"enabled":false,"date":"2026-04-23 03:38:14","action":"change-status","newStatus":"draft","terms":[],"taxonomy":"","extraData":[]},"publishpress_future_workflow_manual_trigger":{"enabledWorkflows":[]},"_links":{"self":[{"href":"https:\/\/wp.ufpel.edu.br\/filosofiaead\/wp-json\/wp\/v2\/pages\/3211","targetHints":{"allow":["GET"]}}],"collection":[{"href":"https:\/\/wp.ufpel.edu.br\/filosofiaead\/wp-json\/wp\/v2\/pages"}],"about":[{"href":"https:\/\/wp.ufpel.edu.br\/filosofiaead\/wp-json\/wp\/v2\/types\/page"}],"author":[{"embeddable":true,"href":"https:\/\/wp.ufpel.edu.br\/filosofiaead\/wp-json\/wp\/v2\/users\/1247"}],"replies":[{"embeddable":true,"href":"https:\/\/wp.ufpel.edu.br\/filosofiaead\/wp-json\/wp\/v2\/comments?post=3211"}],"version-history":[{"count":4,"href":"https:\/\/wp.ufpel.edu.br\/filosofiaead\/wp-json\/wp\/v2\/pages\/3211\/revisions"}],"predecessor-version":[{"id":3463,"href":"https:\/\/wp.ufpel.edu.br\/filosofiaead\/wp-json\/wp\/v2\/pages\/3211\/revisions\/3463"}],"up":[{"embeddable":true,"href":"https:\/\/wp.ufpel.edu.br\/filosofiaead\/wp-json\/wp\/v2\/pages\/3174"}],"wp:attachment":[{"href":"https:\/\/wp.ufpel.edu.br\/filosofiaead\/wp-json\/wp\/v2\/media?parent=3211"}],"curies":[{"name":"wp","href":"https:\/\/api.w.org\/{rel}","templated":true}]}}