{"id":3201,"date":"2022-08-11T16:51:33","date_gmt":"2022-08-11T19:51:33","guid":{"rendered":"https:\/\/wp.ufpel.edu.br\/filosofiaead\/?page_id=3201"},"modified":"2022-09-09T11:02:23","modified_gmt":"2022-09-09T14:02:23","slug":"santa-vitoria-do-palmar","status":"publish","type":"page","link":"https:\/\/wp.ufpel.edu.br\/filosofiaead\/polos\/santa-vitoria-do-palmar\/","title":{"rendered":"SANTA VIT\u00d3RIA DO PALMAR"},"content":{"rendered":"<p><strong>POLO SANTA VIT\u00d3RIA DO PALMAR<\/strong><\/p>\n<p><strong>Endere\u00e7o<\/strong><br \/>\nRua General Os\u00f3rio<br \/>\nDonatos<br \/>\nSanta Vit\u00f3ria do Palmar &#8211; RS<br \/>\nCEP: 96230000<\/p>\n<p><strong>Telefone<\/strong><br \/>\n(53) 3263.4360<\/p>\n<p><strong>E-mail<\/strong><br \/>\npolosvp@hotmail.com<\/p>\n","protected":false},"excerpt":{"rendered":"<p>POLO SANTA VIT\u00d3RIA DO PALMAR Endere\u00e7o Rua General Os\u00f3rio Donatos Santa Vit\u00f3ria do Palmar &#8211; RS CEP: 96230000 Telefone (53) 3263.4360 E-mail polosvp@hotmail.com<\/p>\n","protected":false},"author":1247,"featured_media":0,"parent":3174,"menu_order":0,"comment_status":"closed","ping_status":"closed","template":"","meta":{"jetpack_post_was_ever_published":false,"footnotes":""},"class_list":["post-3201","page","type-page","status-publish","hentry"],"jetpack_sharing_enabled":true,"jetpack_shortlink":"https:\/\/wp.me\/P6RZ2P-PD","publishpress_future_action":{"enabled":false,"date":"2026-04-23 21:02:01","action":"change-status","newStatus":"draft","terms":[],"taxonomy":"","extraData":[]},"publishpress_future_workflow_manual_trigger":{"enabledWorkflows":[]},"_links":{"self":[{"href":"https:\/\/wp.ufpel.edu.br\/filosofiaead\/wp-json\/wp\/v2\/pages\/3201","targetHints":{"allow":["GET"]}}],"collection":[{"href":"https:\/\/wp.ufpel.edu.br\/filosofiaead\/wp-json\/wp\/v2\/pages"}],"about":[{"href":"https:\/\/wp.ufpel.edu.br\/filosofiaead\/wp-json\/wp\/v2\/types\/page"}],"author":[{"embeddable":true,"href":"https:\/\/wp.ufpel.edu.br\/filosofiaead\/wp-json\/wp\/v2\/users\/1247"}],"replies":[{"embeddable":true,"href":"https:\/\/wp.ufpel.edu.br\/filosofiaead\/wp-json\/wp\/v2\/comments?post=3201"}],"version-history":[{"count":4,"href":"https:\/\/wp.ufpel.edu.br\/filosofiaead\/wp-json\/wp\/v2\/pages\/3201\/revisions"}],"predecessor-version":[{"id":3453,"href":"https:\/\/wp.ufpel.edu.br\/filosofiaead\/wp-json\/wp\/v2\/pages\/3201\/revisions\/3453"}],"up":[{"embeddable":true,"href":"https:\/\/wp.ufpel.edu.br\/filosofiaead\/wp-json\/wp\/v2\/pages\/3174"}],"wp:attachment":[{"href":"https:\/\/wp.ufpel.edu.br\/filosofiaead\/wp-json\/wp\/v2\/media?parent=3201"}],"curies":[{"name":"wp","href":"https:\/\/api.w.org\/{rel}","templated":true}]}}