{"id":3197,"date":"2022-08-11T16:56:20","date_gmt":"2022-08-11T19:56:20","guid":{"rendered":"https:\/\/wp.ufpel.edu.br\/filosofiaead\/?page_id=3197"},"modified":"2022-09-09T10:55:18","modified_gmt":"2022-09-09T13:55:18","slug":"santana-da-boa-vista","status":"publish","type":"page","link":"https:\/\/wp.ufpel.edu.br\/filosofiaead\/polos\/santana-da-boa-vista\/","title":{"rendered":"SANTANA DA BOA VISTA"},"content":{"rendered":"<p><strong>POLO SANTANA DA BOA VISTA<\/strong><\/p>\n<p><strong>Endere\u00e7o<\/strong><br \/>\nRua Apar\u00edcio Freitas<br \/>\nNossa Senhora do Ros\u00e1rio<br \/>\nSantana da Boa Vista &#8211; RS<br \/>\nCEP: 96590-000<\/p>\n<p><strong>Telefone<\/strong><br \/>\n(53) 32581045<\/p>\n<p><strong>E-mail<\/strong><br \/>\npolosbv@gmail.com<\/p>\n","protected":false},"excerpt":{"rendered":"<p>POLO SANTANA DA BOA VISTA Endere\u00e7o Rua Apar\u00edcio Freitas Nossa Senhora do Ros\u00e1rio Santana da Boa Vista &#8211; RS CEP: 96590-000 Telefone (53) 32581045 E-mail polosbv@gmail.com<\/p>\n","protected":false},"author":1247,"featured_media":0,"parent":3174,"menu_order":0,"comment_status":"closed","ping_status":"closed","template":"","meta":{"jetpack_post_was_ever_published":false,"footnotes":""},"class_list":["post-3197","page","type-page","status-publish","hentry"],"jetpack_sharing_enabled":true,"jetpack_shortlink":"https:\/\/wp.me\/P6RZ2P-Pz","publishpress_future_action":{"enabled":false,"date":"2026-04-24 20:05:15","action":"change-status","newStatus":"draft","terms":[],"taxonomy":"","extraData":[]},"publishpress_future_workflow_manual_trigger":{"enabledWorkflows":[]},"_links":{"self":[{"href":"https:\/\/wp.ufpel.edu.br\/filosofiaead\/wp-json\/wp\/v2\/pages\/3197","targetHints":{"allow":["GET"]}}],"collection":[{"href":"https:\/\/wp.ufpel.edu.br\/filosofiaead\/wp-json\/wp\/v2\/pages"}],"about":[{"href":"https:\/\/wp.ufpel.edu.br\/filosofiaead\/wp-json\/wp\/v2\/types\/page"}],"author":[{"embeddable":true,"href":"https:\/\/wp.ufpel.edu.br\/filosofiaead\/wp-json\/wp\/v2\/users\/1247"}],"replies":[{"embeddable":true,"href":"https:\/\/wp.ufpel.edu.br\/filosofiaead\/wp-json\/wp\/v2\/comments?post=3197"}],"version-history":[{"count":4,"href":"https:\/\/wp.ufpel.edu.br\/filosofiaead\/wp-json\/wp\/v2\/pages\/3197\/revisions"}],"predecessor-version":[{"id":3449,"href":"https:\/\/wp.ufpel.edu.br\/filosofiaead\/wp-json\/wp\/v2\/pages\/3197\/revisions\/3449"}],"up":[{"embeddable":true,"href":"https:\/\/wp.ufpel.edu.br\/filosofiaead\/wp-json\/wp\/v2\/pages\/3174"}],"wp:attachment":[{"href":"https:\/\/wp.ufpel.edu.br\/filosofiaead\/wp-json\/wp\/v2\/media?parent=3197"}],"curies":[{"name":"wp","href":"https:\/\/api.w.org\/{rel}","templated":true}]}}