{"id":2881,"date":"2022-06-13T11:30:26","date_gmt":"2022-06-13T14:30:26","guid":{"rendered":"https:\/\/wp.ufpel.edu.br\/filosofiaead\/?page_id=2881"},"modified":"2022-07-15T10:29:03","modified_gmt":"2022-07-15T13:29:03","slug":"equipe","status":"publish","type":"page","link":"https:\/\/wp.ufpel.edu.br\/filosofiaead\/equipe\/","title":{"rendered":"Equipe"},"content":{"rendered":"<p><strong>Coordenadores de Curso:<\/strong> o CLFD possui um coordenador de curso e um coordenador-adjunto. Ambos os coordenadores realizam o gerenciamento das atividades do curso atrav\u00e9s das Reuni\u00f5es de Colegiado e integram o N\u00facleo Docente Estruturante (NDE). Al\u00e9m disso, coordenam as atividades de todos os demais colaboradores do curso.<\/p>\n<p><strong>Professores Formadores<\/strong>: os profissionais que atuam neste grupo s\u00e3o respons\u00e1veis pela elabora\u00e7\u00e3o e grava\u00e7\u00e3o de videoaulas, pela realiza\u00e7\u00e3o de webconfer\u00eancias, por propor atividades pedag\u00f3gicas, corrigir e publicar as notas das avalia\u00e7\u00f5es no sistema acad\u00eamico da Universidade e realizam aulas presenciais nos polos. Estes profissionais participam de atividades de capacita\u00e7\u00e3o e atuam no Colegiado do Curso e no N\u00facleo Docente Estruturante.<\/p>\n<p><strong>Tutores \u00e0 Dist\u00e2ncia:<\/strong> os tutores a dist\u00e2ncia atuam nos laborat\u00f3rios especializados do CLFD e realizam diversas atividades. Alguns, por exemplo, atuam em equipe-docentes auxiliando os professores formadores (na elabora\u00e7\u00e3o e corre\u00e7\u00e3o de tarefas), outros na grava\u00e7\u00e3o e edi\u00e7\u00e3o de videoaulas, no monitoramento de webconfer\u00eancias, na confec\u00e7\u00e3o de certificados, na publiciza\u00e7\u00e3o e organiza\u00e7\u00e3o dos eventos do curso, no acompanhamento das atividades nos ambientes virtuais de aprendizagem (oferecendo suporte aos acad\u00eamicos que tenham dificuldades na utiliza\u00e7\u00e3o destes sistemas).<\/p>\n<p><strong>Tutores Presenciais:<\/strong> cada polo de apoio presencial possui pelo menos um tutor respons\u00e1vel pelo atendimento aos acad\u00eamicos (solucionando d\u00favidas e realizando encaminhamentos aos professores e coordenadores do curso), oferecem o suporte local aos ambientes virtuais de aprendizagem, monitoram as webconfer\u00eancias semanais, realizam atividades pedag\u00f3gicas propostas pelos professores formadores, organizam e coordenam grupos de estudos e reportam as demandas dos acad\u00eamicos \u00e0 coordena\u00e7\u00e3o do curso.<\/p>\n","protected":false},"excerpt":{"rendered":"<p>Coordenadores de Curso: o CLFD possui um coordenador de curso e um coordenador-adjunto. Ambos os coordenadores realizam o gerenciamento das atividades do curso atrav\u00e9s das Reuni\u00f5es de Colegiado e integram o N\u00facleo Docente Estruturante (NDE). Al\u00e9m disso, coordenam as atividades de todos os demais colaboradores do curso. Professores Formadores: os profissionais que atuam neste grupo [&hellip;]<\/p>\n","protected":false},"author":1247,"featured_media":0,"parent":0,"menu_order":0,"comment_status":"closed","ping_status":"closed","template":"","meta":{"jetpack_post_was_ever_published":false,"footnotes":""},"class_list":["post-2881","page","type-page","status-publish","hentry"],"jetpack_sharing_enabled":true,"jetpack_shortlink":"https:\/\/wp.me\/P6RZ2P-Kt","publishpress_future_action":{"enabled":false,"date":"2026-04-22 19:09:36","action":"change-status","newStatus":"draft","terms":[],"taxonomy":"","extraData":[]},"publishpress_future_workflow_manual_trigger":{"enabledWorkflows":[]},"_links":{"self":[{"href":"https:\/\/wp.ufpel.edu.br\/filosofiaead\/wp-json\/wp\/v2\/pages\/2881","targetHints":{"allow":["GET"]}}],"collection":[{"href":"https:\/\/wp.ufpel.edu.br\/filosofiaead\/wp-json\/wp\/v2\/pages"}],"about":[{"href":"https:\/\/wp.ufpel.edu.br\/filosofiaead\/wp-json\/wp\/v2\/types\/page"}],"author":[{"embeddable":true,"href":"https:\/\/wp.ufpel.edu.br\/filosofiaead\/wp-json\/wp\/v2\/users\/1247"}],"replies":[{"embeddable":true,"href":"https:\/\/wp.ufpel.edu.br\/filosofiaead\/wp-json\/wp\/v2\/comments?post=2881"}],"version-history":[{"count":2,"href":"https:\/\/wp.ufpel.edu.br\/filosofiaead\/wp-json\/wp\/v2\/pages\/2881\/revisions"}],"predecessor-version":[{"id":2937,"href":"https:\/\/wp.ufpel.edu.br\/filosofiaead\/wp-json\/wp\/v2\/pages\/2881\/revisions\/2937"}],"wp:attachment":[{"href":"https:\/\/wp.ufpel.edu.br\/filosofiaead\/wp-json\/wp\/v2\/media?parent=2881"}],"curies":[{"name":"wp","href":"https:\/\/api.w.org\/{rel}","templated":true}]}}